{"id":113,"date":"2018-03-18T16:44:52","date_gmt":"2018-03-18T14:44:52","guid":{"rendered":"https:\/\/www.nokiankylat.fi\/kulovesi\/?page_id=113"},"modified":"2025-05-14T15:45:36","modified_gmt":"2025-05-14T12:45:36","slug":"raittiusseura","status":"publish","type":"page","link":"https:\/\/www.nokiankylat.fi\/kulovesi\/raittiusseura\/","title":{"rendered":"Raittiusseura"},"content":{"rendered":"<p><b>Raittiusseuran s\u00e4hk\u00f6postiosoite:\u00a0<\/b>suoniemenraittiusseura (\u00e4t) gmail.com<\/p>\n<p>Kahvinkeitin (2 kannun Moccamaster) on j\u00e4senille vuokrattavissa hintaan 10 euroa \/ kerta<\/p>\n<p>Kahvi- ja ruoka-astiastoja lainataan j\u00e4senille.<\/p>\n<p>Keittimen ja astiastojen yhteyshenkil\u00f6 on Eija Vasenius, 040 509 5430 ja s\u00e4hk\u00f6posti: eijavas (\u00e4t) gmail.com<\/p>\n<h3>Johtokunnan kokoonpano:<\/h3>\n<ul>\n<li>Puheenjohtaja Kaisa M\u00e4kinen, kaisa.hyyrylainen (\u00e4t) rokki.net<\/li>\n<li>Sihteeri Aila M\u00e4kinen, aila.siuro (\u00e4t) gmail.com<\/li>\n<\/ul>\n<p>&nbsp;<\/p>\n","protected":false},"excerpt":{"rendered":"<p>Raittiusseuran s\u00e4hk\u00f6postiosoite:\u00a0suoniemenraittiusseura (\u00e4t) gmail.com Kahvinkeitin (2 kannun Moccamaster) on j\u00e4senille vuokrattavissa hintaan 10 euroa \/ kerta Kahvi- ja ruoka-astiastoja lainataan j\u00e4senille. Keittimen ja astiastojen yhteyshenkil\u00f6 on Eija Vasenius, 040 509 5430 ja s\u00e4hk\u00f6posti: eijavas (\u00e4t) gmail.com Johtokunnan kokoonpano: Puheenjohtaja Kaisa M\u00e4kinen, kaisa.hyyrylainen (\u00e4t) rokki.net Sihteeri Aila M\u00e4kinen, aila.siuro (\u00e4t) gmail.com &nbsp;<\/p>\n","protected":false},"author":15,"featured_media":0,"parent":0,"menu_order":0,"comment_status":"closed","ping_status":"closed","template":"","meta":{"_acf_changed":false,"footnotes":""},"class_list":["post-113","page","type-page","status-publish","hentry"],"acf":[],"_links":{"self":[{"href":"https:\/\/www.nokiankylat.fi\/kulovesi\/wp-json\/wp\/v2\/pages\/113","targetHints":{"allow":["GET"]}}],"collection":[{"href":"https:\/\/www.nokiankylat.fi\/kulovesi\/wp-json\/wp\/v2\/pages"}],"about":[{"href":"https:\/\/www.nokiankylat.fi\/kulovesi\/wp-json\/wp\/v2\/types\/page"}],"author":[{"embeddable":true,"href":"https:\/\/www.nokiankylat.fi\/kulovesi\/wp-json\/wp\/v2\/users\/15"}],"replies":[{"embeddable":true,"href":"https:\/\/www.nokiankylat.fi\/kulovesi\/wp-json\/wp\/v2\/comments?post=113"}],"version-history":[{"count":34,"href":"https:\/\/www.nokiankylat.fi\/kulovesi\/wp-json\/wp\/v2\/pages\/113\/revisions"}],"predecessor-version":[{"id":695,"href":"https:\/\/www.nokiankylat.fi\/kulovesi\/wp-json\/wp\/v2\/pages\/113\/revisions\/695"}],"wp:attachment":[{"href":"https:\/\/www.nokiankylat.fi\/kulovesi\/wp-json\/wp\/v2\/media?parent=113"}],"curies":[{"name":"wp","href":"https:\/\/api.w.org\/{rel}","templated":true}]}}