{"id":1055,"date":"2016-04-02T12:32:13","date_gmt":"2016-04-02T09:32:13","guid":{"rendered":"http:\/\/www.nokiankylat.fi\/taivalkunta\/?page_id=1055"},"modified":"2016-04-02T12:34:35","modified_gmt":"2016-04-02T09:34:35","slug":"kevatkokous-13-5-2015","status":"publish","type":"page","link":"https:\/\/www.nokiankylat.fi\/taivalkunta\/yhdistykset\/taivalkunnan-kylat-ry\/kokoukset-ja-kylaillat\/kevatkokous-13-5-2015\/","title":{"rendered":"Kev\u00e4tkokous 13-5-2015"},"content":{"rendered":"<p>S\u00e4\u00e4nt\u00f6m\u00e4\u00e4r\u00e4inen kevtkokous pidettiin 13.5.2015. L\u00e4sn\u00e4 oli 15 kyl\u00e4l\u00e4ist\u00e4.<\/p>\n","protected":false},"excerpt":{"rendered":"<p>S\u00e4\u00e4nt\u00f6m\u00e4\u00e4r\u00e4inen kevtkokous pidettiin 13.5.2015. L\u00e4sn\u00e4 oli 15 kyl\u00e4l\u00e4ist\u00e4.<\/p>\n","protected":false},"author":4,"featured_media":0,"parent":1034,"menu_order":0,"comment_status":"closed","ping_status":"closed","template":"","meta":{"_acf_changed":false,"footnotes":""},"class_list":["post-1055","page","type-page","status-publish","hentry"],"acf":[],"_links":{"self":[{"href":"https:\/\/www.nokiankylat.fi\/taivalkunta\/wp-json\/wp\/v2\/pages\/1055","targetHints":{"allow":["GET"]}}],"collection":[{"href":"https:\/\/www.nokiankylat.fi\/taivalkunta\/wp-json\/wp\/v2\/pages"}],"about":[{"href":"https:\/\/www.nokiankylat.fi\/taivalkunta\/wp-json\/wp\/v2\/types\/page"}],"author":[{"embeddable":true,"href":"https:\/\/www.nokiankylat.fi\/taivalkunta\/wp-json\/wp\/v2\/users\/4"}],"replies":[{"embeddable":true,"href":"https:\/\/www.nokiankylat.fi\/taivalkunta\/wp-json\/wp\/v2\/comments?post=1055"}],"version-history":[{"count":3,"href":"https:\/\/www.nokiankylat.fi\/taivalkunta\/wp-json\/wp\/v2\/pages\/1055\/revisions"}],"predecessor-version":[{"id":1067,"href":"https:\/\/www.nokiankylat.fi\/taivalkunta\/wp-json\/wp\/v2\/pages\/1055\/revisions\/1067"}],"up":[{"embeddable":true,"href":"https:\/\/www.nokiankylat.fi\/taivalkunta\/wp-json\/wp\/v2\/pages\/1034"}],"wp:attachment":[{"href":"https:\/\/www.nokiankylat.fi\/taivalkunta\/wp-json\/wp\/v2\/media?parent=1055"}],"curies":[{"name":"wp","href":"https:\/\/api.w.org\/{rel}","templated":true}]}}