{"id":1062,"date":"2016-04-02T12:19:53","date_gmt":"2016-04-02T09:19:53","guid":{"rendered":"http:\/\/www.nokiankylat.fi\/taivalkunta\/?page_id=1062"},"modified":"2016-04-02T12:38:21","modified_gmt":"2016-04-02T09:38:21","slug":"poytakirja-15-3-2015","status":"publish","type":"page","link":"https:\/\/www.nokiankylat.fi\/taivalkunta\/yhdistykset\/taivalkunnan-kylat-ry\/kokoukset-ja-kylaillat\/kevatkokous-13-5-2015\/poytakirja-15-3-2015\/","title":{"rendered":"P\u00f6yt\u00e4kirja 13-5-2015"},"content":{"rendered":"<p>Taivalkunnan Kyl\u00e4t ry\u00a0\u00a0\u00a0\u00a0\u00a0\u00a0\u00a0\u00a0\u00a0\u00a0\u00a0\u00a0\u00a0\u00a0\u00a0\u00a0\u00a0\u00a0\u00a0\u00a0\u00a0\u00a0\u00a0\u00a0\u00a0\u00a0\u00a0\u00a0\u00a0\u00a0\u00a0\u00a0\u00a0\u00a0\u00a0\u00a0\u00a0\u00a0\u00a0\u00a0\u00a0\u00a0\u00a0\u00a0\u00a0\u00a0\u00a0\u00a0\u00a0\u00a0\u00a0\u00a0\u00a0\u00a0\u00a0\u00a0\u00a0\u00a0\u00a0\u00a0\u00a0\u00a0\u00a0\u00a0\u00a0\u00a0\u00a0\u00a0\u00a0\u00a0\u00a0\u00a0\u00a0\u00a0\u00a0\u00a0\u00a0\u00a0\u00a0\u00a0\u00a0\u00a0\u00a0\u00a0\u00a0\u00a0\u00a0\u00a0\u00a0\u00a0\u00a0\u00a0\u00a0\u00a0\u00a0\u00a0\u00a0\u00a0\u00a0\u00a0\u00a0 P\u00d6YT\u00c4KIRJA 1\/2015<\/p>\n<p><strong>S\u00c4\u00c4NT\u00d6M\u00c4\u00c4R\u00c4INEN KEV\u00c4TKOKOUS<\/strong><\/p>\n<p>Aika: 13.5.2015 klo 18.30<br \/>\nPaikka: Taivalkunnan koulu<br \/>\nKokouksessa l\u00e4sn\u00e4: lista liitteen\u00e4<\/p>\n<p>&nbsp;<\/p>\n<ol>\n<li><strong>Kokouksen avaus<\/strong><\/li>\n<\/ol>\n<p>Taivalkunnan Kyl\u00e4t ry puheenjohtaja Olli Sorva avasi kokouksen klo 18.30.<\/p>\n<p>&nbsp;<\/p>\n<ol start=\"2\">\n<li><strong>Valitaan kokouksen puheenjohtaja, sihteeri, kaksi p\u00f6yt\u00e4kirjan tarkastajaa ja tarvittaessa kaksi \u00e4\u00e4nten laskijaa<\/strong><\/li>\n<\/ol>\n<p>Valittiin kokouksen puheenjohtajaksi Olli Sorva ja kokouksen sihteeriksi Minna M\u00e4kinen. P\u00f6yt\u00e4kirjan tarkastajiksi ja samalla \u00e4\u00e4nten laskijoiksi valittiin Teemu Lehtim\u00e4ki ja Esa Alanne.<\/p>\n<p>&nbsp;<\/p>\n<ol start=\"3\">\n<li><strong>Todetaan kokouksen laillisuus ja p\u00e4\u00e4t\u00f6svaltaisuus<\/strong><\/li>\n<\/ol>\n<p>Kokouksesta on ilmoitettu paikallisessa lehdess\u00e4 viikkoa ennen kokousta s\u00e4\u00e4nt\u00f6jen mukaisesti ja siit\u00e4 on v\u00e4litetty tieto my\u00f6s kyl\u00e4l\u00e4isten postilaatikoihin jaettavilla kutsuilla ennen kokousta. Todettiin, ett\u00e4 kokous on laillinen ja p\u00e4\u00e4t\u00f6svaltainen.<\/p>\n<p><strong>\u00a0<\/strong><\/p>\n<ol start=\"4\">\n<li><strong>Hyv\u00e4ksyt\u00e4\u00e4n kokouksen esityslista<\/strong><\/li>\n<\/ol>\n<p>Hyv\u00e4ksyttiin kokouksen esityslista.<\/p>\n<p>&nbsp;<\/p>\n<ol start=\"5\">\n<li><strong>Esitet\u00e4\u00e4n tilinp\u00e4\u00e4t\u00f6s, vuosikertomus ja tilintarkastajien lausunto<\/strong><\/li>\n<\/ol>\n<p>Anja Mattila esitti tilinp\u00e4\u00e4t\u00f6ksen 1.1.-31.12.2014 ja tilintarkastajan lausunnon. Minna M\u00e4kinen esitti vuosikertomuksen 2014.<\/p>\n<p>&nbsp;<\/p>\n<ol start=\"6\">\n<li><strong>P\u00e4\u00e4tet\u00e4\u00e4n tilinp\u00e4\u00e4t\u00f6ksen vahvistamisesta ja vastuuvapauden my\u00f6nt\u00e4misest\u00e4 hallitukselle ja muille vastuuvelvollisille<\/strong><\/li>\n<\/ol>\n<p>P\u00e4\u00e4tettiin vahvistaa tilinp\u00e4\u00e4t\u00f6s ja my\u00f6nt\u00e4\u00e4 vastuuvapaus hallitukselle ja muille vastuuvelvollisille.<\/p>\n<p>&nbsp;<\/p>\n<ol start=\"7\">\n<li><strong>P\u00e4\u00e4tet\u00e4\u00e4n hallituksen tekem\u00e4st\u00e4 ehdotuksesta yhdistyksen uusiksi s\u00e4\u00e4nn\u00f6iksi<\/strong><\/li>\n<\/ol>\n<p><strong>\u00a0<\/strong>Keskusteltiin hallituksen tekem\u00e4st\u00e4 ehdotuksesta yhdistyksen uusiksi s\u00e4\u00e4nn\u00f6iksi (liite) ja p\u00e4\u00e4tettiin hyv\u00e4ksy\u00e4 ne.<\/p>\n<p>&nbsp;<\/p>\n<ol start=\"8\">\n<li><strong>Muut esille tulevat asiat<\/strong><\/li>\n<\/ol>\n<p><strong>\u00a0<\/strong>Todettiin Kyl\u00e4n kev\u00e4tkarkelot pidett\u00e4v\u00e4ksi 27.5.2015.<\/p>\n<p>Todettiin Taivalkunnan Kyl\u00e4t ry nettisivujen p\u00e4ivitt\u00e4misen selvityksen olevan ty\u00f6n alla.<\/p>\n<p>Keskusteltiin Taivalkunnan alakoulun t\u00e4m\u00e4n hetkisest\u00e4 tilanteesta. Kyl\u00e4yhdistyksen hallituksen ehdotettiin olevan yhteydess\u00e4 koulun vanhempainyhdistykseen ja katsotaan yhdess\u00e4 kuinka koulun asian kanssa edet\u00e4\u00e4n.<\/p>\n<p>&nbsp;<\/p>\n<ol start=\"9\">\n<li><strong>Kokouksen p\u00e4\u00e4tt\u00e4minen<\/strong><\/li>\n<\/ol>\n<p>Kokouksen puheenjohtaja Olli Sorva p\u00e4\u00e4tti kokouksen klo 19.22.<\/p>\n<p>&nbsp;<\/p>\n<p>Olli Sorva \u00a0\u00a0\u00a0\u00a0\u00a0\u00a0\u00a0\u00a0\u00a0\u00a0\u00a0\u00a0\u00a0\u00a0\u00a0\u00a0\u00a0\u00a0\u00a0\u00a0\u00a0\u00a0\u00a0\u00a0\u00a0\u00a0\u00a0\u00a0\u00a0\u00a0\u00a0\u00a0\u00a0\u00a0\u00a0\u00a0\u00a0\u00a0\u00a0\u00a0\u00a0\u00a0\u00a0\u00a0\u00a0\u00a0\u00a0\u00a0\u00a0\u00a0\u00a0\u00a0\u00a0\u00a0\u00a0\u00a0\u00a0\u00a0\u00a0\u00a0\u00a0\u00a0\u00a0\u00a0\u00a0\u00a0\u00a0\u00a0\u00a0\u00a0\u00a0\u00a0\u00a0\u00a0\u00a0\u00a0\u00a0\u00a0\u00a0\u00a0\u00a0\u00a0\u00a0\u00a0\u00a0\u00a0\u00a0\u00a0\u00a0\u00a0\u00a0\u00a0\u00a0\u00a0\u00a0\u00a0\u00a0\u00a0\u00a0\u00a0\u00a0\u00a0\u00a0\u00a0\u00a0\u00a0\u00a0\u00a0 Minna M\u00e4kinen<\/p>\n<p>puheenjohtaja\u00a0\u00a0\u00a0\u00a0\u00a0\u00a0\u00a0\u00a0\u00a0\u00a0\u00a0\u00a0\u00a0\u00a0\u00a0\u00a0\u00a0\u00a0\u00a0\u00a0\u00a0\u00a0\u00a0\u00a0\u00a0\u00a0\u00a0\u00a0\u00a0\u00a0\u00a0\u00a0\u00a0\u00a0\u00a0\u00a0\u00a0\u00a0\u00a0\u00a0\u00a0\u00a0\u00a0\u00a0\u00a0\u00a0\u00a0\u00a0\u00a0\u00a0\u00a0\u00a0\u00a0\u00a0\u00a0\u00a0\u00a0\u00a0\u00a0\u00a0\u00a0\u00a0\u00a0\u00a0\u00a0\u00a0\u00a0\u00a0\u00a0\u00a0\u00a0\u00a0\u00a0\u00a0\u00a0\u00a0\u00a0\u00a0\u00a0\u00a0\u00a0\u00a0\u00a0\u00a0\u00a0\u00a0\u00a0\u00a0\u00a0\u00a0\u00a0\u00a0\u00a0\u00a0\u00a0\u00a0\u00a0\u00a0 sihteeri<\/p>\n<p>&nbsp;<\/p>\n<p>Teemu Lehtim\u00e4ki\u00a0\u00a0\u00a0\u00a0\u00a0\u00a0\u00a0\u00a0\u00a0\u00a0\u00a0\u00a0\u00a0\u00a0\u00a0\u00a0\u00a0\u00a0\u00a0\u00a0\u00a0\u00a0\u00a0\u00a0\u00a0\u00a0\u00a0\u00a0\u00a0\u00a0\u00a0\u00a0\u00a0\u00a0\u00a0\u00a0\u00a0\u00a0\u00a0\u00a0\u00a0\u00a0\u00a0\u00a0\u00a0\u00a0\u00a0\u00a0\u00a0\u00a0\u00a0\u00a0\u00a0\u00a0\u00a0\u00a0\u00a0\u00a0\u00a0\u00a0\u00a0\u00a0\u00a0\u00a0\u00a0\u00a0\u00a0\u00a0\u00a0\u00a0\u00a0\u00a0\u00a0\u00a0\u00a0\u00a0\u00a0\u00a0\u00a0\u00a0\u00a0\u00a0\u00a0\u00a0\u00a0\u00a0\u00a0\u00a0\u00a0\u00a0\u00a0\u00a0\u00a0 Esa Alanne<\/p>\n<p>p\u00f6yt\u00e4kirjan tarkastaja\u00a0\u00a0\u00a0\u00a0\u00a0\u00a0\u00a0\u00a0\u00a0\u00a0\u00a0\u00a0\u00a0\u00a0\u00a0\u00a0\u00a0\u00a0\u00a0\u00a0\u00a0\u00a0\u00a0\u00a0\u00a0\u00a0\u00a0\u00a0\u00a0\u00a0\u00a0\u00a0\u00a0\u00a0\u00a0\u00a0\u00a0\u00a0\u00a0\u00a0\u00a0\u00a0\u00a0\u00a0\u00a0\u00a0\u00a0\u00a0\u00a0\u00a0\u00a0\u00a0\u00a0\u00a0\u00a0\u00a0\u00a0\u00a0\u00a0\u00a0\u00a0\u00a0\u00a0\u00a0\u00a0\u00a0\u00a0\u00a0\u00a0\u00a0\u00a0\u00a0\u00a0\u00a0\u00a0\u00a0\u00a0\u00a0\u00a0\u00a0\u00a0\u00a0\u00a0\u00a0 p\u00f6yt\u00e4kirjan tarkastaja<\/p>\n<p>&nbsp;<\/p>\n","protected":false},"excerpt":{"rendered":"<p>Taivalkunnan Kyl\u00e4t ry\u00a0\u00a0\u00a0\u00a0\u00a0\u00a0\u00a0\u00a0\u00a0\u00a0\u00a0\u00a0\u00a0\u00a0\u00a0\u00a0\u00a0\u00a0\u00a0\u00a0\u00a0\u00a0\u00a0\u00a0\u00a0\u00a0\u00a0\u00a0\u00a0\u00a0\u00a0\u00a0\u00a0\u00a0\u00a0\u00a0\u00a0\u00a0\u00a0\u00a0\u00a0\u00a0\u00a0\u00a0\u00a0\u00a0\u00a0\u00a0\u00a0\u00a0\u00a0\u00a0\u00a0\u00a0\u00a0\u00a0\u00a0\u00a0\u00a0\u00a0\u00a0\u00a0\u00a0\u00a0\u00a0\u00a0\u00a0\u00a0\u00a0\u00a0\u00a0\u00a0\u00a0\u00a0\u00a0\u00a0\u00a0\u00a0\u00a0\u00a0\u00a0\u00a0\u00a0\u00a0\u00a0\u00a0\u00a0\u00a0\u00a0\u00a0\u00a0\u00a0\u00a0\u00a0\u00a0\u00a0\u00a0\u00a0\u00a0\u00a0\u00a0 P\u00d6YT\u00c4KIRJA 1\/2015 S\u00c4\u00c4NT\u00d6M\u00c4\u00c4R\u00c4INEN KEV\u00c4TKOKOUS Aika: 13.5.2015 klo 18.30 Paikka: Taivalkunnan koulu Kokouksessa l\u00e4sn\u00e4: lista liitteen\u00e4 &nbsp; Kokouksen avaus Taivalkunnan Kyl\u00e4t ry puheenjohtaja Olli Sorva avasi kokouksen klo 18.30. &nbsp; Valitaan kokouksen puheenjohtaja, sihteeri, kaksi p\u00f6yt\u00e4kirjan tarkastajaa ja tarvittaessa kaksi \u00e4\u00e4nten laskijaa Valittiin kokouksen puheenjohtajaksi Olli Sorva ja kokouksen sihteeriksi Minna M\u00e4kinen. P\u00f6yt\u00e4kirjan &hellip; <a href=\"https:\/\/www.nokiankylat.fi\/taivalkunta\/yhdistykset\/taivalkunnan-kylat-ry\/kokoukset-ja-kylaillat\/kevatkokous-13-5-2015\/poytakirja-15-3-2015\/\">Jatkuu<\/a><\/p>\n","protected":false},"author":4,"featured_media":0,"parent":1055,"menu_order":0,"comment_status":"closed","ping_status":"closed","template":"","meta":{"_acf_changed":false,"footnotes":""},"class_list":["post-1062","page","type-page","status-publish","hentry"],"acf":[],"_links":{"self":[{"href":"https:\/\/www.nokiankylat.fi\/taivalkunta\/wp-json\/wp\/v2\/pages\/1062","targetHints":{"allow":["GET"]}}],"collection":[{"href":"https:\/\/www.nokiankylat.fi\/taivalkunta\/wp-json\/wp\/v2\/pages"}],"about":[{"href":"https:\/\/www.nokiankylat.fi\/taivalkunta\/wp-json\/wp\/v2\/types\/page"}],"author":[{"embeddable":true,"href":"https:\/\/www.nokiankylat.fi\/taivalkunta\/wp-json\/wp\/v2\/users\/4"}],"replies":[{"embeddable":true,"href":"https:\/\/www.nokiankylat.fi\/taivalkunta\/wp-json\/wp\/v2\/comments?post=1062"}],"version-history":[{"count":3,"href":"https:\/\/www.nokiankylat.fi\/taivalkunta\/wp-json\/wp\/v2\/pages\/1062\/revisions"}],"predecessor-version":[{"id":1066,"href":"https:\/\/www.nokiankylat.fi\/taivalkunta\/wp-json\/wp\/v2\/pages\/1062\/revisions\/1066"}],"up":[{"embeddable":true,"href":"https:\/\/www.nokiankylat.fi\/taivalkunta\/wp-json\/wp\/v2\/pages\/1055"}],"wp:attachment":[{"href":"https:\/\/www.nokiankylat.fi\/taivalkunta\/wp-json\/wp\/v2\/media?parent=1062"}],"curies":[{"name":"wp","href":"https:\/\/api.w.org\/{rel}","templated":true}]}}

Pöytäkirja 13-5-2015

<p>Taivalkunnan Kylät ry                                                                                                      PÖYTÄKIRJA 1/2015</p>
<p><strong>SÄÄNTÖMÄÄRÄINEN KEVÄTKOKOUS</strong></p>
<p>Aika: 13.5.2015 klo 18.30<br />
Paikka: Taivalkunnan koulu<br />
Kokouksessa läsnä: lista liitteenä</p>
<p>&nbsp;</p>
<ol>
<li><strong>Kokouksen avaus</strong></li>
</ol>
<p>Taivalkunnan Kylät ry puheenjohtaja Olli Sorva avasi kokouksen klo 18.30.</p>
<p>&nbsp;</p>
<ol start="2">
<li><strong>Valitaan kokouksen puheenjohtaja, sihteeri, kaksi pöytäkirjan tarkastajaa ja tarvittaessa kaksi äänten laskijaa</strong></li>
</ol>
<p>Valittiin kokouksen puheenjohtajaksi Olli Sorva ja kokouksen sihteeriksi Minna Mäkinen. Pöytäkirjan tarkastajiksi ja samalla äänten laskijoiksi valittiin Teemu Lehtimäki ja Esa Alanne.</p>
<p>&nbsp;</p>
<ol start="3">
<li><strong>Todetaan kokouksen laillisuus ja päätösvaltaisuus</strong></li>
</ol>
<p>Kokouksesta on ilmoitettu paikallisessa lehdessä viikkoa ennen kokousta sääntöjen mukaisesti ja siitä on välitetty tieto myös kyläläisten postilaatikoihin jaettavilla kutsuilla ennen kokousta. Todettiin, että kokous on laillinen ja päätösvaltainen.</p>
<p><strong> </strong></p>
<ol start="4">
<li><strong>Hyväksytään kokouksen esityslista</strong></li>
</ol>
<p>Hyväksyttiin kokouksen esityslista.</p>
<p>&nbsp;</p>
<ol start="5">
<li><strong>Esitetään tilinpäätös, vuosikertomus ja tilintarkastajien lausunto</strong></li>
</ol>
<p>Anja Mattila esitti tilinpäätöksen 1.1.-31.12.2014 ja tilintarkastajan lausunnon. Minna Mäkinen esitti vuosikertomuksen 2014.</p>
<p>&nbsp;</p>
<ol start="6">
<li><strong>Päätetään tilinpäätöksen vahvistamisesta ja vastuuvapauden myöntämisestä hallitukselle ja muille vastuuvelvollisille</strong></li>
</ol>
<p>Päätettiin vahvistaa tilinpäätös ja myöntää vastuuvapaus hallitukselle ja muille vastuuvelvollisille.</p>
<p>&nbsp;</p>
<ol start="7">
<li><strong>Päätetään hallituksen tekemästä ehdotuksesta yhdistyksen uusiksi säännöiksi</strong></li>
</ol>
<p><strong> </strong>Keskusteltiin hallituksen tekemästä ehdotuksesta yhdistyksen uusiksi säännöiksi (liite) ja päätettiin hyväksyä ne.</p>
<p>&nbsp;</p>
<ol start="8">
<li><strong>Muut esille tulevat asiat</strong></li>
</ol>
<p><strong> </strong>Todettiin Kylän kevätkarkelot pidettäväksi 27.5.2015.</p>
<p>Todettiin Taivalkunnan Kylät ry nettisivujen päivittämisen selvityksen olevan työn alla.</p>
<p>Keskusteltiin Taivalkunnan alakoulun tämän hetkisestä tilanteesta. Kyläyhdistyksen hallituksen ehdotettiin olevan yhteydessä koulun vanhempainyhdistykseen ja katsotaan yhdessä kuinka koulun asian kanssa edetään.</p>
<p>&nbsp;</p>
<ol start="9">
<li><strong>Kokouksen päättäminen</strong></li>
</ol>
<p>Kokouksen puheenjohtaja Olli Sorva päätti kokouksen klo 19.22.</p>
<p>&nbsp;</p>
<p>Olli Sorva                                                                                                              Minna Mäkinen</p>
<p>puheenjohtaja                                                                                                   sihteeri</p>
<p>&nbsp;</p>
<p>Teemu Lehtimäki                                                                                              Esa Alanne</p>
<p>pöytäkirjan tarkastaja                                                                                     pöytäkirjan tarkastaja</p>
<p>&nbsp;</p>

<p>Taivalkunnan Kylät ry                                                                                                      PÖYTÄKIRJA 1/2015 SÄÄNTÖMÄÄRÄINEN KEVÄTKOKOUS Aika: 13.5.2015 klo 18.30 Paikka: Taivalkunnan koulu Kokouksessa läsnä: lista liitteenä &nbsp; Kokouksen avaus Taivalkunnan Kylät ry puheenjohtaja Olli Sorva avasi kokouksen klo 18.30. &nbsp; Valitaan kokouksen puheenjohtaja, sihteeri, kaksi pöytäkirjan tarkastajaa ja tarvittaessa kaksi äänten laskijaa Valittiin kokouksen puheenjohtajaksi Olli Sorva ja kokouksen sihteeriksi Minna Mäkinen. Pöytäkirjan &hellip; <a href="https://www.nokiankylat.fi/taivalkunta/yhdistykset/taivalkunnan-kylat-ry/kokoukset-ja-kylaillat/kevatkokous-13-5-2015/poytakirja-15-3-2015/">Jatkuu</a></p>
