{"id":144,"date":"2016-01-21T19:39:15","date_gmt":"2016-01-21T17:39:15","guid":{"rendered":"http:\/\/nokiankylat.wysiwyg.fi\/taivalkunta\/?page_id=144"},"modified":"2016-04-14T18:41:43","modified_gmt":"2016-04-14T15:41:43","slug":"kylasuunnitelma","status":"publish","type":"page","link":"https:\/\/www.nokiankylat.fi\/taivalkunta\/yhdistykset\/taivalkunnan-kylat-ry\/kylasuunnitelma\/","title":{"rendered":"Kyl\u00e4suunnitelma"},"content":{"rendered":"<p>Kyl\u00e4lle on tehty kev\u00e4\u00e4ll\u00e4 2015 kyl\u00e4suunnitelma kyl\u00e4yhdistyksen toimesta. Suunnitelma pohjautuu kyl\u00e4ll\u00e4 toteutettuun laajaan kyl\u00e4kyselyyn. Tutustu t\u00e4st\u00e4 linkist\u00e4 <a href=\"http:\/\/nokiankylat.fi\/taivalkunta\/wp-content\/uploads\/sites\/11\/2016\/01\/KYL\u00c4SUUNNITELMA-2015.pdf\" target=\"_blank\" rel=\"\">KYL\u00c4SUUNNITELMA 2015<\/a>\u00a0(PDF-Tiedosto avautuu uuteen ikkunaan)<\/p>\n<p>&nbsp;<\/p>\n","protected":false},"excerpt":{"rendered":"<p>Kyl\u00e4lle on tehty kev\u00e4\u00e4ll\u00e4 2015 kyl\u00e4suunnitelma kyl\u00e4yhdistyksen toimesta. Suunnitelma pohjautuu kyl\u00e4ll\u00e4 toteutettuun laajaan kyl\u00e4kyselyyn. Tutustu t\u00e4st\u00e4 linkist\u00e4 KYL\u00c4SUUNNITELMA 2015\u00a0(PDF-Tiedosto avautuu uuteen ikkunaan) &nbsp;<\/p>\n","protected":false},"author":4,"featured_media":0,"parent":43,"menu_order":0,"comment_status":"closed","ping_status":"closed","template":"","meta":{"_acf_changed":false,"footnotes":""},"class_list":["post-144","page","type-page","status-publish","hentry"],"acf":[],"_links":{"self":[{"href":"https:\/\/www.nokiankylat.fi\/taivalkunta\/wp-json\/wp\/v2\/pages\/144","targetHints":{"allow":["GET"]}}],"collection":[{"href":"https:\/\/www.nokiankylat.fi\/taivalkunta\/wp-json\/wp\/v2\/pages"}],"about":[{"href":"https:\/\/www.nokiankylat.fi\/taivalkunta\/wp-json\/wp\/v2\/types\/page"}],"author":[{"embeddable":true,"href":"https:\/\/www.nokiankylat.fi\/taivalkunta\/wp-json\/wp\/v2\/users\/4"}],"replies":[{"embeddable":true,"href":"https:\/\/www.nokiankylat.fi\/taivalkunta\/wp-json\/wp\/v2\/comments?post=144"}],"version-history":[{"count":15,"href":"https:\/\/www.nokiankylat.fi\/taivalkunta\/wp-json\/wp\/v2\/pages\/144\/revisions"}],"predecessor-version":[{"id":1143,"href":"https:\/\/www.nokiankylat.fi\/taivalkunta\/wp-json\/wp\/v2\/pages\/144\/revisions\/1143"}],"up":[{"embeddable":true,"href":"https:\/\/www.nokiankylat.fi\/taivalkunta\/wp-json\/wp\/v2\/pages\/43"}],"wp:attachment":[{"href":"https:\/\/www.nokiankylat.fi\/taivalkunta\/wp-json\/wp\/v2\/media?parent=144"}],"curies":[{"name":"wp","href":"https:\/\/api.w.org\/{rel}","templated":true}]}}