{"id":1462,"date":"2016-06-14T10:18:28","date_gmt":"2016-06-14T07:18:28","guid":{"rendered":"http:\/\/www.nokiankylat.fi\/taivalkunta\/?page_id=1462"},"modified":"2016-06-24T10:13:07","modified_gmt":"2016-06-24T07:13:07","slug":"kylakirje-14-6-2016","status":"publish","type":"page","link":"https:\/\/www.nokiankylat.fi\/taivalkunta\/yhdistykset\/taivalkunnan-kylat-ry\/kylayhdistyksen-arkisto\/kylakirjeet\/kylakirjeet-2016\/kylakirje-14-6-2016\/","title":{"rendered":"Kyl\u00e4kirje 14-6-2016"},"content":{"rendered":"<p><strong>Nyt tulee kutsu pelaamaan ja olemaan joukolla raittiissa ulkoilmassa.<\/strong><\/p>\n<p><strong>Taivalkunnan <span style=\"text-decoration: underline\">koulun pihakent\u00e4ll\u00e4<\/span><\/strong>\u00a0alkavat kyl\u00e4n avoimet <strong>pes\u00e4pallopelit<\/strong>. Ensikokoontuminen kent\u00e4ll\u00e4 on <strong>ke 15.6 kello 18.00<\/strong>. Jos teill\u00e4 on omia peliv\u00e4lineit\u00e4 (ainakin r\u00e4pyl\u00f6it\u00e4), niin ottakaa mukaan. Naapurissani asuva Juha K\u00e4lli on lupautunut haluttaessa opastamaan mailan ja pallon k\u00e4yt\u00f6ss\u00e4, sek\u00e4 antamaan pelivinkkej\u00e4 kokemuksensa pohjalta. Kynnys osallistua peleihin on siis tehty matalaksi.<\/p>\n<p>Ennakkokeskusteluissa on aktiivisuutta ollut, joten toivottavasti nyt sitten my\u00f6s l\u00e4hdet\u00e4\u00e4n kent\u00e4lle. Pelaajien lis\u00e4ksi toivotaan my\u00f6s kannustajia ja muutakin yleis\u00f6\u00e4 kent\u00e4n laidalle. Kaikki kyl\u00e4l\u00e4iset eiv\u00e4t ole s\u00e4hk\u00f6postituslistallamme, joten kertokaa viesti\u00e4 eteenp\u00e4in sek\u00e4 mahdollisuudesta kyl\u00e4postin tilaukseen, jos s\u00e4hk\u00f6postin k\u00e4ytt\u00f6\u00f6n on mahdollisuus. (postituslista kasvaa koko ajan ja nyt jo listalla on osoitteita 60:sta taloudesta)<\/p>\n<p>Mahdollinen kyl\u00e4n oma lentopallovuoro hautuu viel\u00e4. L\u00e4hinn\u00e4 asia on kiinni siit\u00e4, l\u00f6ytyyk\u00f6 innokkaita pelaajia riitt\u00e4v\u00e4sti, joten kerro mahdollisesta kiinnostuksestasi.<\/p>\n<p>Taivalkunnasta on tulossa laajasti <strong>kotiseutujuttua seuraavaan Nokianseutu-lehteen<\/strong>. Mukana on historiaa, kulttuuria, kouluasiaa ja kyl\u00e4n kaunista pelto- ja j\u00e4rviluontoa sek\u00e4 laulajapoikamme haastattelu. Lehden painos on 13\u00a0500 kappaletta ja se jaetaan kaikkiin koteihin Nokialla. Lehti ilmestyy 22.6 ja se jaetaan 25. ja 26.6. Juttu antaa mielest\u00e4ni kivan kuvan Taivalkunnasta ja\u00a0 osaltaan lis\u00e4\u00e4 kyl\u00e4mme tunnettavuutta ja arvostusta.<\/p>\n<p><strong>Kiitos palautteesta<\/strong> ja ollaan taas yhteydess\u00e4 s\u00e4hk\u00f6postitse ja muissa keskusteluissa.<\/p>\n<p>Taivalkunnan kyl\u00e4t ry:n puheenjohtaja Olli Sorva<\/p>\n","protected":false},"excerpt":{"rendered":"<p>Nyt tulee kutsu pelaamaan ja olemaan joukolla raittiissa ulkoilmassa. Taivalkunnan koulun pihakent\u00e4ll\u00e4\u00a0alkavat kyl\u00e4n avoimet pes\u00e4pallopelit. Ensikokoontuminen kent\u00e4ll\u00e4 on ke 15.6 kello 18.00. Jos teill\u00e4 on omia peliv\u00e4lineit\u00e4 (ainakin r\u00e4pyl\u00f6it\u00e4), niin ottakaa mukaan. Naapurissani asuva Juha K\u00e4lli on lupautunut haluttaessa opastamaan mailan ja pallon k\u00e4yt\u00f6ss\u00e4, sek\u00e4 antamaan pelivinkkej\u00e4 kokemuksensa pohjalta. Kynnys osallistua peleihin on siis tehty &hellip; <a href=\"https:\/\/www.nokiankylat.fi\/taivalkunta\/yhdistykset\/taivalkunnan-kylat-ry\/kylayhdistyksen-arkisto\/kylakirjeet\/kylakirjeet-2016\/kylakirje-14-6-2016\/\">Jatkuu<\/a><\/p>\n","protected":false},"author":4,"featured_media":0,"parent":184,"menu_order":0,"comment_status":"closed","ping_status":"closed","template":"","meta":{"_acf_changed":false,"footnotes":""},"class_list":["post-1462","page","type-page","status-publish","hentry"],"acf":[],"_links":{"self":[{"href":"https:\/\/www.nokiankylat.fi\/taivalkunta\/wp-json\/wp\/v2\/pages\/1462","targetHints":{"allow":["GET"]}}],"collection":[{"href":"https:\/\/www.nokiankylat.fi\/taivalkunta\/wp-json\/wp\/v2\/pages"}],"about":[{"href":"https:\/\/www.nokiankylat.fi\/taivalkunta\/wp-json\/wp\/v2\/types\/page"}],"author":[{"embeddable":true,"href":"https:\/\/www.nokiankylat.fi\/taivalkunta\/wp-json\/wp\/v2\/users\/4"}],"replies":[{"embeddable":true,"href":"https:\/\/www.nokiankylat.fi\/taivalkunta\/wp-json\/wp\/v2\/comments?post=1462"}],"version-history":[{"count":5,"href":"https:\/\/www.nokiankylat.fi\/taivalkunta\/wp-json\/wp\/v2\/pages\/1462\/revisions"}],"predecessor-version":[{"id":1497,"href":"https:\/\/www.nokiankylat.fi\/taivalkunta\/wp-json\/wp\/v2\/pages\/1462\/revisions\/1497"}],"up":[{"embeddable":true,"href":"https:\/\/www.nokiankylat.fi\/taivalkunta\/wp-json\/wp\/v2\/pages\/184"}],"wp:attachment":[{"href":"https:\/\/www.nokiankylat.fi\/taivalkunta\/wp-json\/wp\/v2\/media?parent=1462"}],"curies":[{"name":"wp","href":"https:\/\/api.w.org\/{rel}","templated":true}]}}