{"id":1593,"date":"2016-09-30T09:20:57","date_gmt":"2016-09-30T06:20:57","guid":{"rendered":"http:\/\/www.nokiankylat.fi\/taivalkunta\/?page_id=1593"},"modified":"2016-10-03T17:01:54","modified_gmt":"2016-10-03T14:01:54","slug":"kylakirje-3-10-2016","status":"publish","type":"page","link":"https:\/\/www.nokiankylat.fi\/taivalkunta\/yhdistykset\/taivalkunnan-kylat-ry\/kylayhdistyksen-arkisto\/kylakirjeet\/kylakirjeet-2016\/kylakirje-3-10-2016\/","title":{"rendered":"Kyl\u00e4kirje 3-10-2016"},"content":{"rendered":"<p>Kutsu Taivalkunnan turvallisuus-iltaan l\u00f6ytyy t\u00e4\u00e4lt\u00e4\u00a0<a href=\"https:\/\/www.nokiankylat.fi\/taivalkunta\/wp-content\/uploads\/sites\/11\/2016\/09\/KUTSU-TURVALLISUUS-ILTAAN-10-10-2016.pdf\">kutsu-turvallisuus-iltaan-10-10-2016<\/a>.<\/p>\n<h2><strong>TURVALLISUUS-ILTA<\/strong><\/h2>\n<h3><strong>Taivalkunnan koululla<\/strong><\/h3>\n<h3><strong>maanantaina 10.10 klo 18030<\/strong><\/h3>\n<h3>Taivalkunnantie 575, 37120 Nokia<\/h3>\n<p>&nbsp;<\/p>\n<ul>\n<li><strong>Pirkanmaan kyl\u00e4asiamies Marja Vehn\u00e4maa:\u00a0<\/strong><strong>oman kodin koordinaatit<\/strong><\/li>\n<\/ul>\n<ul>\n<li><strong>Nokian kaupunki Lauri V\u00e4h\u00e4talo:<\/strong><strong>\u00a0alustus varautumisesta<\/strong><\/li>\n<\/ul>\n<ul>\n<li><strong>Kahvia ja kastettavaa\u00a0<\/strong><\/li>\n<li><strong>Koulun oppilaiden \u201dkuka loistaa parhaiten\u201d-\u00a0<\/strong><strong>kuvist\u00f6iden palkintojenjako. Teokset ovat\u00a0<\/strong><strong>esill\u00e4 kyl\u00e4illassa. Tule siis tutustumaan.<\/strong><\/li>\n<\/ul>\n<p><strong>\u00a0<\/strong><\/p>\n<p><strong>\u00a0 \u00a0 \u00a0 \u00a0 \u00a0 \u00a0 \u00a0 \u00a0 \u00a0 \u00a0 \u00a0 \u00a0 \u00a0 \u00a0 \u00a0 \u00a0 \u00a0******************<\/strong><\/p>\n<p>Tavoitteena on saada kyl\u00e4llemme valokuitupohjainen tietoliikenneverkko.\u00a0Asian eteenp\u00e4in viemiseksi ja liittymiskustannushinnan saamiseksi tarvitsemme listan asiasta kiinnostuneista kiinteist\u00f6ist\u00e4.\u00a0Lista tulee liitteeksi \u201dtilaukseen\u201d, jonka toimitan operaattorille.\u00a0Laittakaa liittymisest\u00e4 kiinnostuneista talouksista tieto minulle\u00a0tai sihteerillemme Minnalle turvallisuus-iltaamme menness\u00e4.<\/p>\n<p>Kysely on alustava eik\u00e4 sido teit\u00e4 mihink\u00e4\u00e4n, mutta asian\u00a0eteenp\u00e4in saamiseksi on t\u00e4rke\u00e4\u00e4, ett\u00e4 listasta tulee n\u00e4ytt\u00e4v\u00e4n\u00a0pitk\u00e4. Toivomme siis, ett\u00e4 saamme paljon nimi- ja osoitetietoja\u00a0turvallisuus-iltaamme 10.10. menness\u00e4. Terveisin Olli.<\/p>\n<p>Kyl\u00e4yhdistyksen pj. Olli Sorva <a href=\"mailto:olli.sorva@nokiansahkotalo.fi\">olli.sorva(at)nokiansahkotalo.fi<\/a> \u00a00505603808<\/p>\n<p>Sihteeri Minna M\u00e4kinen, <a href=\"mailto:minna.makinen@nrg.fi\">minna.makinen(at)nrg.fi<\/a> \u00a00503502762<\/p>\n<p><strong>\u00a0 \u00a0 \u00a0 \u00a0 \u00a0 \u00a0 \u00a0 \u00a0 \u00a0 \u00a0 \u00a0 \u00a0 \u00a0 \u00a0 \u00a0 \u00a0 \u00a0******************<\/strong><\/p>\n<h3>\u00a0 Olette kaikki tervetulleita kyl\u00e4iltaan.<\/h3>\n<h3>\u00a0 Tulethan sin\u00e4kin? Taivalkunnan kyl\u00e4t ry<\/h3>\n","protected":false},"excerpt":{"rendered":"<p>Kutsu Taivalkunnan turvallisuus-iltaan l\u00f6ytyy t\u00e4\u00e4lt\u00e4\u00a0kutsu-turvallisuus-iltaan-10-10-2016. TURVALLISUUS-ILTA Taivalkunnan koululla maanantaina 10.10 klo 18030 Taivalkunnantie 575, 37120 Nokia &nbsp; Pirkanmaan kyl\u00e4asiamies Marja Vehn\u00e4maa:\u00a0oman kodin koordinaatit Nokian kaupunki Lauri V\u00e4h\u00e4talo:\u00a0alustus varautumisesta Kahvia ja kastettavaa\u00a0 Koulun oppilaiden \u201dkuka loistaa parhaiten\u201d-\u00a0kuvist\u00f6iden palkintojenjako. Teokset ovat\u00a0esill\u00e4 kyl\u00e4illassa. Tule siis tutustumaan. \u00a0 \u00a0 \u00a0 \u00a0 \u00a0 \u00a0 \u00a0 \u00a0 \u00a0 \u00a0 \u00a0 \u00a0 &hellip; <a href=\"https:\/\/www.nokiankylat.fi\/taivalkunta\/yhdistykset\/taivalkunnan-kylat-ry\/kylayhdistyksen-arkisto\/kylakirjeet\/kylakirjeet-2016\/kylakirje-3-10-2016\/\">Jatkuu<\/a><\/p>\n","protected":false},"author":4,"featured_media":0,"parent":184,"menu_order":0,"comment_status":"closed","ping_status":"closed","template":"","meta":{"_acf_changed":false,"footnotes":""},"class_list":["post-1593","page","type-page","status-publish","hentry"],"acf":[],"_links":{"self":[{"href":"https:\/\/www.nokiankylat.fi\/taivalkunta\/wp-json\/wp\/v2\/pages\/1593","targetHints":{"allow":["GET"]}}],"collection":[{"href":"https:\/\/www.nokiankylat.fi\/taivalkunta\/wp-json\/wp\/v2\/pages"}],"about":[{"href":"https:\/\/www.nokiankylat.fi\/taivalkunta\/wp-json\/wp\/v2\/types\/page"}],"author":[{"embeddable":true,"href":"https:\/\/www.nokiankylat.fi\/taivalkunta\/wp-json\/wp\/v2\/users\/4"}],"replies":[{"embeddable":true,"href":"https:\/\/www.nokiankylat.fi\/taivalkunta\/wp-json\/wp\/v2\/comments?post=1593"}],"version-history":[{"count":15,"href":"https:\/\/www.nokiankylat.fi\/taivalkunta\/wp-json\/wp\/v2\/pages\/1593\/revisions"}],"predecessor-version":[{"id":1626,"href":"https:\/\/www.nokiankylat.fi\/taivalkunta\/wp-json\/wp\/v2\/pages\/1593\/revisions\/1626"}],"up":[{"embeddable":true,"href":"https:\/\/www.nokiankylat.fi\/taivalkunta\/wp-json\/wp\/v2\/pages\/184"}],"wp:attachment":[{"href":"https:\/\/www.nokiankylat.fi\/taivalkunta\/wp-json\/wp\/v2\/media?parent=1593"}],"curies":[{"name":"wp","href":"https:\/\/api.w.org\/{rel}","templated":true}]}}