{"id":1700,"date":"2016-11-14T20:20:38","date_gmt":"2016-11-14T18:20:38","guid":{"rendered":"http:\/\/www.nokiankylat.fi\/taivalkunta\/?page_id=1700"},"modified":"2016-11-15T08:22:46","modified_gmt":"2016-11-15T06:22:46","slug":"esityslista-16-11-2016","status":"publish","type":"page","link":"https:\/\/www.nokiankylat.fi\/taivalkunta\/yhdistykset\/taivalkunnan-kylat-ry\/kokoukset-ja-kylaillat\/syyskokous-16-11-2016\/esityslista-16-11-2016\/","title":{"rendered":"Esityslista 16-11-2016"},"content":{"rendered":"<p>Taivalkunnan kyl\u00e4t ry \u00a0 \u00a0 \u00a0 \u00a0 \u00a0 \u00a0 \u00a0 \u00a0 \u00a0 \u00a0 \u00a0 \u00a0 \u00a0 \u00a0 \u00a0 \u00a0 \u00a0 \u00a0 \u00a0 \u00a0 \u00a0 \u00a0 \u00a0 \u00a0 \u00a0 \u00a0 \u00a0 \u00a0 \u00a0ESITYSLISTA<\/p>\n<p><strong>SYYSKOKOUS<\/strong><\/p>\n<p>Aika: 16.11.2016 klo 18.30<br \/>\nPaikka: Taivalkunnan koulu, Taivalkunnantie 575, 37120 Nokia<\/p>\n<p>Kahvitarjoilu<\/p>\n<ol>\n<li>Kokouksen avaaminen\n<ul>\n<li>Puheenjohtaja Olli Sorva avaa kokouksen.<\/li>\n<\/ul>\n<\/li>\n<li>Kokouksen j\u00e4rjest\u00e4ytyminen\n<ul>\n<li>Valitaan kokoukselle puheenjohtaja, sihteeri, kaksi p\u00f6yt\u00e4kirjan tarkastajaa ja tarvittaessa kaksi \u00e4\u00e4nten laskijaa.<\/li>\n<\/ul>\n<\/li>\n<li>LaillIsuuden ja p\u00e4\u00e4t\u00f6svaltaisuuden toteaminen\n<ul>\n<li>Kokouskutsu on ollut viikkoa ennen kokousta paikallislehdess\u00e4. todetaan yhdistyksen s\u00e4\u00e4nt\u00f6jen mukaan koollekutsuttu ja p\u00e4\u00e4t\u00f6svaltaiseksi<\/li>\n<\/ul>\n<\/li>\n<li>Esityslistan hyv\u00e4ksyminen\n<ul>\n<li>Esityslista on ollut postilaatikkoihin jaetussa kokouskutsussa sek\u00e4 yhdistyksen kotisivuilla. K\u00e4yd\u00e4\u00e4n lista l\u00e4pi ja tehd\u00e4\u00e4n p\u00e4\u00e4t\u00f6s hyv\u00e4ksymisest\u00e4.<\/li>\n<\/ul>\n<\/li>\n<li>Toimintasuunnitelman ja talousarvion vahvistaminen seuraavalle vuodelle sek\u00e4 j\u00e4senmaksun suuruus\n<ul>\n<li>Esitet\u00e4\u00e4n hallituksen hyv\u00e4ksym\u00e4 toimintasuunnitelma ja talousarvio sek\u00e4 p\u00e4\u00e4tet\u00e4\u00e4n niiden vahvistamisesta. Toimintasuunnitelma l\u00f6ytyy my\u00f6s kotisivuilta.<\/li>\n<\/ul>\n<\/li>\n<li>Hallituksen puheenjohtajan valinta\n<ul>\n<li>Valitaan puheenjohtaja kaudelle 2017. Puheenjohtajan toimikausi on yksi kalenterivuosi.<\/li>\n<\/ul>\n<\/li>\n<li>Hallituksen j\u00e4senten valinta\n<ul>\n<li>Valitaan hallituksen j\u00e4senet erovuoroisten tilalle seuraavaksi 2-vuotiskaudeksi (2017-2018) ja vahvistetaan hallituksen j\u00e4senm\u00e4\u00e4r\u00e4 vuodelle 2017. Vuoden 2017 jatkavat Anja Mattila, Reeta Juvonen ja Teemu Lehtim\u00e4ki. Erovuodossa ovat Minna M\u00e4kinen, Terhi Leskinen, Elina J\u00e4rvisen ja Tomi Teuho-Markkola.<\/li>\n<\/ul>\n<\/li>\n<li>Toiminnantarkastajan ja varatoiminnantarkastajan valinta\n<ul>\n<li>Valitaan toiminnantarkastaja ja varatoiminnantarkastaja kaudelle 2017.<\/li>\n<\/ul>\n<\/li>\n<li>Muut esille tulevat asiat\n<ul>\n<li>Esitet\u00e4\u00e4n ilmoitusasiat ja k\u00e4sitell\u00e4\u00e4n muut mahdolliset esille tulevat asiat.<\/li>\n<\/ul>\n<\/li>\n<li>Kokouksen p\u00e4\u00e4tt\u00e4minen\n<ul>\n<li>Kokouksen puheenjohtaja p\u00e4\u00e4tt\u00e4\u00e4 kokouksen.<\/li>\n<\/ul>\n<\/li>\n<\/ol>\n<p>Esitet\u00e4\u00e4n diasarja oppilaiden turvallisuust\u00f6ist\u00e4.<\/p>\n","protected":false},"excerpt":{"rendered":"<p>Taivalkunnan kyl\u00e4t ry \u00a0 \u00a0 \u00a0 \u00a0 \u00a0 \u00a0 \u00a0 \u00a0 \u00a0 \u00a0 \u00a0 \u00a0 \u00a0 \u00a0 \u00a0 \u00a0 \u00a0 \u00a0 \u00a0 \u00a0 \u00a0 \u00a0 \u00a0 \u00a0 \u00a0 \u00a0 \u00a0 \u00a0 \u00a0ESITYSLISTA SYYSKOKOUS Aika: 16.11.2016 klo 18.30 Paikka: Taivalkunnan koulu, Taivalkunnantie 575, 37120 Nokia Kahvitarjoilu Kokouksen avaaminen Puheenjohtaja Olli Sorva avaa kokouksen. Kokouksen j\u00e4rjest\u00e4ytyminen Valitaan &hellip; <a href=\"https:\/\/www.nokiankylat.fi\/taivalkunta\/yhdistykset\/taivalkunnan-kylat-ry\/kokoukset-ja-kylaillat\/syyskokous-16-11-2016\/esityslista-16-11-2016\/\">Jatkuu<\/a><\/p>\n","protected":false},"author":4,"featured_media":0,"parent":1697,"menu_order":0,"comment_status":"closed","ping_status":"closed","template":"","meta":{"_acf_changed":false,"footnotes":""},"class_list":["post-1700","page","type-page","status-publish","hentry"],"acf":[],"_links":{"self":[{"href":"https:\/\/www.nokiankylat.fi\/taivalkunta\/wp-json\/wp\/v2\/pages\/1700","targetHints":{"allow":["GET"]}}],"collection":[{"href":"https:\/\/www.nokiankylat.fi\/taivalkunta\/wp-json\/wp\/v2\/pages"}],"about":[{"href":"https:\/\/www.nokiankylat.fi\/taivalkunta\/wp-json\/wp\/v2\/types\/page"}],"author":[{"embeddable":true,"href":"https:\/\/www.nokiankylat.fi\/taivalkunta\/wp-json\/wp\/v2\/users\/4"}],"replies":[{"embeddable":true,"href":"https:\/\/www.nokiankylat.fi\/taivalkunta\/wp-json\/wp\/v2\/comments?post=1700"}],"version-history":[{"count":5,"href":"https:\/\/www.nokiankylat.fi\/taivalkunta\/wp-json\/wp\/v2\/pages\/1700\/revisions"}],"predecessor-version":[{"id":1712,"href":"https:\/\/www.nokiankylat.fi\/taivalkunta\/wp-json\/wp\/v2\/pages\/1700\/revisions\/1712"}],"up":[{"embeddable":true,"href":"https:\/\/www.nokiankylat.fi\/taivalkunta\/wp-json\/wp\/v2\/pages\/1697"}],"wp:attachment":[{"href":"https:\/\/www.nokiankylat.fi\/taivalkunta\/wp-json\/wp\/v2\/media?parent=1700"}],"curies":[{"name":"wp","href":"https:\/\/api.w.org\/{rel}","templated":true}]}}