{"id":180,"date":"2016-01-18T18:58:41","date_gmt":"2016-01-18T16:58:41","guid":{"rendered":"http:\/\/nokiankylat.wysiwyg.fi\/taivalkunta\/?page_id=180"},"modified":"2023-03-17T18:00:46","modified_gmt":"2023-03-17T16:00:46","slug":"kylayhdistyksen-saannot","status":"publish","type":"page","link":"https:\/\/www.nokiankylat.fi\/taivalkunta\/yhdistykset\/taivalkunnan-kylat-ry\/kylayhdistyksen-saannot\/","title":{"rendered":"Kyl\u00e4yhdistyksen s\u00e4\u00e4nn\u00f6t"},"content":{"rendered":"<p>S\u00c4\u00c4NN\u00d6T<\/p>\n<p>1 \u00a7 NIMI, KOTIPAIKKA JA TOIMINTA-ALUE<\/p>\n<p>Yhdistyksen nimi on Taivalkunnan kyl\u00e4t ry ja sen kotipaikka on Nokian kaupunki. Yhdistyksen toiminta-alueena on koko Taivalkunta koostuen seuraavista kylist\u00e4: Taipale, Kohmala, Kennola, Vastam\u00e4ki, Memmola, Kassila, Haapaniemi, Kontaa, Lukkila ja K\u00e4rjenmaa.<\/p>\n<p>2 \u00a7 TARKOITUS JA TOIMINTAMUODOT<\/p>\n<p>Yhdistyksen tarkoituksena on toimia Taivalkunnan asukkaiden ja yhteis\u00f6jen yhteisty\u00f6elimen\u00e4 pyrkimyksiss\u00e4 parantaa edell\u00e4 mainituilla alueilla vakituisesti tai vapaa-aikanaan asuvien ihmisten hyvinvointia.<\/p>\n<p>Yhdistyksen tarkoituksena on kannustaa toiminta-alueensa asukkaita yhteistoimintaan kotiseutunsa kehitt\u00e4miseksi sek\u00e4 kehitt\u00e4\u00e4 yhteisty\u00f6t\u00e4 toiminta-alueensa p\u00e4\u00e4tt\u00e4jien ja viranhaltijoiden kanssa kylien kehitt\u00e4misess\u00e4 ja kylien asukkaiden hyvinvoinnin parantamisessa. Tarkoituksena on verkostoitua muiden vastaavien tahojen ja maaseudun kehitt\u00e4misorganisaatioiden kanssa.<\/p>\n<p>Tarkoituksensa toteuttamiseksi yhdistys<\/p>\n<ol>\n<li>osallistuu toiminta-alueensa strategian ja erityisesti haja-asutusaluestrategian toteuttamiseen ja sen p\u00e4ivitt\u00e4miseen<\/li>\n<li>osallistuu toiminta-alueen kehitt\u00e4miseen yhteisty\u00f6ss\u00e4 asukkaiden, yritysten, yhteis\u00f6jen ja muiden organisaatioiden kanssa<\/li>\n<li>edist\u00e4\u00e4 j\u00e4senten ja kunnan v\u00e4list\u00e4 yhteisty\u00f6t\u00e4 j\u00e4rjest\u00e4m\u00e4ll\u00e4 kokouksia, seminaareja ja muita vastaavia tilaisuuksia<\/li>\n<li>j\u00e4rjest\u00e4\u00e4 koulutus-, neuvonta- ja tiedotustilaisuuksia<\/li>\n<li>toimii toiminta-alueensa kehitt\u00e4misyhteisty\u00f6ss\u00e4 j\u00e4sentens\u00e4 yhteisty\u00f6elimen\u00e4<\/li>\n<li>antaa lausuntoja ja tekee esityksi\u00e4<\/li>\n<li>voi edist\u00e4\u00e4 tarkoituksensa toteuttamista muilla samankaltaisilla tavoilla kuin edell\u00e4 kohdissa 1. \u2013 7. on mainittu<\/li>\n<\/ol>\n<p>Toimintansa tukemiseksi yhdistys voi ottaa vastaan lahjoituksia ja avustuksia, ja se voi omistaa toimintaansa varten tarpeellista kiinte\u00e4\u00e4 ja irtainta omaisuutta sek\u00e4 voi toimeenpanna asianmukaisella luvalla arpajaisia ja rahanker\u00e4yksi\u00e4.<\/p>\n<p>Yhdistyksen toiminnan tarkoituksena ei ole voiton tai muun v\u00e4litt\u00f6m\u00e4n taloudellisen edun hankkiminen siihen osallisille.<\/p>\n<p>3 \u00a7 J\u00c4SENET<\/p>\n<p>Yhdistyksen varsinaisiksi j\u00e4seniksi voivat liitty\u00e4 yhdistyksen toiminta-alueella vakituisesti tai osa-aikaisesti asuvat yksityiset henkil\u00f6t sek\u00e4 rekister\u00f6idyt yhdistykset, s\u00e4\u00e4ti\u00f6t ja muut oikeustoimikelpoiset yhteis\u00f6t, joilla on rekister\u00f6ity kotipaikka yhdistyksen toiminta-alueella.<\/p>\n<p>Tukij\u00e4seneksi eli kannattajaj\u00e4seneksi voidaan hyv\u00e4ksy\u00e4 yksityinen henkil\u00f6, rekister\u00f6ity yhdistys, s\u00e4\u00e4ti\u00f6 sek\u00e4 muu oikeuskelpoinen yhteis\u00f6. Kannattajaj\u00e4senill\u00e4 on yhdistyksen kokouksissa l\u00e4sn\u00e4olo- sek\u00e4 puheoikeus mutta ei \u00e4\u00e4nioikeutta.<\/p>\n<p>Yhdistyksen hallitus p\u00e4\u00e4tt\u00e4\u00e4 uusien j\u00e4senten hyv\u00e4ksymisest\u00e4 yhdistyksen j\u00e4seniksi. J\u00e4seniksi liittyvien yhdistysten tulee ilmoittaa liittymisajankohdan j\u00e4senm\u00e4\u00e4r\u00e4. Yhdistyksen toiminta-alueen kaikilla vakituisilla ja vapaa-ajan asukkailla on l\u00e4sn\u00e4olo-oikeus yhdistyksen kokouksissa.<\/p>\n<p>&nbsp;<\/p>\n<p>4 \u00a7 LIITTYMISMAKSU JA J\u00c4SENMAKSU<\/p>\n<p>Yhdistyksen j\u00e4senet suorittavat yhdistykseen liittyess\u00e4\u00e4n kertakaikkisen liittymismaksun, jonka eurom\u00e4\u00e4r\u00e4n yhdistyksen syyskokous m\u00e4\u00e4r\u00e4\u00e4 erikseen varsinaisten j\u00e4senten ja kannattajaj\u00e4senten osalta.<\/p>\n<p>Yhdistyksen varsinaisilta j\u00e4senilt\u00e4 ja kannattajaj\u00e4senilt\u00e4 perit\u00e4\u00e4n vuotuiset j\u00e4senmaksut, joiden eurom\u00e4\u00e4rist\u00e4 sek\u00e4 maksuajankohdista kummallekin j\u00e4senryhm\u00e4lle p\u00e4\u00e4tt\u00e4\u00e4 yhdistyksen syyskokous.<\/p>\n<p>5 \u00a7 YHDISTYKSEN KOKOUKSET<\/p>\n<p>Yhdistyksen kokoukseen voidaan osallistua hallituksen tai yhdistyksen kokouksen niin p\u00e4\u00e4tt\u00e4ess\u00e4 my\u00f6s tietoliikenneyhteyden tai muun teknisen apuv\u00e4lineen avulla kokouksen aikana tai ennen kokousta. Yhdistys pit\u00e4\u00e4 kalenterivuosittain kaksi varsinaista kokousta hallituksen m\u00e4\u00e4r\u00e4\u00e4m\u00e4n\u00e4 ajankohtana: kev\u00e4tkokouksen huhtikuun loppuun menness\u00e4 ja syyskokouksen marraskuun loppuun menness\u00e4.<\/p>\n<p>Ylim\u00e4\u00e4r\u00e4inen yhdistyksen kokous pidet\u00e4\u00e4n, kun yhdistyksen kokous niin p\u00e4\u00e4tt\u00e4\u00e4 tai yhdistyksen hallitus katsoo siihen olevan aihetta taikka v\u00e4hint\u00e4\u00e4n yksi kymmenesosa (1\/10) yhdistyksen \u00e4\u00e4nioikeutetuista j\u00e4senist\u00e4 erikseen ilmoitettua tarkoitusta varten kirjallisesti niin vaatii yhdistyksen hallitukselta. Yhdistyksen hallituksen on kutsuttava kokous koolle viimeist\u00e4\u00e4n kolmenkymmenen (30) vuorokauden kuluessa siit\u00e4, kun vaatimus sen pit\u00e4misest\u00e4 on esitetty hallitukselle.<\/p>\n<p>Yhdistyksen kokouksiin yhdistysj\u00e4senet ovat oikeutettuja l\u00e4hett\u00e4m\u00e4\u00e4n kukin yhden \u00e4\u00e4nivaltaisen edustajan. Yksi henkil\u00f6 voi edustaa vain yht\u00e4 j\u00e4senyhdistyst\u00e4.<\/p>\n<p>Yhdistyksen j\u00e4senin\u00e4 olevat s\u00e4\u00e4ti\u00f6t ja muut oikeustoimikelpoiset yhteis\u00f6t ovat oikeutettuja l\u00e4hett\u00e4m\u00e4\u00e4n yhden \u00e4\u00e4nivaltaisen edustajan yhdistyksen kokouksiin.<\/p>\n<p>Kullakin edustajalla ja henkil\u00f6j\u00e4senell\u00e4 on kokouksessa yksi \u00e4\u00e4ni. Yhdistyksen p\u00e4\u00e4t\u00f6kseksi tulee, ellei n\u00e4iss\u00e4 s\u00e4\u00e4nn\u00f6iss\u00e4 toisin m\u00e4\u00e4r\u00e4t\u00e4:<\/p>\n<ol>\n<li>se mielipide, jota on kannattanut yli puolet \u00e4\u00e4nestyksess\u00e4 annetuista \u00e4\u00e4nist\u00e4,<\/li>\n<li>\u00e4\u00e4nten menness\u00e4 tasan se mielipide, jota kokouksen puheenjohtaja ilmoittaa kannattavansa, vaaleissa kuitenkin arpa.<\/li>\n<\/ol>\n<p>Kokouskutsu yhdistyksen kokoukseen on l\u00e4hetett\u00e4v\u00e4 kullekin j\u00e4senelle s\u00e4hk\u00f6postitse tai kirjeitse j\u00e4senen j\u00e4senluetteloon ilmoittamalla s\u00e4hk\u00f6postiosoitteella tai postiosoitteella tai yhdistyksen kotipaikkakunnalla ilmestyv\u00e4ss\u00e4 sanomalehdess\u00e4 viimeist\u00e4\u00e4n seitsem\u00e4n (7) p\u00e4iv\u00e4\u00e4 ennen kokousta. Kutsussa on mainittava kokouksessa k\u00e4sitelt\u00e4v\u00e4t asiat.<\/p>\n<p>6 \u00a7 YHDISTYKSEN KOKOUKSISSA K\u00c4SITELT\u00c4V\u00c4T ASIAT<\/p>\n<p>Yhdistyksen kev\u00e4tkokouksessa k\u00e4sitelt\u00e4v\u00e4t asiat:<\/p>\n<ol>\n<li>Kokouksen avaus<\/li>\n<li>Valitaan kokouksen puheenjohtaja, sihteeri, kaksi p\u00f6yt\u00e4kirjantarkastajaa ja kaksi \u00e4\u00e4ntenlaskijaa<\/li>\n<li>Todetaan kokouksen laillisuus ja p\u00e4\u00e4t\u00f6svaltaisuus<\/li>\n<li>Hyv\u00e4ksyt\u00e4\u00e4n kokouksen ty\u00f6j\u00e4rjestys<\/li>\n<li>Esitet\u00e4\u00e4n tilinp\u00e4\u00e4t\u00f6s, vuosikertomus ja toiminnantarkastajien lausunto<\/li>\n<li>P\u00e4\u00e4tet\u00e4\u00e4n tilinp\u00e4\u00e4t\u00f6ksen vahvistamisesta ja vastuuvapauden my\u00f6nt\u00e4misest\u00e4 hallitukselle ja muille tilivelvollisille<\/li>\n<li>K\u00e4sitell\u00e4\u00e4n muut kokouskutsussa mainitut asiat<\/li>\n<li>Kokouksen p\u00e4\u00e4tt\u00e4minen<\/li>\n<\/ol>\n<p>Yhdistyksen syyskokouksessa k\u00e4sitelt\u00e4v\u00e4t asiat:<\/p>\n<ol>\n<li>Kokouksen avaus<\/li>\n<li>Valitaan kokouksen puheenjohtaja, sihteeri, kaksi p\u00f6yt\u00e4kirjantarkastajaa ja kaksi \u00e4\u00e4ntenlaskijaa<\/li>\n<li>Todetaan kokouksen laillisuus ja p\u00e4\u00e4t\u00f6svaltaisuus<\/li>\n<li>Hyv\u00e4ksyt\u00e4\u00e4n kokouksen ty\u00f6j\u00e4rjestys<\/li>\n<li>Vahvistetaan seuraavan kalenterivuoden toimintasuunnitelma, tulo- ja menoarvio sek\u00e4 liittymis- ja j\u00e4senmaksun suuruus varsinaisten j\u00e4senten sek\u00e4 kannattajaj\u00e4senten osalta<\/li>\n<li>Valitaan hallituksen puheenjohtaja erovuoroisen puheenjohtajan tilalle seuraavaksi kalenterivuodeksi<\/li>\n<li>P\u00e4\u00e4tet\u00e4\u00e4n hallituksen j\u00e4senten lukum\u00e4\u00e4r\u00e4 sek\u00e4 valitaan tarvittavat hallituksen j\u00e4senet erovuoroisten tilalle seuraavaksi kahdeksi kalenterivuodeksi<\/li>\n<li>Valitaan toiminnantarkastaja ja varatoiminnantarkastaja<\/li>\n<li>K\u00e4sitell\u00e4\u00e4n muut kokouskutsussa mainitut asiat<\/li>\n<li>Kokouksen p\u00e4\u00e4tt\u00e4minen<\/li>\n<\/ol>\n<p>7 \u00a7 YHDISTYKSEN HALLITUS<\/p>\n<p>Yhdistyksen asioita hoitaa hallitus. Hallitukseen kuuluu kalenterivuodeksi valittu puheenjohtaja ja v\u00e4hint\u00e4\u00e4n kolme (3) ja enint\u00e4\u00e4n kahdeksan (8) kahdeksi kalenterivuodeksi valittua j\u00e4sent\u00e4. Hallituksen tulee, mik\u00e4li mahdollista, edustaa alueellisesti tasapuolisesti koko toiminta-aluetta.<\/p>\n<p>Hallituksen j\u00e4senist\u00e4 on erovuorossa vuosittain kaksivuotisen toimikautensa p\u00e4\u00e4tt\u00e4v\u00e4t j\u00e4senet. Eroamisj\u00e4rjestyksen m\u00e4\u00e4r\u00e4\u00e4 ensimm\u00e4isell\u00e4 kerralla arpa, jolloin puolet hallituksen j\u00e4senist\u00e4 on erovuorossa.<\/p>\n<p>Hallitus valitsee keskuudestaan varapuheenjohtajan sek\u00e4 ottaa keskuudestaan tai ulkopuolelta sihteerin, taloudenhoitajan ja muut tarvittavat toimihenkil\u00f6t.<\/p>\n<p>Hallitus kokoontuu puheenjohtajan tai h\u00e4nen estyneen\u00e4 ollessaan varapuheenjohtajan kutsusta. Puheenjohtajan\/varapuheenjohtajan on kutsuttava hallitus kokoon, kun h\u00e4n katsoo siihen olevan aihetta tai kun v\u00e4hint\u00e4\u00e4n puolet hallituksen j\u00e4senist\u00e4 sit\u00e4 vaatii.<\/p>\n<p>Hallitus on p\u00e4\u00e4t\u00f6svaltainen, kun v\u00e4hint\u00e4\u00e4n puolet hallituksen j\u00e4senist\u00e4, puheenjohtaja tai varapuheenjohtaja mukaan luettuna on saapuvilla.<\/p>\n<p>P\u00e4\u00e4t\u00f6kset hallituksen kokouksissa tehd\u00e4\u00e4n yksinkertaisella \u00e4\u00e4ntenenemmist\u00f6ll\u00e4. \u00c4\u00e4nten menness\u00e4 tasan ratkaisee puheenjohtajan \u00e4\u00e4ni, paitsi vaaleissa ratkaisee arpa. Hallituksen kokouksista on pidett\u00e4v\u00e4 p\u00e4\u00e4t\u00f6sp\u00f6yt\u00e4kirjaa.<\/p>\n<p>Hallitus voi tarvittaessa perustaa avukseen toimikuntia ja ty\u00f6ryhmi\u00e4.<\/p>\n<p>8 \u00a7 HALLITUKSEN TEHT\u00c4V\u00c4T<\/p>\n<p>Hallituksen teht\u00e4v\u00e4n\u00e4 on:<\/p>\n<ul>\n<li>suunnitella ja johtaa yhdistyksen toimintaa<\/li>\n<li>valvoa, ett\u00e4 yhdistyksen taloutta ja omaisuutta hoidetaan huolella<\/li>\n<li>laatia ehdotus toimintasuunnitelmaksi ja tulo- ja menoarvioehdotus, selostus yhdistyksen taloudellisesta tilasta ja vuosikertomus yhdistyksen toiminnasta sek\u00e4 p\u00e4\u00e4tt\u00e4\u00e4 vuosittain yhdistyksen tilit<\/li>\n<li>valmistella yhdistyksen kokouksissa k\u00e4sitelt\u00e4v\u00e4t asiat sek\u00e4 panna toimeen kokousten p\u00e4\u00e4t\u00f6kset<\/li>\n<li>ottaa ja erottaa yhdistyksen toimihenkil\u00f6t sek\u00e4 p\u00e4\u00e4tt\u00e4\u00e4 heid\u00e4n teht\u00e4vist\u00e4\u00e4n ja palkkaeduistaan<\/li>\n<li>p\u00e4\u00e4tt\u00e4\u00e4 7 \u00a7:ss\u00e4 mainittujen toimikuntien ja ty\u00f6ryhmien asettamisesta, niiden j\u00e4senten valitsemisesta ja toimintaohjeiden antamisesta<\/li>\n<li>p\u00e4\u00e4tt\u00e4\u00e4 hankkeiden hyv\u00e4ksymisest\u00e4, valvoa hankety\u00f6ryhmi\u00e4 sek\u00e4 pyyt\u00e4\u00e4 tarvittaessa asiantuntijalausuntoja<\/li>\n<li>suorittaa muut yhdistyslain perusteella hallitukselle kuuluvat teht\u00e4v\u00e4t, n\u00e4iss\u00e4 s\u00e4\u00e4nn\u00f6iss\u00e4 mainitut teht\u00e4v\u00e4t ja yhdistyskokouksen hallitukselle osoittamat teht\u00e4v\u00e4t.<\/li>\n<\/ul>\n<p>9 \u00a7 NIMEN KIRJOITTAMINEN<\/p>\n<p>Yhdistyksen nimen kirjoittaa hallituksen puheenjohtaja ja varapuheenjohtaja yhdess\u00e4 tai jompikumpi heist\u00e4 yhdess\u00e4 sihteerin tai taloudenhoitajan kanssa.<\/p>\n<p>10 \u00a7 TOIMINTA- JA TILIKAUSI<\/p>\n<p>Yhdistyksen toiminta- ja tilikausi on kalenterivuosi.<\/p>\n<p>Tilinp\u00e4\u00e4t\u00f6s tarvittavine asiakirjoineen ja hallituksen vuosikertomus on annettava toiminnantarkastajalle viimeist\u00e4\u00e4n kuukautta ennen kev\u00e4tkokousta. Toiminnantarkastajan tulee antaa hallitukselle kirjallinen lausuntonsa viimeist\u00e4\u00e4n kaksi viikkoa ennen kev\u00e4tkokousta.<\/p>\n<p>11 \u00a7 YHDISTYKSEST\u00c4 EROAMINEN<\/p>\n<p>J\u00e4sen voi erota yhdistyksest\u00e4 ilmoittamalla siit\u00e4 kirjallisesti yhdistyksen hallitukselle tai sen puheenjohtajalle tai ilmoittamalla erosta yhdistyksen kokouksessa p\u00f6yt\u00e4kirjaan merkitt\u00e4v\u00e4ksi.<\/p>\n<p>Hallitus voi erottaa j\u00e4senen yhdistyksest\u00e4, jos j\u00e4sen on j\u00e4tt\u00e4nyt j\u00e4senmaksunsa maksamatta kahtena per\u00e4kk\u00e4isen\u00e4 vuotena tai on muuten j\u00e4tt\u00e4nyt t\u00e4ytt\u00e4m\u00e4tt\u00e4 ne velvoitukset, joihin j\u00e4sen on yhdistykseen liittym\u00e4ll\u00e4 sitoutunut tai on menettelyll\u00e4\u00e4n yhdistyksess\u00e4 tai sen ulkopuolella huomattavasti vahingoittanut yhdistyst\u00e4 tai ei en\u00e4\u00e4 t\u00e4yt\u00e4 laissa tai yhdistyksen s\u00e4\u00e4nn\u00f6iss\u00e4 mainittuja j\u00e4senyyden ehtoja.<\/p>\n<p>12 \u00a7 S\u00c4\u00c4NT\u00d6JEN MUUTTAMINEN, YHDISTYKSEN PURKAMINEN ja VAROJEN K\u00c4YTT\u00d6<\/p>\n<p>P\u00e4\u00e4t\u00f6s s\u00e4\u00e4nt\u00f6jen muuttamisesta ja yhdistyksen purkamisesta on teht\u00e4v\u00e4 yhdistyksen kokouksessa v\u00e4hint\u00e4\u00e4n kolmen nelj\u00e4sosan (3\/4) enemmist\u00f6ll\u00e4 annetuista \u00e4\u00e4nist\u00e4. Kokouskutsussa on mainittava s\u00e4\u00e4nt\u00f6jen muuttamisesta tai yhdistyksen purkamisesta.<\/p>\n<p>Yhdistyksen purkautuessa tai yhdistyksen tullessa lakkautetuksi yhdistyksen viimeinen yhdistyskokous m\u00e4\u00e4r\u00e4\u00e4 varojen k\u00e4yt\u00f6st\u00e4, jotka tulee k\u00e4ytt\u00e4\u00e4 yhdistyksen tarkoituksen edist\u00e4miseen yhdistyksen toiminta-alueella purkautumisesta p\u00e4\u00e4tt\u00e4v\u00e4n kokouksen m\u00e4\u00e4r\u00e4\u00e4m\u00e4ll\u00e4 tavalla.<\/p>\n<p>13 \u00a7<\/p>\n<p>Edell\u00e4 olevien m\u00e4\u00e4r\u00e4ysten lis\u00e4ksi yhdistyksen toiminnassa noudatetaan voimassa olevan yhdistyslain s\u00e4\u00e4nn\u00f6ksi\u00e4.<\/p>\n","protected":false},"excerpt":{"rendered":"<p>S\u00c4\u00c4NN\u00d6T 1 \u00a7 NIMI, KOTIPAIKKA JA TOIMINTA-ALUE Yhdistyksen nimi on Taivalkunnan kyl\u00e4t ry ja sen kotipaikka on Nokian kaupunki. Yhdistyksen toiminta-alueena on koko Taivalkunta koostuen seuraavista kylist\u00e4: Taipale, Kohmala, Kennola, Vastam\u00e4ki, Memmola, Kassila, Haapaniemi, Kontaa, Lukkila ja K\u00e4rjenmaa. 2 \u00a7 TARKOITUS JA TOIMINTAMUODOT Yhdistyksen tarkoituksena on toimia Taivalkunnan asukkaiden ja yhteis\u00f6jen yhteisty\u00f6elimen\u00e4 pyrkimyksiss\u00e4 parantaa edell\u00e4 &hellip; <a href=\"https:\/\/www.nokiankylat.fi\/taivalkunta\/yhdistykset\/taivalkunnan-kylat-ry\/kylayhdistyksen-saannot\/\">Jatkuu<\/a><\/p>\n","protected":false},"author":4,"featured_media":0,"parent":43,"menu_order":0,"comment_status":"closed","ping_status":"closed","template":"","meta":{"_acf_changed":false,"footnotes":""},"class_list":["post-180","page","type-page","status-publish","hentry"],"acf":[],"_links":{"self":[{"href":"https:\/\/www.nokiankylat.fi\/taivalkunta\/wp-json\/wp\/v2\/pages\/180","targetHints":{"allow":["GET"]}}],"collection":[{"href":"https:\/\/www.nokiankylat.fi\/taivalkunta\/wp-json\/wp\/v2\/pages"}],"about":[{"href":"https:\/\/www.nokiankylat.fi\/taivalkunta\/wp-json\/wp\/v2\/types\/page"}],"author":[{"embeddable":true,"href":"https:\/\/www.nokiankylat.fi\/taivalkunta\/wp-json\/wp\/v2\/users\/4"}],"replies":[{"embeddable":true,"href":"https:\/\/www.nokiankylat.fi\/taivalkunta\/wp-json\/wp\/v2\/comments?post=180"}],"version-history":[{"count":2,"href":"https:\/\/www.nokiankylat.fi\/taivalkunta\/wp-json\/wp\/v2\/pages\/180\/revisions"}],"predecessor-version":[{"id":4427,"href":"https:\/\/www.nokiankylat.fi\/taivalkunta\/wp-json\/wp\/v2\/pages\/180\/revisions\/4427"}],"up":[{"embeddable":true,"href":"https:\/\/www.nokiankylat.fi\/taivalkunta\/wp-json\/wp\/v2\/pages\/43"}],"wp:attachment":[{"href":"https:\/\/www.nokiankylat.fi\/taivalkunta\/wp-json\/wp\/v2\/media?parent=180"}],"curies":[{"name":"wp","href":"https:\/\/api.w.org\/{rel}","templated":true}]}}