{"id":2012,"date":"2017-02-28T09:20:34","date_gmt":"2017-02-28T07:20:34","guid":{"rendered":"http:\/\/www.nokiankylat.fi\/taivalkunta\/?page_id=2012"},"modified":"2017-02-28T09:21:11","modified_gmt":"2017-02-28T07:21:11","slug":"kylakirje-28-2-2017","status":"publish","type":"page","link":"https:\/\/www.nokiankylat.fi\/taivalkunta\/yhdistykset\/taivalkunnan-kylat-ry\/kylayhdistyksen-arkisto\/kylakirjeet\/kylakirjeet-2017\/kylakirje-28-2-2017\/","title":{"rendered":"Kyl\u00e4kirje 28-2-2017"},"content":{"rendered":"<p>T\u00e4n\u00e4\u00e4n on kulttuurin p\u00e4iv\u00e4 (Kalevalan p\u00e4iv\u00e4). Kyl\u00e4kulttuuria on Suomessa vahvasti ja sen hyvi\u00e4 puolia kannattaa vaalia ja soveltaa t\u00e4h\u00e4n p\u00e4iv\u00e4\u00e4n.<\/p>\n<p>Kuntailta oli 23.2.2017 valtuustosalissa. Teemana oli yhteis\u00f6llisyys ja arjen turvallisuus muuttuvassa yhteiskunnassa. Olin siell\u00e4 ilmeisesti ainoana Taivalkuntalaisena mukana kuuntelemassa ja keskustelemassa t\u00e4st\u00e4 ajankohtaisesta asiasta. Kyl\u00e4mme sivuilla uutisissa on tilaisuudesta muutama eri osapuolten sitaatti. K\u00e4yk\u00e4\u00e4p\u00e4 katsomassa.<\/p>\n<p>Kyl\u00e4yhdistyksen j\u00e4rjest\u00e4m\u00e4 kyl\u00e4ilta on ke <strong>15.3.2017 Taivalkunnan koululla klo 18.30<\/strong>. T\u00e4m\u00e4 ilta on nostalginen Nokia 80-teemainen. Esill\u00e4 on valokuvia kyl\u00e4st\u00e4mme kuvatarinoiden kera ennen ja j\u00e4lkeen tuon kotikaupunkimme syntym\u00e4n. Jos sinulla on vanhoja valokuvia, niin voi toimittaa niit\u00e4 etuk\u00e4teen minulle tai yhdistyksemme sihteerille Minna M\u00e4kiselle. Jos tied\u00e4t kuvan tarinan, niin liit\u00e4 se mukaan. Laita my\u00f6s yhteystietosi, jotta osaamme palauttaa kuvat sinulle takaisin. Halutessasi voit ottaa valokuvasi my\u00f6s mukaasi kyl\u00e4iltaan, niin heijastamme ne valkokankaalle.<\/p>\n<p>Kyl\u00e4illan vieras on yhteisty\u00f6kaverimme Kyl\u00e4aktivaattori Anna Kulmakorpi, joka tuo iltaamme Kantri ry:n terveiset ja pit\u00e4\u00e4 pienen alustuksen kyl\u00e4historiasta ja sen merkityksest\u00e4 kyl\u00e4lle sek\u00e4 miten sit\u00e4 kannattaa hy\u00f6dynt\u00e4\u00e4.<\/p>\n<p>Kyl\u00e4yhdistyksen <strong>kev\u00e4tkokous pidet\u00e4\u00e4n ke 26.4.2017 klo 18.30 koululla<\/strong>. Hallituksen esitys viime vuoden toimintakertomukseksi on n\u00e4ht\u00e4vill\u00e4 kotisivuillamme. Pirkanmaan j\u00e4tehuollon terveiset tuo P\u00e4ivi Koro. H\u00e4n kertoo miten mahdollisesti voisimme tehostaa kierr\u00e4tyst\u00e4 ja j\u00e4tteiden lajittelua ja mit\u00e4 tehd\u00e4 bioj\u00e4tteelle. Luvassa on my\u00f6s kahvit.<\/p>\n<p>Olin eilen puhelinkeskustelussa Heikki Kuulojan\/verkko-operaattori Elisa Oyj:n kanssa. H\u00e4n kertoi, ett\u00e4 valokuitu on tarkoitus tuoda l\u00e4hemm\u00e4ksi ja talohaarat tehd\u00e4 kuparina. Aikataulusta ei viel\u00e4 tied\u00e4, mutta erikseen ei operaattori kaivuulupia hae sinne, miss\u00e4 s\u00e4hk\u00f6yhti\u00f6 kaivaa, vaan niilt\u00e4 osin ty\u00f6 tehd\u00e4\u00e4n samanaikaisesti. Tietoliikenneverkon nopeus kyl\u00e4ll\u00e4mme siis paranee ja kun aikataulu selvi\u00e4\u00e4, niin Elisa alkaa markkinoida asiaa. N\u00e4in ainakin Heikki Kuuloja puhelimessa kertoi.<\/p>\n<p>Kyl\u00e4yhdistyksen ei ole mielek\u00e4st\u00e4 tietoliikenneasian eteen t\u00e4ss\u00e4 vaiheessa enemp\u00e4\u00e4 tehd\u00e4, mutta tarvittaessa palaamme asiaan. Eli (esim. Elisan) myym\u00e4l\u00f6ist\u00e4 voitte sitten itse kysell\u00e4, koska yhteys paranee, mutta viel\u00e4 ei heill\u00e4 sit\u00e4 tietoa ole. Olkaamme toiveikkaita.<\/p>\n<p>Kyl\u00e4yhdistyksen ohjenuorina ovat yhdistyksen s\u00e4\u00e4nn\u00f6t, kyl\u00e4suunnitelma, kyl\u00e4n turvallisuussuunnitelma sek\u00e4 syyskokouksen hyv\u00e4ksym\u00e4 toimintasuunnitelma. Nuo kaikki l\u00f6ytyv\u00e4t kotisivuiltamme ja ovat siis hallituksenkin toiminnan perusta.<\/p>\n<p>Taivalkunnan kyl\u00e4t ry pj. Olli Sorva, <a href=\"mailto:olli.sorva@nokiansahkotalo.fi\">olli.sorva(at)nokiansahkotalo.fi<\/a> p.050 5603 808 <a href=\"https:\/\/www.nokiankylat.fi\/taivalkunta\">www.nokiankylat.fi\/taivalkunta<\/a>, <a href=\"http:\/\/www.facebook.com\/taivalkunta\/\">www.facebook.com\/taivalkunta\/<\/a>.<\/p>\n","protected":false},"excerpt":{"rendered":"<p>T\u00e4n\u00e4\u00e4n on kulttuurin p\u00e4iv\u00e4 (Kalevalan p\u00e4iv\u00e4). Kyl\u00e4kulttuuria on Suomessa vahvasti ja sen hyvi\u00e4 puolia kannattaa vaalia ja soveltaa t\u00e4h\u00e4n p\u00e4iv\u00e4\u00e4n. Kuntailta oli 23.2.2017 valtuustosalissa. Teemana oli yhteis\u00f6llisyys ja arjen turvallisuus muuttuvassa yhteiskunnassa. Olin siell\u00e4 ilmeisesti ainoana Taivalkuntalaisena mukana kuuntelemassa ja keskustelemassa t\u00e4st\u00e4 ajankohtaisesta asiasta. Kyl\u00e4mme sivuilla uutisissa on tilaisuudesta muutama eri osapuolten sitaatti. K\u00e4yk\u00e4\u00e4p\u00e4 katsomassa. &hellip; <a href=\"https:\/\/www.nokiankylat.fi\/taivalkunta\/yhdistykset\/taivalkunnan-kylat-ry\/kylayhdistyksen-arkisto\/kylakirjeet\/kylakirjeet-2017\/kylakirje-28-2-2017\/\">Jatkuu<\/a><\/p>\n","protected":false},"author":4,"featured_media":0,"parent":1776,"menu_order":0,"comment_status":"closed","ping_status":"closed","template":"","meta":{"_acf_changed":false,"footnotes":""},"class_list":["post-2012","page","type-page","status-publish","hentry"],"acf":[],"_links":{"self":[{"href":"https:\/\/www.nokiankylat.fi\/taivalkunta\/wp-json\/wp\/v2\/pages\/2012","targetHints":{"allow":["GET"]}}],"collection":[{"href":"https:\/\/www.nokiankylat.fi\/taivalkunta\/wp-json\/wp\/v2\/pages"}],"about":[{"href":"https:\/\/www.nokiankylat.fi\/taivalkunta\/wp-json\/wp\/v2\/types\/page"}],"author":[{"embeddable":true,"href":"https:\/\/www.nokiankylat.fi\/taivalkunta\/wp-json\/wp\/v2\/users\/4"}],"replies":[{"embeddable":true,"href":"https:\/\/www.nokiankylat.fi\/taivalkunta\/wp-json\/wp\/v2\/comments?post=2012"}],"version-history":[{"count":1,"href":"https:\/\/www.nokiankylat.fi\/taivalkunta\/wp-json\/wp\/v2\/pages\/2012\/revisions"}],"predecessor-version":[{"id":2013,"href":"https:\/\/www.nokiankylat.fi\/taivalkunta\/wp-json\/wp\/v2\/pages\/2012\/revisions\/2013"}],"up":[{"embeddable":true,"href":"https:\/\/www.nokiankylat.fi\/taivalkunta\/wp-json\/wp\/v2\/pages\/1776"}],"wp:attachment":[{"href":"https:\/\/www.nokiankylat.fi\/taivalkunta\/wp-json\/wp\/v2\/media?parent=2012"}],"curies":[{"name":"wp","href":"https:\/\/api.w.org\/{rel}","templated":true}]}}