{"id":2068,"date":"2017-03-16T19:51:19","date_gmt":"2017-03-16T17:51:19","guid":{"rendered":"http:\/\/www.nokiankylat.fi\/taivalkunta\/?page_id=2068"},"modified":"2017-04-10T20:02:08","modified_gmt":"2017-04-10T17:02:08","slug":"kylailta-15-3-2017","status":"publish","type":"page","link":"https:\/\/www.nokiankylat.fi\/taivalkunta\/yhdistykset\/taivalkunnan-kylat-ry\/kokoukset-ja-kylaillat\/kylailta-15-3-2017\/","title":{"rendered":"Kyl\u00e4ilta 15-3-2017"},"content":{"rendered":"<p>Kyl\u00e4illan vieras 15.3 kello 18.30 oli yhteisty\u00f6kaverimme Kyl\u00e4aktivaattori Anna Kulmakorpi, joka toi iltaamme Kantri ry:n terveiset ja piti alustuksen kyl\u00e4historian merkityksest\u00e4 kyl\u00e4lle sek\u00e4 miten sit\u00e4 kannattaa hy\u00f6dynt\u00e4\u00e4.<\/p>\n<p>Olli Sorva Esitti 222-osaisen diasarjan kyl\u00e4n historiasta kuvin ja numeroin. N\u00e4in uusilla kyl\u00e4l\u00e4isill\u00e4 oli tilaisuus tutustua kyl\u00e4\u00e4nne tarkemmin ja n\u00e4hd\u00e4 takuulla mielenkiintoisia asioita esitettyn\u00e4.<\/p>\n<p>Kauemmin kyl\u00e4ll\u00e4 asuneet l\u00f6ysiv\u00e4t kuvista paljon tarinaa ja muistoja. Yhdess\u00e4 muistelimme ja verestimme muistia. Lopuksi viel\u00e4 katselimme kyl\u00e4l\u00e4isten mukanaan tuomia kuvia heijastaen\u00a0ne dokumenttikameralla kankaalle v\u00e4en n\u00e4ht\u00e4v\u00e4ksi.<\/p>\n<p>Ilta kului nopeasti ja kaikkia emme ehtineet katsoa, joten ilmeisesti ensi syksyn\u00e4 otetaan uusiksi ja osin uusin kuvin.<\/p>\n","protected":false},"excerpt":{"rendered":"<p>Kyl\u00e4illan vieras 15.3 kello 18.30 oli yhteisty\u00f6kaverimme Kyl\u00e4aktivaattori Anna Kulmakorpi, joka toi iltaamme Kantri ry:n terveiset ja piti alustuksen kyl\u00e4historian merkityksest\u00e4 kyl\u00e4lle sek\u00e4 miten sit\u00e4 kannattaa hy\u00f6dynt\u00e4\u00e4. Olli Sorva Esitti 222-osaisen diasarjan kyl\u00e4n historiasta kuvin ja numeroin. N\u00e4in uusilla kyl\u00e4l\u00e4isill\u00e4 oli tilaisuus tutustua kyl\u00e4\u00e4nne tarkemmin ja n\u00e4hd\u00e4 takuulla mielenkiintoisia asioita esitettyn\u00e4. Kauemmin kyl\u00e4ll\u00e4 asuneet l\u00f6ysiv\u00e4t &hellip; <a href=\"https:\/\/www.nokiankylat.fi\/taivalkunta\/yhdistykset\/taivalkunnan-kylat-ry\/kokoukset-ja-kylaillat\/kylailta-15-3-2017\/\">Jatkuu<\/a><\/p>\n","protected":false},"author":4,"featured_media":0,"parent":1034,"menu_order":0,"comment_status":"closed","ping_status":"closed","template":"","meta":{"_acf_changed":false,"footnotes":""},"class_list":["post-2068","page","type-page","status-publish","hentry"],"acf":[],"_links":{"self":[{"href":"https:\/\/www.nokiankylat.fi\/taivalkunta\/wp-json\/wp\/v2\/pages\/2068","targetHints":{"allow":["GET"]}}],"collection":[{"href":"https:\/\/www.nokiankylat.fi\/taivalkunta\/wp-json\/wp\/v2\/pages"}],"about":[{"href":"https:\/\/www.nokiankylat.fi\/taivalkunta\/wp-json\/wp\/v2\/types\/page"}],"author":[{"embeddable":true,"href":"https:\/\/www.nokiankylat.fi\/taivalkunta\/wp-json\/wp\/v2\/users\/4"}],"replies":[{"embeddable":true,"href":"https:\/\/www.nokiankylat.fi\/taivalkunta\/wp-json\/wp\/v2\/comments?post=2068"}],"version-history":[{"count":1,"href":"https:\/\/www.nokiankylat.fi\/taivalkunta\/wp-json\/wp\/v2\/pages\/2068\/revisions"}],"predecessor-version":[{"id":2069,"href":"https:\/\/www.nokiankylat.fi\/taivalkunta\/wp-json\/wp\/v2\/pages\/2068\/revisions\/2069"}],"up":[{"embeddable":true,"href":"https:\/\/www.nokiankylat.fi\/taivalkunta\/wp-json\/wp\/v2\/pages\/1034"}],"wp:attachment":[{"href":"https:\/\/www.nokiankylat.fi\/taivalkunta\/wp-json\/wp\/v2\/media?parent=2068"}],"curies":[{"name":"wp","href":"https:\/\/api.w.org\/{rel}","templated":true}]}}

Kyläilta 15-3-2017

<p>Kyläillan vieras 15.3 kello 18.30 oli yhteistyökaverimme Kyläaktivaattori Anna Kulmakorpi, joka toi iltaamme Kantri ry:n terveiset ja piti alustuksen kylähistorian merkityksestä kylälle sekä miten sitä kannattaa hyödyntää.</p>
<p>Olli Sorva Esitti 222-osaisen diasarjan kylän historiasta kuvin ja numeroin. Näin uusilla kyläläisillä oli tilaisuus tutustua kyläänne tarkemmin ja nähdä takuulla mielenkiintoisia asioita esitettynä.</p>
<p>Kauemmin kylällä asuneet löysivät kuvista paljon tarinaa ja muistoja. Yhdessä muistelimme ja verestimme muistia. Lopuksi vielä katselimme kyläläisten mukanaan tuomia kuvia heijastaen ne dokumenttikameralla kankaalle väen nähtäväksi.</p>
<p>Ilta kului nopeasti ja kaikkia emme ehtineet katsoa, joten ilmeisesti ensi syksynä otetaan uusiksi ja osin uusin kuvin.</p>

<p>Kyläillan vieras 15.3 kello 18.30 oli yhteistyökaverimme Kyläaktivaattori Anna Kulmakorpi, joka toi iltaamme Kantri ry:n terveiset ja piti alustuksen kylähistorian merkityksestä kylälle sekä miten sitä kannattaa hyödyntää. Olli Sorva Esitti 222-osaisen diasarjan kylän historiasta kuvin ja numeroin. Näin uusilla kyläläisillä oli tilaisuus tutustua kyläänne tarkemmin ja nähdä takuulla mielenkiintoisia asioita esitettynä. Kauemmin kylällä asuneet löysivät &hellip; <a href="https://www.nokiankylat.fi/taivalkunta/yhdistykset/taivalkunnan-kylat-ry/kokoukset-ja-kylaillat/kylailta-15-3-2017/">Jatkuu</a></p>
