{"id":2103,"date":"2017-04-27T07:41:35","date_gmt":"2017-04-27T04:41:35","guid":{"rendered":"http:\/\/www.nokiankylat.fi\/taivalkunta\/?page_id=2103"},"modified":"2017-04-27T07:41:35","modified_gmt":"2017-04-27T04:41:35","slug":"pihtikorventiella-2-14-5-2017-tiealueella-kaivuutoita","status":"publish","type":"page","link":"https:\/\/www.nokiankylat.fi\/taivalkunta\/yhdistykset\/tiehoitokunnat\/pihtikorventien-yksityistie\/pihtikorventiella-2-14-5-2017-tiealueella-kaivuutoita\/","title":{"rendered":"Pihtikorventiell\u00e4 2-14.5.2017 tiealueella kaivuut\u00f6it\u00e4"},"content":{"rendered":"<p>S\u00e4hk\u00f6kaapeleita asennetaan ja kaapeliojaa kaivetaan Pihtikorventiell\u00e4, josta aiheutuu haittaa tienk\u00e4ytt\u00e4jille.<a href=\"https:\/\/www.nokiankylat.fi\/taivalkunta\/wp-content\/uploads\/sites\/11\/2017\/04\/2017-04-27-e1493268027533.png\"><img loading=\"lazy\" decoding=\"async\" class=\"alignnone size-medium wp-image-2104\" src=\"https:\/\/www.nokiankylat.fi\/taivalkunta\/wp-content\/uploads\/sites\/11\/2017\/04\/2017-04-27-e1493268027533-210x300.png\" alt=\"\" width=\"210\" height=\"300\" \/><\/a><\/p>\n","protected":false},"excerpt":{"rendered":"<p>S\u00e4hk\u00f6kaapeleita asennetaan ja kaapeliojaa kaivetaan Pihtikorventiell\u00e4, josta aiheutuu haittaa tienk\u00e4ytt\u00e4jille.<\/p>\n","protected":false},"author":4,"featured_media":0,"parent":245,"menu_order":0,"comment_status":"closed","ping_status":"closed","template":"","meta":{"_acf_changed":false,"footnotes":""},"class_list":["post-2103","page","type-page","status-publish","hentry"],"acf":[],"_links":{"self":[{"href":"https:\/\/www.nokiankylat.fi\/taivalkunta\/wp-json\/wp\/v2\/pages\/2103","targetHints":{"allow":["GET"]}}],"collection":[{"href":"https:\/\/www.nokiankylat.fi\/taivalkunta\/wp-json\/wp\/v2\/pages"}],"about":[{"href":"https:\/\/www.nokiankylat.fi\/taivalkunta\/wp-json\/wp\/v2\/types\/page"}],"author":[{"embeddable":true,"href":"https:\/\/www.nokiankylat.fi\/taivalkunta\/wp-json\/wp\/v2\/users\/4"}],"replies":[{"embeddable":true,"href":"https:\/\/www.nokiankylat.fi\/taivalkunta\/wp-json\/wp\/v2\/comments?post=2103"}],"version-history":[{"count":1,"href":"https:\/\/www.nokiankylat.fi\/taivalkunta\/wp-json\/wp\/v2\/pages\/2103\/revisions"}],"predecessor-version":[{"id":2105,"href":"https:\/\/www.nokiankylat.fi\/taivalkunta\/wp-json\/wp\/v2\/pages\/2103\/revisions\/2105"}],"up":[{"embeddable":true,"href":"https:\/\/www.nokiankylat.fi\/taivalkunta\/wp-json\/wp\/v2\/pages\/245"}],"wp:attachment":[{"href":"https:\/\/www.nokiankylat.fi\/taivalkunta\/wp-json\/wp\/v2\/media?parent=2103"}],"curies":[{"name":"wp","href":"https:\/\/api.w.org\/{rel}","templated":true}]}}