{"id":212,"date":"2016-01-21T19:25:08","date_gmt":"2016-01-21T17:25:08","guid":{"rendered":"http:\/\/nokiankylat.wysiwyg.fi\/taivalkunta\/?page_id=212"},"modified":"2016-01-26T19:41:16","modified_gmt":"2016-01-26T17:41:16","slug":"kylayhdistyksen-hallitus-2015","status":"publish","type":"page","link":"https:\/\/www.nokiankylat.fi\/taivalkunta\/yhdistykset\/taivalkunnan-kylat-ry\/kylayhdistyksen-arkisto\/kylayhdistyksen-hallitus-2015\/","title":{"rendered":"Kyl\u00e4yhdistyksen hallitus 2015"},"content":{"rendered":"<h2>Hallitus\u00a02015<\/h2>\n<p>Puheenjohtaja: Olli Sorva<\/p>\n<p>Sihteeri: Minna M\u00e4kinen<\/p>\n<p>Rahastonhoitaja: Anja Mattila<\/p>\n<p>Varapuheenjohtaja: Tomi Teuho-Markkola<\/p>\n<p>Muut j\u00e4senet:Veijo Hynninen, Elina J\u00e4rvinen; Teemu Lehtim\u00e4ki, Terhi Leskinen, Tiina Stenvik<\/p>\n","protected":false},"excerpt":{"rendered":"<p>Hallitus\u00a02015 Puheenjohtaja: Olli Sorva Sihteeri: Minna M\u00e4kinen Rahastonhoitaja: Anja Mattila Varapuheenjohtaja: Tomi Teuho-Markkola Muut j\u00e4senet:Veijo Hynninen, Elina J\u00e4rvinen; Teemu Lehtim\u00e4ki, Terhi Leskinen, Tiina Stenvik<\/p>\n","protected":false},"author":4,"featured_media":0,"parent":186,"menu_order":0,"comment_status":"closed","ping_status":"closed","template":"","meta":{"_acf_changed":false,"footnotes":""},"class_list":["post-212","page","type-page","status-publish","hentry"],"acf":[],"_links":{"self":[{"href":"https:\/\/www.nokiankylat.fi\/taivalkunta\/wp-json\/wp\/v2\/pages\/212","targetHints":{"allow":["GET"]}}],"collection":[{"href":"https:\/\/www.nokiankylat.fi\/taivalkunta\/wp-json\/wp\/v2\/pages"}],"about":[{"href":"https:\/\/www.nokiankylat.fi\/taivalkunta\/wp-json\/wp\/v2\/types\/page"}],"author":[{"embeddable":true,"href":"https:\/\/www.nokiankylat.fi\/taivalkunta\/wp-json\/wp\/v2\/users\/4"}],"replies":[{"embeddable":true,"href":"https:\/\/www.nokiankylat.fi\/taivalkunta\/wp-json\/wp\/v2\/comments?post=212"}],"version-history":[{"count":3,"href":"https:\/\/www.nokiankylat.fi\/taivalkunta\/wp-json\/wp\/v2\/pages\/212\/revisions"}],"predecessor-version":[{"id":306,"href":"https:\/\/www.nokiankylat.fi\/taivalkunta\/wp-json\/wp\/v2\/pages\/212\/revisions\/306"}],"up":[{"embeddable":true,"href":"https:\/\/www.nokiankylat.fi\/taivalkunta\/wp-json\/wp\/v2\/pages\/186"}],"wp:attachment":[{"href":"https:\/\/www.nokiankylat.fi\/taivalkunta\/wp-json\/wp\/v2\/media?parent=212"}],"curies":[{"name":"wp","href":"https:\/\/api.w.org\/{rel}","templated":true}]}}