{"id":2121,"date":"2017-05-05T17:14:22","date_gmt":"2017-05-05T14:14:22","guid":{"rendered":"https:\/\/www.nokiankylat.fi\/taivalkunta\/?page_id=2121"},"modified":"2017-05-05T17:27:05","modified_gmt":"2017-05-05T14:27:05","slug":"kylakirje-5-5-2017","status":"publish","type":"page","link":"https:\/\/www.nokiankylat.fi\/taivalkunta\/yhdistykset\/taivalkunnan-kylat-ry\/kylayhdistyksen-arkisto\/kylakirjeet\/kylakirjeet-2017\/kylakirje-5-5-2017\/","title":{"rendered":"Kyl\u00e4kirje 5-5-2017"},"content":{"rendered":"<p>Kaikkien entisten ja nykyisten kyl\u00e4l\u00e4isten kev\u00e4\u00e4n yhteistapaaminen on 18.5 kello 18 kyl\u00e4n koululla. Tule ja tuo yst\u00e4v\u00e4sikin mukanasi viett\u00e4m\u00e4\u00e4n mukava iltahetki kanssamme.<\/p>\n<p><a href=\"https:\/\/www.nokiankylat.fi\/taivalkunta\/wp-content\/uploads\/sites\/11\/2017\/05\/2017-05-05-e1493993269262.png\"><img loading=\"lazy\" decoding=\"async\" class=\"alignnone size-medium wp-image-2119\" src=\"https:\/\/www.nokiankylat.fi\/taivalkunta\/wp-content\/uploads\/sites\/11\/2017\/05\/2017-05-05-e1493993269262-208x300.png\" alt=\"\" width=\"208\" height=\"300\" srcset=\"https:\/\/www.nokiankylat.fi\/taivalkunta\/wp-content\/uploads\/sites\/11\/2017\/05\/2017-05-05-e1493993269262-208x300.png 208w, https:\/\/www.nokiankylat.fi\/taivalkunta\/wp-content\/uploads\/sites\/11\/2017\/05\/2017-05-05-e1493993269262.png 540w\" sizes=\"auto, (max-width: 208px) 100vw, 208px\" \/><\/a><\/p>\n<p>Kutsun voit avata my\u00f6s PDF-tiedostona t\u00e4\u00e4lt\u00e4\u00a0<a href=\"https:\/\/www.nokiankylat.fi\/taivalkunta\/wp-content\/uploads\/sites\/11\/2017\/05\/KUTSU-KEV\u00c4TKARKELOIHIN-2017.pdf\">KUTSU KEV\u00c4TKARKELOIHIN 2017<\/a><\/p>\n","protected":false},"excerpt":{"rendered":"<p>Kaikkien entisten ja nykyisten kyl\u00e4l\u00e4isten kev\u00e4\u00e4n yhteistapaaminen on 18.5 kello 18 kyl\u00e4n koululla. Tule ja tuo yst\u00e4v\u00e4sikin mukanasi viett\u00e4m\u00e4\u00e4n mukava iltahetki kanssamme. Kutsun voit avata my\u00f6s PDF-tiedostona t\u00e4\u00e4lt\u00e4\u00a0KUTSU KEV\u00c4TKARKELOIHIN 2017<\/p>\n","protected":false},"author":4,"featured_media":0,"parent":1776,"menu_order":0,"comment_status":"closed","ping_status":"closed","template":"","meta":{"_acf_changed":false,"footnotes":""},"class_list":["post-2121","page","type-page","status-publish","hentry"],"acf":[],"_links":{"self":[{"href":"https:\/\/www.nokiankylat.fi\/taivalkunta\/wp-json\/wp\/v2\/pages\/2121","targetHints":{"allow":["GET"]}}],"collection":[{"href":"https:\/\/www.nokiankylat.fi\/taivalkunta\/wp-json\/wp\/v2\/pages"}],"about":[{"href":"https:\/\/www.nokiankylat.fi\/taivalkunta\/wp-json\/wp\/v2\/types\/page"}],"author":[{"embeddable":true,"href":"https:\/\/www.nokiankylat.fi\/taivalkunta\/wp-json\/wp\/v2\/users\/4"}],"replies":[{"embeddable":true,"href":"https:\/\/www.nokiankylat.fi\/taivalkunta\/wp-json\/wp\/v2\/comments?post=2121"}],"version-history":[{"count":4,"href":"https:\/\/www.nokiankylat.fi\/taivalkunta\/wp-json\/wp\/v2\/pages\/2121\/revisions"}],"predecessor-version":[{"id":2127,"href":"https:\/\/www.nokiankylat.fi\/taivalkunta\/wp-json\/wp\/v2\/pages\/2121\/revisions\/2127"}],"up":[{"embeddable":true,"href":"https:\/\/www.nokiankylat.fi\/taivalkunta\/wp-json\/wp\/v2\/pages\/1776"}],"wp:attachment":[{"href":"https:\/\/www.nokiankylat.fi\/taivalkunta\/wp-json\/wp\/v2\/media?parent=2121"}],"curies":[{"name":"wp","href":"https:\/\/api.w.org\/{rel}","templated":true}]}}