{"id":232,"date":"2016-01-23T20:37:56","date_gmt":"2016-01-23T18:37:56","guid":{"rendered":"http:\/\/nokiankylat.wysiwyg.fi\/taivalkunta\/?page_id=232"},"modified":"2016-01-23T20:38:07","modified_gmt":"2016-01-23T18:38:07","slug":"kylakirje-20-1-2016","status":"publish","type":"page","link":"https:\/\/www.nokiankylat.fi\/taivalkunta\/yhdistykset\/taivalkunnan-kylat-ry\/kylayhdistyksen-arkisto\/kylakirjeet\/kylakirjeet-2016\/kylakirje-20-1-2016\/","title":{"rendered":"Kyl\u00e4kirje 20-1-2016"},"content":{"rendered":"<h1><strong>Kutsu reippailemaan<\/strong><\/h1>\n<h2><strong>\u00a0<\/strong><\/h2>\n<h2><strong>TAIVALKUNNAN KOULULLA PERJANTAISIN<\/strong><\/h2>\n<h2><strong>ZUMBA JA KAHVAKUULA<\/strong><\/h2>\n<p>&nbsp;<\/p>\n<h3><strong>ZUMBA JATKUU TOTUTTUUN TAPAAN<\/strong><\/h3>\n<h3><strong>PERJANTAISIN KLO 18.00-19.00<\/strong><\/h3>\n<p><strong>\u00a0<\/strong><\/p>\n<h3><strong>KAHVAKUULA KLO 19.15-20.15<\/strong><\/h3>\n<h3><\/h3>\n<p>Mukaan oma kahvakuula (ohjaajalta voi my\u00f6s lainata), alusta, juomapullo ja sis\u00e4keng\u00e4t. Hinta on 6\u20ac\/kerta, 50\u20ac\/10xkortti. Sopii aloittelijoille ja aiemmin kuulailleille.<\/p>\n<p>Ohjauksissa on osittain harjoitteita my\u00f6s omalla kehonpainolla. Kahvakuula k\u00e4yt\u00f6ss\u00e4 ehk\u00e4 noin puolet ajasta, mutta sovittaessa ohjaaja voi tehd\u00e4 ohjelmia my\u00f6s niin, ett\u00e4\u00a0harjoitukset painottuvat enemm\u00e4n kahvakuulaan.<\/p>\n<p>Maksun voi suorittaa paikan p\u00e4\u00e4ll\u00e4 suoraan ohjaajalle.<\/p>\n<p>Ohjaajana Tanja Lamminen, Liikunnanohjaaja ja Personal Trainer.<\/p>\n<p>J\u00e4rjest\u00e4jin\u00e4 ovat Taivalkunnan kyl\u00e4t ry ja liikunnanohjaaja Tanja Lamminen. Lis\u00e4tietoa kahvakuulatunneista saat Tanjalta <a href=\"mailto:tanjalamminen1@gmail.com\">tanjalamminen1(at)gmail.com<\/a> tai 0405954219. Ota reippaasti yhteytt\u00e4, jos kysymyksi\u00e4 her\u00e4si.<\/p>\n<h3>Terveisin\u00a0pj. Olli Sorva<\/h3>\n<h3>Taivalkunnan kyl\u00e4t ry<\/h3>\n<p><a href=\"mailto:olli.sorva@nokiansahkotalo.fi\">olli.sorva(at)nokiansahkotalo.fi<\/a><\/p>\n<p>&nbsp;<\/p>\n<p>&nbsp;<\/p>\n","protected":false},"excerpt":{"rendered":"<p>Kutsu reippailemaan \u00a0 TAIVALKUNNAN KOULULLA PERJANTAISIN ZUMBA JA KAHVAKUULA &nbsp; ZUMBA JATKUU TOTUTTUUN TAPAAN PERJANTAISIN KLO 18.00-19.00 \u00a0 KAHVAKUULA KLO 19.15-20.15 Mukaan oma kahvakuula (ohjaajalta voi my\u00f6s lainata), alusta, juomapullo ja sis\u00e4keng\u00e4t. Hinta on 6\u20ac\/kerta, 50\u20ac\/10xkortti. Sopii aloittelijoille ja aiemmin kuulailleille. Ohjauksissa on osittain harjoitteita my\u00f6s omalla kehonpainolla. Kahvakuula k\u00e4yt\u00f6ss\u00e4 ehk\u00e4 noin puolet ajasta, mutta &hellip; <a href=\"https:\/\/www.nokiankylat.fi\/taivalkunta\/yhdistykset\/taivalkunnan-kylat-ry\/kylayhdistyksen-arkisto\/kylakirjeet\/kylakirjeet-2016\/kylakirje-20-1-2016\/\">Jatkuu<\/a><\/p>\n","protected":false},"author":4,"featured_media":0,"parent":184,"menu_order":0,"comment_status":"closed","ping_status":"closed","template":"","meta":{"_acf_changed":false,"footnotes":""},"class_list":["post-232","page","type-page","status-publish","hentry"],"acf":[],"_links":{"self":[{"href":"https:\/\/www.nokiankylat.fi\/taivalkunta\/wp-json\/wp\/v2\/pages\/232","targetHints":{"allow":["GET"]}}],"collection":[{"href":"https:\/\/www.nokiankylat.fi\/taivalkunta\/wp-json\/wp\/v2\/pages"}],"about":[{"href":"https:\/\/www.nokiankylat.fi\/taivalkunta\/wp-json\/wp\/v2\/types\/page"}],"author":[{"embeddable":true,"href":"https:\/\/www.nokiankylat.fi\/taivalkunta\/wp-json\/wp\/v2\/users\/4"}],"replies":[{"embeddable":true,"href":"https:\/\/www.nokiankylat.fi\/taivalkunta\/wp-json\/wp\/v2\/comments?post=232"}],"version-history":[{"count":2,"href":"https:\/\/www.nokiankylat.fi\/taivalkunta\/wp-json\/wp\/v2\/pages\/232\/revisions"}],"predecessor-version":[{"id":234,"href":"https:\/\/www.nokiankylat.fi\/taivalkunta\/wp-json\/wp\/v2\/pages\/232\/revisions\/234"}],"up":[{"embeddable":true,"href":"https:\/\/www.nokiankylat.fi\/taivalkunta\/wp-json\/wp\/v2\/pages\/184"}],"wp:attachment":[{"href":"https:\/\/www.nokiankylat.fi\/taivalkunta\/wp-json\/wp\/v2\/media?parent=232"}],"curies":[{"name":"wp","href":"https:\/\/api.w.org\/{rel}","templated":true}]}}