{"id":2491,"date":"2018-04-06T10:02:48","date_gmt":"2018-04-06T07:02:48","guid":{"rendered":"https:\/\/www.nokiankylat.fi\/taivalkunta\/?page_id=2491"},"modified":"2018-04-21T10:06:06","modified_gmt":"2018-04-21T07:06:06","slug":"suunnitelupalaverin-muistio-5-4-2018","status":"publish","type":"page","link":"https:\/\/www.nokiankylat.fi\/taivalkunta\/yhdistykset\/taivalkunnan-kylat-ry\/kokoukset-ja-kylaillat\/kevatkarkelot-18-5-2018\/suunnitelupalaverin-muistio-5-4-2018\/","title":{"rendered":"Suunnitelupalaverin muistio 5-4-2018"},"content":{"rendered":"<p><strong>Taivalkunnan Kev\u00e4tkarkeloiden suunnittelupalaveri \u00a0\u00a0\u00a0\u00a0\u00a0\u00a0\u00a0\u00a0\u00a0\u00a0\u00a0\u00a0\u00a0\u00a0\u00a0\u00a0\u00a0\u00a0\u00a0\u00a0\u00a0\u00a0\u00a0\u00a0\u00a0\u00a0\u00a0\u00a0\u00a0\u00a0\u00a0\u00a0\u00a0\u00a0\u00a0\u00a0\u00a0\u00a0\u00a0\u00a0 MUISTIO<\/strong><\/p>\n<p>Aika: ke 4.4.2018 kello 18:30<br \/>\nPaikka: Taivalkunnan koulu<br \/>\nL\u00e4sn\u00e4: Eeva-Liisa Hynninen, Elina J\u00e4rvinen, Minttu Ketonen, Teemu Lehtim\u00e4ki, Terhi Leskinen, Anja Mattila, Olli Sorva ja Jaana Sorvaniemi<\/p>\n<ul>\n<li>Olli toivotti osallistujat tervetulleiksi ja toimi puheenjohtajana.<\/li>\n<li>Sovittiin, ett\u00e4 Olli tekee t\u00e4st\u00e4 palaverista muistion.<\/li>\n<li>Kev\u00e4tkarkelot j\u00e4rjestet\u00e4\u00e4n Taivalkunnassa toimivien eri yhdistysten yhteisvoimin to 17.5.2018 kello 18:00 &#8211; 20:00 Taivalkunnan koululla.<\/li>\n<li>Tapahtuman mahdollinen tuotto kanavoidaan kokonaisuudessaan vanhempainyhdistyksen kautta koulun oppilaiden virkistystoimintaan.<\/li>\n<li>Olli tekee kutsut ja Taivalkunnan Kyl\u00e4t ry vastuullisena j\u00e4rjest\u00e4j\u00e4n\u00e4 jakaa kutsut postilaatikkoihin. Tilaisuudesta ilmoitellaan my\u00f6s kyl\u00e4postin (Olli), Facebookin (Minna) ja kotisivujen (Olli) kautta.<\/li>\n<li>Jaana tekee mainokset kyl\u00e4n koululle ja ilmoitustauluille viimeist\u00e4\u00e4n 2 viikkoa ennen tapahtumaa.<\/li>\n<li>Assilta saadaan tarvittaessa telttakatos ja Olli tuo sen koululle, jos s\u00e4\u00e4 sit\u00e4 edellytt\u00e4\u00e4.<\/li>\n<li>Anja hoitaa pohjakassat (2kpl) tapahtumaan<\/li>\n<li>Tomi hommaa ja tuo makkarat tapahtumaan (200kpl) sek\u00e4 makkarapussit.\n<ul>\n<li>makkarat myyd\u00e4\u00e4n 2eur\/kpl<\/li>\n<\/ul>\n<\/li>\n<li>Elina tuo k\u00e4sipaperit ja grillipihdit.<\/li>\n<li>Anja hommaa kahvin, teen, sokerin, ketsupin, sinapin ja mehun(3mehukattia) sek\u00e4 mukit ja lusikat kahville ja mukit mehulle.<\/li>\n<li>Olli ja Anja hoitavat termoskannut kahville ja teevedelle sek\u00e4 j\u00e4rjest\u00e4v\u00e4t kahvinkeitt\u00e4j\u00e4n.\n<ul>\n<li>kahvi ja mehu ilmaista<\/li>\n<\/ul>\n<\/li>\n<li>Anja ja Eeva hoitavat muurinpohjalettuihin taikinat, paiston tarvitsemat aineet ja v\u00e4lineet sek\u00e4 lautaset. He hommaavat my\u00f6s paistoon ja myyntiin tarvittavan miehityksen.\n<ul>\n<li>letut myyd\u00e4\u00e4n 2 eur\/kpl<\/li>\n<\/ul>\n<\/li>\n<li>Lettuhommaan Anja tuo 2X(kaasupullon, polttimen ja pannun) sek\u00e4 tulitikut. Eeva tai Terhi tuo 1X(\u2026\u2026\u2026.).<\/li>\n<li>Teemu tuo myyntip\u00f6yd\u00e4t ja roskiksen.<\/li>\n<li>Aikuiset vastaan lapset pallo-ottelu (pes\u00e4pallo tai jalkapallo, Minna kysyy koululaisten mielipidett\u00e4)\n<ul>\n<li>Ottelun tuomarina toimii Juha tai Minna<\/li>\n<\/ul>\n<\/li>\n<li>Hevosenkeng\u00e4n heittokisa, Jaana ja Minttu tuovat keng\u00e4t ja astiat, vanhempainyhdistys hoitaa kisatapahtuman (Elina ja Terhi j\u00e4rjest\u00e4\u00e4 asian). Sarjoina on alle kouluik\u00e4iset, alakoululaiset ja kolmantena sit\u00e4 vanhemmat. Anja hommaa voittajille palkinnot (karkkipussit)<\/li>\n<li>Jaana ja Minttu tuovat hepan ja ponin tilaisuuteen. Taivalkunnan Hevosurheilijat ry luovuttaa karkeloiltana vuoden hevosurheilija kiertopalkinnon<\/li>\n<li>Palaveri kesti 30 minuuttia. Avoimia suunnitteluasioita ei j\u00e4\u00e4nyt, josta kiitos kyl\u00e4aktiiveille.<\/li>\n<li>T\u00e4m\u00e4n kev\u00e4tkarkelon j\u00e4rjestely ei vaadi en\u00e4\u00e4 yhteist\u00e4 kokoontumista, vaan loput mahdolliset asiat hoidetaan esim. s\u00e4hk\u00f6postitse tai puhelimitse<\/li>\n<li>Tapahtumap\u00e4iv\u00e4n\u00e4 kokoonnutaan kello 17:15 koululle j\u00e4rjest\u00e4m\u00e4\u00e4n paikkoja valmiiksi. Hepat tulevat kuitenkin vasta juuri ennen tilaisuuden alkua.<\/li>\n<li>Olli toimittaa muistion palaverin osallistujille ja Taivalkunnan kyl\u00e4t ry:n hallituksen j\u00e4senille<\/li>\n<\/ul>\n<p>&nbsp;<\/p>\n<p>Muistion vakuudeksi<\/p>\n<p>kyl\u00e4yhdistyksen pj. Olli Sorva<\/p>\n","protected":false},"excerpt":{"rendered":"<p>Taivalkunnan Kev\u00e4tkarkeloiden suunnittelupalaveri \u00a0\u00a0\u00a0\u00a0\u00a0\u00a0\u00a0\u00a0\u00a0\u00a0\u00a0\u00a0\u00a0\u00a0\u00a0\u00a0\u00a0\u00a0\u00a0\u00a0\u00a0\u00a0\u00a0\u00a0\u00a0\u00a0\u00a0\u00a0\u00a0\u00a0\u00a0\u00a0\u00a0\u00a0\u00a0\u00a0\u00a0\u00a0\u00a0\u00a0 MUISTIO Aika: ke 4.4.2018 kello 18:30 Paikka: Taivalkunnan koulu L\u00e4sn\u00e4: Eeva-Liisa Hynninen, Elina J\u00e4rvinen, Minttu Ketonen, Teemu Lehtim\u00e4ki, Terhi Leskinen, Anja Mattila, Olli Sorva ja Jaana Sorvaniemi Olli toivotti osallistujat tervetulleiksi ja toimi puheenjohtajana. Sovittiin, ett\u00e4 Olli tekee t\u00e4st\u00e4 palaverista muistion. Kev\u00e4tkarkelot j\u00e4rjestet\u00e4\u00e4n Taivalkunnassa toimivien eri yhdistysten yhteisvoimin to 17.5.2018 kello &hellip; <a href=\"https:\/\/www.nokiankylat.fi\/taivalkunta\/yhdistykset\/taivalkunnan-kylat-ry\/kokoukset-ja-kylaillat\/kevatkarkelot-18-5-2018\/suunnitelupalaverin-muistio-5-4-2018\/\">Jatkuu<\/a><\/p>\n","protected":false},"author":4,"featured_media":0,"parent":2487,"menu_order":0,"comment_status":"closed","ping_status":"closed","template":"","meta":{"_acf_changed":false,"footnotes":""},"class_list":["post-2491","page","type-page","status-publish","hentry"],"acf":[],"_links":{"self":[{"href":"https:\/\/www.nokiankylat.fi\/taivalkunta\/wp-json\/wp\/v2\/pages\/2491","targetHints":{"allow":["GET"]}}],"collection":[{"href":"https:\/\/www.nokiankylat.fi\/taivalkunta\/wp-json\/wp\/v2\/pages"}],"about":[{"href":"https:\/\/www.nokiankylat.fi\/taivalkunta\/wp-json\/wp\/v2\/types\/page"}],"author":[{"embeddable":true,"href":"https:\/\/www.nokiankylat.fi\/taivalkunta\/wp-json\/wp\/v2\/users\/4"}],"replies":[{"embeddable":true,"href":"https:\/\/www.nokiankylat.fi\/taivalkunta\/wp-json\/wp\/v2\/comments?post=2491"}],"version-history":[{"count":1,"href":"https:\/\/www.nokiankylat.fi\/taivalkunta\/wp-json\/wp\/v2\/pages\/2491\/revisions"}],"predecessor-version":[{"id":2492,"href":"https:\/\/www.nokiankylat.fi\/taivalkunta\/wp-json\/wp\/v2\/pages\/2491\/revisions\/2492"}],"up":[{"embeddable":true,"href":"https:\/\/www.nokiankylat.fi\/taivalkunta\/wp-json\/wp\/v2\/pages\/2487"}],"wp:attachment":[{"href":"https:\/\/www.nokiankylat.fi\/taivalkunta\/wp-json\/wp\/v2\/media?parent=2491"}],"curies":[{"name":"wp","href":"https:\/\/api.w.org\/{rel}","templated":true}]}}