{"id":2706,"date":"2018-11-24T13:36:40","date_gmt":"2018-11-24T11:36:40","guid":{"rendered":"https:\/\/www.nokiankylat.fi\/taivalkunta\/?page_id=2706"},"modified":"2018-11-24T13:36:40","modified_gmt":"2018-11-24T11:36:40","slug":"poytakirja-13-11-2018","status":"publish","type":"page","link":"https:\/\/www.nokiankylat.fi\/taivalkunta\/yhdistykset\/taivalkunnan-kylat-ry\/kokoukset-ja-kylaillat\/syyskokous-13-11-2018\/poytakirja-13-11-2018\/","title":{"rendered":"P\u00f6yt\u00e4kirja 13-11-2018"},"content":{"rendered":"<p>Taivalkunnan Kyl\u00e4t ry\u00a0\u00a0\u00a0\u00a0\u00a0\u00a0\u00a0\u00a0\u00a0\u00a0\u00a0\u00a0\u00a0\u00a0\u00a0\u00a0\u00a0\u00a0\u00a0\u00a0\u00a0\u00a0\u00a0\u00a0\u00a0\u00a0\u00a0\u00a0\u00a0\u00a0\u00a0\u00a0\u00a0\u00a0\u00a0\u00a0\u00a0\u00a0\u00a0\u00a0\u00a0\u00a0\u00a0\u00a0\u00a0\u00a0\u00a0\u00a0\u00a0\u00a0\u00a0\u00a0\u00a0\u00a0\u00a0\u00a0\u00a0\u00a0\u00a0\u00a0\u00a0\u00a0\u00a0\u00a0\u00a0\u00a0\u00a0\u00a0\u00a0\u00a0\u00a0\u00a0\u00a0\u00a0\u00a0\u00a0\u00a0\u00a0\u00a0\u00a0\u00a0\u00a0\u00a0\u00a0\u00a0\u00a0\u00a0\u00a0\u00a0\u00a0\u00a0\u00a0\u00a0\u00a0\u00a0\u00a0\u00a0\u00a0\u00a0\u00a0\u00a0\u00a0 P\u00d6YT\u00c4KIRJA 2\/2018<\/p>\n<p>&nbsp;<\/p>\n<p><strong>S\u00c4\u00c4NT\u00d6M\u00c4\u00c4R\u00c4INEN SYYSKOKOUS<\/strong><\/p>\n<p>Aika:\u00a0 ti 13.11.2018 klo 18.30<br \/>\nPaikka: Taivalkunnan koulu<\/p>\n<p>Paikalla: Olli Sorva, Minna M\u00e4kinen, Tomi Teuho-Markkola, Sisko Sorva, Teemu Lehtim\u00e4ki, Terhi Leskinen, Pentti Salonen, (muiden l\u00e4sn\u00e4olijoiden nimet lis\u00e4t\u00e4\u00e4n listaan l\u00e4hip\u00e4ivin\u00e4)<\/p>\n<p><strong>1. Kahvitarjoilu ja kokouksen avaaminen<\/strong><\/p>\n<p>Olli Sorva avasi kokouksen klo 18.40.<\/p>\n<p>&nbsp;<\/p>\n<p><strong>2. <\/strong><strong>Kokouksen j\u00e4rjest\u00e4ytyminen<\/strong><\/p>\n<p>Valittiin kokouksen puheenjohtajaksi Olli Sorva ja sihteeriksi Minna M\u00e4kinen. P\u00f6yt\u00e4kirjan tarkastajiksi valittiin\u00a0 Eeva Hynninen ja Risto Mattila.<\/p>\n<p>&nbsp;<\/p>\n<p><strong>3. Laillisuuden ja p\u00e4\u00e4t\u00f6svaltaisuuden toteaminen<\/strong><\/p>\n<p>Kokouksesta on ilmoitettu paikallisessa lehdess\u00e4 viikkoa ennen kokousta s\u00e4\u00e4nt\u00f6jen mukaisesti.\u00a0 Kokouksesta on l\u00e4hetetty my\u00f6s kutsut s\u00e4hk\u00f6postilla.\u00a0 Todettiin kokouksen olevan laillinen ja p\u00e4\u00e4t\u00f6svaltainen.<\/p>\n<p>&nbsp;<\/p>\n<p><strong>4. Esityslistan hyv\u00e4ksyminen<\/strong><\/p>\n<p>Hyv\u00e4ksyttiin kokouksen esityslista.<\/p>\n<p>&nbsp;<\/p>\n<p><strong>5. Toimintasuunnitelman ja talousarvion vahvistaminen seuraavalle vuodelle sek\u00e4 j\u00e4senmaksun suuruus<\/strong><\/p>\n<p>Esiteltiin tulo- ja menoarvio vuodelle 2018 sek\u00e4 toimintasuunnitelma kaudelle 2019. Hyv\u00e4ksyttiin tulo- ja menoarvio 2018 sek\u00e4 toimintasuunnitelma 2019. P\u00e4\u00e4tettiin ker\u00e4t\u00e4 j\u00e4senmaksua kaudella 2019 5eur\/talous.<\/p>\n<p>&nbsp;<\/p>\n<p><strong>6. Hallituksen puheenjohtajan valinta<\/strong><\/p>\n<p>Valittiin hallituksen puheenjohtajaksi Olli Sorva.<\/p>\n<p>&nbsp;<\/p>\n<p><strong>7. Hallituksen j\u00e4senten valinta<\/strong><\/p>\n<p>Valittiin hallituksen j\u00e4seniksi Anja Mattila, Teemu Lehtim\u00e4ki, Minna M\u00e4kinen, Terhi Leskinen, Elina Helenius ja Tomi Teuho-Markkola.<\/p>\n<p>&nbsp;<\/p>\n<p><strong>8. Toiminnantarkastajan ja varatoiminnantarkastajan valinta<\/strong><br \/>\nYhdistyksen toiminnantarkastajaksi valittiin Veijo Hynninen ja varatoiminnantarkastajaksi Leena Myllyntausta (Olli on kysynyt h\u00e4nelt\u00e4 suostumuksen).<\/p>\n<p>&nbsp;<\/p>\n<p><strong>9. Muut esille tulevat asiat<\/strong><\/p>\n<p>Todettiin kokousv\u00e4elle tiedoksi, ett\u00e4 Joululaulut-ilta pidet\u00e4\u00e4n Taivalkunnan koululla 19.12. klo 18. Keskusteltiin runoillan j\u00e4rjest\u00e4misest\u00e4 toimintakaudella 2019 sek\u00e4 tiernapoikien mahdollisesta esityksest\u00e4 joululauluiltaan. P\u00e4\u00e4tettiin j\u00e4tt\u00e4\u00e4 n\u00e4iden toteutus hallitukselle mietitt\u00e4viksi.<\/p>\n<p>&nbsp;<\/p>\n<p><strong>10. Kokouksen p\u00e4\u00e4tt\u00e4minen<\/strong><\/p>\n<p>Kokouksen puheenjohtaja Olli Sorva p\u00e4\u00e4tti kokouksen klo 19.10.<\/p>\n<p>&nbsp;<\/p>\n<p>&nbsp;<\/p>\n<p>puheenjohtaja \u00a0 \u00a0 \u00a0 \u00a0 \u00a0 \u00a0 \u00a0 <span style=\"float: none;background-color: transparent;color: #222222;font-family: 'Open Sans','Helvetica Neue',Helvetica,Arial,sans-serif;font-size: 13.93px;font-style: normal;font-variant: normal;font-weight: 400;letter-spacing: normal;line-height: 19.5px;text-align: left;text-decoration: none;text-indent: 0px\">Olli Sorva\u00a0<\/span><\/p>\n<p>&nbsp;<\/p>\n<p><span style=\"float: none;background-color: transparent;color: #222222;font-family: 'Open Sans','Helvetica Neue',Helvetica,Arial,sans-serif;font-size: 13.93px;font-style: normal;font-variant: normal;font-weight: 400;letter-spacing: normal;line-height: 19.5px;text-align: left;text-decoration: none;text-indent: 0px\"> sihteeri<\/span> \u00a0 \u00a0 \u00a0 \u00a0 \u00a0 \u00a0 \u00a0 \u00a0 \u00a0 \u00a0 \u00a0 \u00a0 \u00a0 Minna M\u00e4kinen<\/p>\n<p>&nbsp;<\/p>\n<p><span style=\"float: none;background-color: transparent;color: #222222;font-family: 'Open Sans','Helvetica Neue',Helvetica,Arial,sans-serif;font-size: 13.93px;font-style: normal;font-variant: normal;font-weight: 400;letter-spacing: normal;line-height: 19.5px;text-align: left;text-decoration: none;text-indent: 0px\">p\u00f6yt\u00e4kirjan tarkastaja\u00a0 <span style=\"float: none;background-color: transparent;color: #222222;font-family: 'Open Sans','Helvetica Neue',Helvetica,Arial,sans-serif;font-size: 13.93px;font-style: normal;font-variant: normal;font-weight: 400;letter-spacing: normal;line-height: 19.5px;text-align: left;text-decoration: none;text-indent: 0px\">Eeva Hynninen<\/span><\/span><b><\/b><i><\/i><u><\/u><\/p>\n<p>&nbsp;<\/p>\n<p><span style=\"float: none;background-color: transparent;color: #222222;font-family: 'Open Sans','Helvetica Neue',Helvetica,Arial,sans-serif;font-size: 13.93px;font-style: normal;font-variant: normal;font-weight: 400;letter-spacing: normal;line-height: 19.5px;text-align: left;text-decoration: none;text-indent: 0px\">p\u00f6yt\u00e4kirjan tarkastaja\u00a0 <span style=\"float: none;background-color: transparent;color: #222222;font-family: 'Open Sans','Helvetica Neue',Helvetica,Arial,sans-serif;font-size: 13.93px;font-style: normal;font-variant: normal;font-weight: 400;letter-spacing: normal;line-height: 19.5px;text-align: left;text-decoration: none;text-indent: 0px\">Risto Mattila<\/span><\/span><b><\/b><i><\/i><u><\/u><\/p>\n<p>&nbsp;<\/p>\n<p>&nbsp;<\/p>\n<p>&nbsp;<\/p>\n","protected":false},"excerpt":{"rendered":"<p>Taivalkunnan Kyl\u00e4t ry\u00a0\u00a0\u00a0\u00a0\u00a0\u00a0\u00a0\u00a0\u00a0\u00a0\u00a0\u00a0\u00a0\u00a0\u00a0\u00a0\u00a0\u00a0\u00a0\u00a0\u00a0\u00a0\u00a0\u00a0\u00a0\u00a0\u00a0\u00a0\u00a0\u00a0\u00a0\u00a0\u00a0\u00a0\u00a0\u00a0\u00a0\u00a0\u00a0\u00a0\u00a0\u00a0\u00a0\u00a0\u00a0\u00a0\u00a0\u00a0\u00a0\u00a0\u00a0\u00a0\u00a0\u00a0\u00a0\u00a0\u00a0\u00a0\u00a0\u00a0\u00a0\u00a0\u00a0\u00a0\u00a0\u00a0\u00a0\u00a0\u00a0\u00a0\u00a0\u00a0\u00a0\u00a0\u00a0\u00a0\u00a0\u00a0\u00a0\u00a0\u00a0\u00a0\u00a0\u00a0\u00a0\u00a0\u00a0\u00a0\u00a0\u00a0\u00a0\u00a0\u00a0\u00a0\u00a0\u00a0\u00a0\u00a0\u00a0\u00a0\u00a0\u00a0 P\u00d6YT\u00c4KIRJA 2\/2018 &nbsp; S\u00c4\u00c4NT\u00d6M\u00c4\u00c4R\u00c4INEN SYYSKOKOUS Aika:\u00a0 ti 13.11.2018 klo 18.30 Paikka: Taivalkunnan koulu Paikalla: Olli Sorva, Minna M\u00e4kinen, Tomi Teuho-Markkola, Sisko Sorva, Teemu Lehtim\u00e4ki, Terhi Leskinen, Pentti Salonen, (muiden l\u00e4sn\u00e4olijoiden nimet lis\u00e4t\u00e4\u00e4n listaan l\u00e4hip\u00e4ivin\u00e4) 1. Kahvitarjoilu ja kokouksen avaaminen Olli Sorva avasi kokouksen klo 18.40. &nbsp; 2. Kokouksen j\u00e4rjest\u00e4ytyminen Valittiin kokouksen puheenjohtajaksi &hellip; <a href=\"https:\/\/www.nokiankylat.fi\/taivalkunta\/yhdistykset\/taivalkunnan-kylat-ry\/kokoukset-ja-kylaillat\/syyskokous-13-11-2018\/poytakirja-13-11-2018\/\">Jatkuu<\/a><\/p>\n","protected":false},"author":4,"featured_media":0,"parent":2685,"menu_order":0,"comment_status":"closed","ping_status":"closed","template":"","meta":{"_acf_changed":false,"footnotes":""},"class_list":["post-2706","page","type-page","status-publish","hentry"],"acf":[],"_links":{"self":[{"href":"https:\/\/www.nokiankylat.fi\/taivalkunta\/wp-json\/wp\/v2\/pages\/2706","targetHints":{"allow":["GET"]}}],"collection":[{"href":"https:\/\/www.nokiankylat.fi\/taivalkunta\/wp-json\/wp\/v2\/pages"}],"about":[{"href":"https:\/\/www.nokiankylat.fi\/taivalkunta\/wp-json\/wp\/v2\/types\/page"}],"author":[{"embeddable":true,"href":"https:\/\/www.nokiankylat.fi\/taivalkunta\/wp-json\/wp\/v2\/users\/4"}],"replies":[{"embeddable":true,"href":"https:\/\/www.nokiankylat.fi\/taivalkunta\/wp-json\/wp\/v2\/comments?post=2706"}],"version-history":[{"count":4,"href":"https:\/\/www.nokiankylat.fi\/taivalkunta\/wp-json\/wp\/v2\/pages\/2706\/revisions"}],"predecessor-version":[{"id":2710,"href":"https:\/\/www.nokiankylat.fi\/taivalkunta\/wp-json\/wp\/v2\/pages\/2706\/revisions\/2710"}],"up":[{"embeddable":true,"href":"https:\/\/www.nokiankylat.fi\/taivalkunta\/wp-json\/wp\/v2\/pages\/2685"}],"wp:attachment":[{"href":"https:\/\/www.nokiankylat.fi\/taivalkunta\/wp-json\/wp\/v2\/media?parent=2706"}],"curies":[{"name":"wp","href":"https:\/\/api.w.org\/{rel}","templated":true}]}}

Pöytäkirja 13-11-2018

<p>Taivalkunnan Kylät ry                                                                                                       PÖYTÄKIRJA 2/2018</p>
<p>&nbsp;</p>
<p><strong>SÄÄNTÖMÄÄRÄINEN SYYSKOKOUS</strong></p>
<p>Aika:  ti 13.11.2018 klo 18.30<br />
Paikka: Taivalkunnan koulu</p>
<p>Paikalla: Olli Sorva, Minna Mäkinen, Tomi Teuho-Markkola, Sisko Sorva, Teemu Lehtimäki, Terhi Leskinen, Pentti Salonen, (muiden läsnäolijoiden nimet lisätään listaan lähipäivinä)</p>
<p><strong>1. Kahvitarjoilu ja kokouksen avaaminen</strong></p>
<p>Olli Sorva avasi kokouksen klo 18.40.</p>
<p>&nbsp;</p>
<p><strong>2. </strong><strong>Kokouksen järjestäytyminen</strong></p>
<p>Valittiin kokouksen puheenjohtajaksi Olli Sorva ja sihteeriksi Minna Mäkinen. Pöytäkirjan tarkastajiksi valittiin  Eeva Hynninen ja Risto Mattila.</p>
<p>&nbsp;</p>
<p><strong>3. Laillisuuden ja päätösvaltaisuuden toteaminen</strong></p>
<p>Kokouksesta on ilmoitettu paikallisessa lehdessä viikkoa ennen kokousta sääntöjen mukaisesti.  Kokouksesta on lähetetty myös kutsut sähköpostilla.  Todettiin kokouksen olevan laillinen ja päätösvaltainen.</p>
<p>&nbsp;</p>
<p><strong>4. Esityslistan hyväksyminen</strong></p>
<p>Hyväksyttiin kokouksen esityslista.</p>
<p>&nbsp;</p>
<p><strong>5. Toimintasuunnitelman ja talousarvion vahvistaminen seuraavalle vuodelle sekä jäsenmaksun suuruus</strong></p>
<p>Esiteltiin tulo- ja menoarvio vuodelle 2018 sekä toimintasuunnitelma kaudelle 2019. Hyväksyttiin tulo- ja menoarvio 2018 sekä toimintasuunnitelma 2019. Päätettiin kerätä jäsenmaksua kaudella 2019 5eur/talous.</p>
<p>&nbsp;</p>
<p><strong>6. Hallituksen puheenjohtajan valinta</strong></p>
<p>Valittiin hallituksen puheenjohtajaksi Olli Sorva.</p>
<p>&nbsp;</p>
<p><strong>7. Hallituksen jäsenten valinta</strong></p>
<p>Valittiin hallituksen jäseniksi Anja Mattila, Teemu Lehtimäki, Minna Mäkinen, Terhi Leskinen, Elina Helenius ja Tomi Teuho-Markkola.</p>
<p>&nbsp;</p>
<p><strong>8. Toiminnantarkastajan ja varatoiminnantarkastajan valinta</strong><br />
Yhdistyksen toiminnantarkastajaksi valittiin Veijo Hynninen ja varatoiminnantarkastajaksi Leena Myllyntausta (Olli on kysynyt häneltä suostumuksen).</p>
<p>&nbsp;</p>
<p><strong>9. Muut esille tulevat asiat</strong></p>
<p>Todettiin kokousväelle tiedoksi, että Joululaulut-ilta pidetään Taivalkunnan koululla 19.12. klo 18. Keskusteltiin runoillan järjestämisestä toimintakaudella 2019 sekä tiernapoikien mahdollisesta esityksestä joululauluiltaan. Päätettiin jättää näiden toteutus hallitukselle mietittäviksi.</p>
<p>&nbsp;</p>
<p><strong>10. Kokouksen päättäminen</strong></p>
<p>Kokouksen puheenjohtaja Olli Sorva päätti kokouksen klo 19.10.</p>
<p>&nbsp;</p>
<p>&nbsp;</p>
<p>puheenjohtaja               <span style="float: none;background-color: transparent;color: #222222;font-family: 'Open Sans','Helvetica Neue',Helvetica,Arial,sans-serif;font-size: 13.93px;font-style: normal;font-variant: normal;font-weight: 400;letter-spacing: normal;line-height: 19.5px;text-align: left;text-decoration: none;text-indent: 0px">Olli Sorva </span></p>
<p>&nbsp;</p>
<p><span style="float: none;background-color: transparent;color: #222222;font-family: 'Open Sans','Helvetica Neue',Helvetica,Arial,sans-serif;font-size: 13.93px;font-style: normal;font-variant: normal;font-weight: 400;letter-spacing: normal;line-height: 19.5px;text-align: left;text-decoration: none;text-indent: 0px"> sihteeri</span>                           Minna Mäkinen</p>
<p>&nbsp;</p>
<p><span style="float: none;background-color: transparent;color: #222222;font-family: 'Open Sans','Helvetica Neue',Helvetica,Arial,sans-serif;font-size: 13.93px;font-style: normal;font-variant: normal;font-weight: 400;letter-spacing: normal;line-height: 19.5px;text-align: left;text-decoration: none;text-indent: 0px">pöytäkirjan tarkastaja  <span style="float: none;background-color: transparent;color: #222222;font-family: 'Open Sans','Helvetica Neue',Helvetica,Arial,sans-serif;font-size: 13.93px;font-style: normal;font-variant: normal;font-weight: 400;letter-spacing: normal;line-height: 19.5px;text-align: left;text-decoration: none;text-indent: 0px">Eeva Hynninen</span></span><b></b><i></i><u></u></p>
<p>&nbsp;</p>
<p><span style="float: none;background-color: transparent;color: #222222;font-family: 'Open Sans','Helvetica Neue',Helvetica,Arial,sans-serif;font-size: 13.93px;font-style: normal;font-variant: normal;font-weight: 400;letter-spacing: normal;line-height: 19.5px;text-align: left;text-decoration: none;text-indent: 0px">pöytäkirjan tarkastaja  <span style="float: none;background-color: transparent;color: #222222;font-family: 'Open Sans','Helvetica Neue',Helvetica,Arial,sans-serif;font-size: 13.93px;font-style: normal;font-variant: normal;font-weight: 400;letter-spacing: normal;line-height: 19.5px;text-align: left;text-decoration: none;text-indent: 0px">Risto Mattila</span></span><b></b><i></i><u></u></p>
<p>&nbsp;</p>
<p>&nbsp;</p>
<p>&nbsp;</p>

<p>Taivalkunnan Kylät ry                                                                                                       PÖYTÄKIRJA 2/2018 &nbsp; SÄÄNTÖMÄÄRÄINEN SYYSKOKOUS Aika:  ti 13.11.2018 klo 18.30 Paikka: Taivalkunnan koulu Paikalla: Olli Sorva, Minna Mäkinen, Tomi Teuho-Markkola, Sisko Sorva, Teemu Lehtimäki, Terhi Leskinen, Pentti Salonen, (muiden läsnäolijoiden nimet lisätään listaan lähipäivinä) 1. Kahvitarjoilu ja kokouksen avaaminen Olli Sorva avasi kokouksen klo 18.40. &nbsp; 2. Kokouksen järjestäytyminen Valittiin kokouksen puheenjohtajaksi &hellip; <a href="https://www.nokiankylat.fi/taivalkunta/yhdistykset/taivalkunnan-kylat-ry/kokoukset-ja-kylaillat/syyskokous-13-11-2018/poytakirja-13-11-2018/">Jatkuu</a></p>
