{"id":2755,"date":"2018-12-22T12:27:31","date_gmt":"2018-12-22T10:27:31","guid":{"rendered":"https:\/\/www.nokiankylat.fi\/taivalkunta\/?page_id=2755"},"modified":"2018-12-25T16:40:04","modified_gmt":"2018-12-25T14:40:04","slug":"kylakirje-22-12-2018","status":"publish","type":"page","link":"https:\/\/www.nokiankylat.fi\/taivalkunta\/yhdistykset\/taivalkunnan-kylat-ry\/kylayhdistyksen-arkisto\/kylakirjeet\/kylakirjeet-2018\/kylakirje-22-12-2018\/","title":{"rendered":"Kyl\u00e4kirje 22-12-2018"},"content":{"rendered":"<p><strong>Taivalkunnan kyl\u00e4kirje 22.12.2018<\/strong><\/p>\n<p>Taivalkunnan kyl\u00e4t ry:n syyskokous oli 13.11 ja sen kokouskutsu, esityslista ja p\u00f6yt\u00e4kirja l\u00f6ytyv\u00e4t kyl\u00e4n verkkosivuilta.<\/p>\n<p>Joululaulujen ilta oli 19.12 ja iloista v\u00e4ke\u00e4 oli paikalla ihan mukava m\u00e4\u00e4r\u00e4. Illan j\u00e4rjest\u00e4j\u00e4 oli kyl\u00e4yhdistys. Juhlasali oli oppilaiden somistama. V\u00e4liajalla kyl\u00e4yhdistys tarjosi ilmaiset gl\u00f6git ja pikkuleiv\u00e4t ja iloinen puheensorina t\u00e4ytti ilman. Tarjoilup\u00f6yd\u00e4ll\u00e4 oli lipas, johon oli mahdollisuus antaa rahaa lahjoitettavaksi Suomen Punaisen ristin Jouluker\u00e4ykseen.<\/p>\n<p>Ensi vuoden toimintasuunnitelma on luettavissa kyl\u00e4n sivuilta. Talvitapahtuman, kyl\u00e4illan, kev\u00e4tkokouksen ja kev\u00e4triehan tapahtuma-ajat p\u00e4\u00e4tet\u00e4\u00e4n heti alkuvuodesta ja laitetaan n\u00e4kyviin.<\/p>\n<p>Kyl\u00e4\u00e4 koskevat ideat ja mahdolliset murheet voi toimittaa minulle. Tartumme niihin rajallisten mahdollisuuksiemme mukaan, joten pyri hankkimaan my\u00f6s ideallesi toteuttaja. My\u00f6s henkil\u00f6kohtaisissa asioistasi ja ongelmistasi voittaa ottaa minuun yhteytt\u00e4 t\u00e4ysin luottamuksellisesti ja halutessasi ne pysyv\u00e4t meid\u00e4n kahdenkeskeisin\u00e4. Haluatpa sitten vain keskustella tai kuulla n\u00e4kemyksi\u00e4ni. Olen my\u00f6s hyv\u00e4 kuuntelija.<\/p>\n<p>Alkavana vuonna toivon kyl\u00e4n v\u00e4en kirjoittavan artikkeleita muistoistaan, kokemisistaan ja mielipiteist\u00e4\u00e4n. Kaikki hyv\u00e4n maun t\u00e4ytt\u00e4v\u00e4t jutut julkaistaan netiss\u00e4 Taivalkunnan kylien sivustolla. Historiaa olisi hyv\u00e4 tallentaa tuleville sukupolville my\u00f6s tarinoiden muodossa. Ehk\u00e4 kirjoitan niist\u00e4 kirjan.<\/p>\n<p>Annan l\u00e4mpim\u00e4n kiitokseni kuluvan vuoden saumattomasta yhteisty\u00f6st\u00e4 koko Taivalkunnan kyl\u00e4t ry:n hallitukselle ja koulun henkil\u00f6kunnalle sek\u00e4 kaikille toimintaamme avustaneille henkil\u00f6ille ja tahoille.<\/p>\n<p>Joulu on jo ovella ja toivotan yhdistyksen hallituksen puolesta kyl\u00e4yhteis\u00f6llemme rauhaisaa jouluaikaa ja onnellista uutta vuotta 2019. Toimitaan ensi vuonnakin yhteisty\u00f6ss\u00e4.<\/p>\n<p>Taivalkunnan kyl\u00e4t ry pj. Olli Sorva, <u>olli.sorva(at)nokiansahkotalo.fi<\/u> <a href=\"http:\/\/www.nokiankylat.fi\/taivalkunta\">www.nokiankylat.fi\/taivalkunta<\/a>, <a href=\"http:\/\/www.facebook.com\/taivalkunta\/\">www.facebook.com\/taivalkunta\/<\/a>.<\/p>\n","protected":false},"excerpt":{"rendered":"<p>Taivalkunnan kyl\u00e4kirje 22.12.2018 Taivalkunnan kyl\u00e4t ry:n syyskokous oli 13.11 ja sen kokouskutsu, esityslista ja p\u00f6yt\u00e4kirja l\u00f6ytyv\u00e4t kyl\u00e4n verkkosivuilta. Joululaulujen ilta oli 19.12 ja iloista v\u00e4ke\u00e4 oli paikalla ihan mukava m\u00e4\u00e4r\u00e4. Illan j\u00e4rjest\u00e4j\u00e4 oli kyl\u00e4yhdistys. Juhlasali oli oppilaiden somistama. V\u00e4liajalla kyl\u00e4yhdistys tarjosi ilmaiset gl\u00f6git ja pikkuleiv\u00e4t ja iloinen puheensorina t\u00e4ytti ilman. Tarjoilup\u00f6yd\u00e4ll\u00e4 oli lipas, johon oli &hellip; <a href=\"https:\/\/www.nokiankylat.fi\/taivalkunta\/yhdistykset\/taivalkunnan-kylat-ry\/kylayhdistyksen-arkisto\/kylakirjeet\/kylakirjeet-2018\/kylakirje-22-12-2018\/\">Jatkuu<\/a><\/p>\n","protected":false},"author":4,"featured_media":0,"parent":2356,"menu_order":0,"comment_status":"closed","ping_status":"closed","template":"","meta":{"_acf_changed":false,"footnotes":""},"class_list":["post-2755","page","type-page","status-publish","hentry"],"acf":[],"_links":{"self":[{"href":"https:\/\/www.nokiankylat.fi\/taivalkunta\/wp-json\/wp\/v2\/pages\/2755","targetHints":{"allow":["GET"]}}],"collection":[{"href":"https:\/\/www.nokiankylat.fi\/taivalkunta\/wp-json\/wp\/v2\/pages"}],"about":[{"href":"https:\/\/www.nokiankylat.fi\/taivalkunta\/wp-json\/wp\/v2\/types\/page"}],"author":[{"embeddable":true,"href":"https:\/\/www.nokiankylat.fi\/taivalkunta\/wp-json\/wp\/v2\/users\/4"}],"replies":[{"embeddable":true,"href":"https:\/\/www.nokiankylat.fi\/taivalkunta\/wp-json\/wp\/v2\/comments?post=2755"}],"version-history":[{"count":2,"href":"https:\/\/www.nokiankylat.fi\/taivalkunta\/wp-json\/wp\/v2\/pages\/2755\/revisions"}],"predecessor-version":[{"id":2758,"href":"https:\/\/www.nokiankylat.fi\/taivalkunta\/wp-json\/wp\/v2\/pages\/2755\/revisions\/2758"}],"up":[{"embeddable":true,"href":"https:\/\/www.nokiankylat.fi\/taivalkunta\/wp-json\/wp\/v2\/pages\/2356"}],"wp:attachment":[{"href":"https:\/\/www.nokiankylat.fi\/taivalkunta\/wp-json\/wp\/v2\/media?parent=2755"}],"curies":[{"name":"wp","href":"https:\/\/api.w.org\/{rel}","templated":true}]}}