{"id":2768,"date":"2019-02-04T20:05:20","date_gmt":"2019-02-04T18:05:20","guid":{"rendered":"https:\/\/www.nokiankylat.fi\/taivalkunta\/?page_id=2768"},"modified":"2019-02-04T20:05:38","modified_gmt":"2019-02-04T18:05:38","slug":"kylakirje-4-2-2019","status":"publish","type":"page","link":"https:\/\/www.nokiankylat.fi\/taivalkunta\/yhdistykset\/taivalkunnan-kylat-ry\/kylayhdistyksen-arkisto\/kylakirjeet\/kylakirjeet-2019\/kylakirje-4-2-2019\/","title":{"rendered":"Kyl\u00e4kirje 4-2-2019"},"content":{"rendered":"<h2><strong>Taivalkunnan kyl\u00e4kirje 4.2.2019<\/strong><\/h2>\n<p>Koulun oppilaat pit\u00e4v\u00e4t <strong>kyl\u00e4kahvilaa 5.2 kello 12-13.30<\/strong> Taivalkunnan koululla. Koulun v\u00e4ki toivoo runsasta k\u00e4vij\u00e4m\u00e4\u00e4r\u00e4\u00e4 ja toivottaa kaikki tervetulleiksi.<\/p>\n<p>Talvitapahtuma j\u00e4rjestet\u00e4\u00e4n Jutkulan m\u00e4ess\u00e4 (golf- kent\u00e4ll\u00e4, koululta v\u00e4h\u00e4n Nokialle p\u00e4in) su <strong>3.3.2019 klo 13 alkaen<\/strong>. Luvassa on makkaranpaistoa nuotiolla, kahvia ja mehua sek\u00e4 pulkkam\u00e4ki. Muilta osin mahdollinen ohjelma on viel\u00e4 avoin.<\/p>\n<p>Taivalkunnan kyl\u00e4t ry:n <strong>kev\u00e4tkokous pidet\u00e4\u00e4n 24.4 kello 18.30<\/strong>. K\u00e4sitell\u00e4\u00e4n lakis\u00e4\u00e4teiset ja ajankohtaiset asiat sek\u00e4 juodaan kahvit.<\/p>\n<p>Kyl\u00e4n perinteiset <strong>Kev\u00e4tkarkelot pidet\u00e4\u00e4n to 22.5.2019 klo 18.00<\/strong> Taivalkunnan koululla. J\u00e4rjestelyvastuu on Taivalkunnan kyl\u00e4t ry:ll\u00e4, mutta kutsumme kaikki muutkin <strong>Taivalkuntalaiset yhdistykset<\/strong> osallistumaan ja ideoimaan <strong>24.4 kello 18.00<\/strong> pidett\u00e4v\u00e4\u00e4n suunnittelupalaveriin. Karkeloiden tuotto kanavoidaan koulumme oppilaiden virkistystoimintaan. Tapahtumaa vietet\u00e4\u00e4n koulun pihassa seurustellen ja kisaillen sek\u00e4 tavaten tuttavia ja uusia kyl\u00e4l\u00e4isi\u00e4. Tarjolla lettuja, makkaraa jne.<\/p>\n<p>Tarkoituksenani on tehd\u00e4 kirja, jossa on tarinoita Taivalkunnasta. Ajatus on, ett\u00e4 tarinoista ja henkil\u00f6kuvauksista ilmenee my\u00f6s entisajan el\u00e4m\u00e4ntavat ja perinnety\u00f6t sek\u00e4 kyl\u00e4ilme. Tarina voi olla esim. henkil\u00f6n koko el\u00e4m\u00e4kerta, jokin yksitt\u00e4inen muisto, tapahtuma tai jonkin tekemisen perinneohje.<\/p>\n<p>Ik\u00e4ihmisten muistelmia otan mielell\u00e4ni vastaan kirjoitettuna, mutta yht\u00e4 hyvin voin tulla keskustelamaan ja taltioimaan heid\u00e4n kertomuksiaan. On eritt\u00e4in mielenkiintoista ja antoisaa saada vuosikymmenien takaisia tapahtumia ja ajatuksia paperille. T\u00e4h\u00e4n ajatukseeni olen saanut kyl\u00e4lt\u00e4kin kannustusta. Tuumin my\u00f6s, ett\u00e4 kirjaan tulisi mukaan joitain keski-ik\u00e4isten sek\u00e4 nuorten kertomuksia kokemuksistaan ja ajatuksiaan nykyisest\u00e4 el\u00e4m\u00e4nmenosta ja kyl\u00e4ilmeest\u00e4 tai mik\u00e4 sai heid\u00e4t tulemaan kyl\u00e4lle tai pysym\u00e4\u00e4n t\u00e4\u00e4ll\u00e4.<\/p>\n<p>Toivon, ett\u00e4 v\u00e4lit\u00e4tte t\u00e4t\u00e4 tarinasanomaa eteenp\u00e4in ja otatte rohkeasti yhteytt\u00e4 minuun. Kiitos teille, joilta olen jo aineistoa saanut tai olen saamassa.<\/p>\n<p>Talven selk\u00e4 on taittumassa ja kyl\u00e4n asiatkin n\u00e4ytt\u00e4ytyv\u00e4t valoisissa merkeiss\u00e4. Ollaan yhteydess\u00e4 puolin ja toisin. Taivalkunnan kyl\u00e4t ry pj. Olli Sorva, olli.sorva(at)nokiansahkotalo.fi, <a href=\"http:\/\/www.nokiankylat.fi\/taivalkunta\">www.nokiankylat.fi\/taivalkunta<\/a>, <a href=\"http:\/\/www.facebook.com\/taivalkunta\/\">www.facebook.com\/taivalkunta\/<\/a>.<\/p>\n","protected":false},"excerpt":{"rendered":"<p>Taivalkunnan kyl\u00e4kirje 4.2.2019 Koulun oppilaat pit\u00e4v\u00e4t kyl\u00e4kahvilaa 5.2 kello 12-13.30 Taivalkunnan koululla. Koulun v\u00e4ki toivoo runsasta k\u00e4vij\u00e4m\u00e4\u00e4r\u00e4\u00e4 ja toivottaa kaikki tervetulleiksi. Talvitapahtuma j\u00e4rjestet\u00e4\u00e4n Jutkulan m\u00e4ess\u00e4 (golf- kent\u00e4ll\u00e4, koululta v\u00e4h\u00e4n Nokialle p\u00e4in) su 3.3.2019 klo 13 alkaen. Luvassa on makkaranpaistoa nuotiolla, kahvia ja mehua sek\u00e4 pulkkam\u00e4ki. Muilta osin mahdollinen ohjelma on viel\u00e4 avoin. Taivalkunnan kyl\u00e4t ry:n &hellip; <a href=\"https:\/\/www.nokiankylat.fi\/taivalkunta\/yhdistykset\/taivalkunnan-kylat-ry\/kylayhdistyksen-arkisto\/kylakirjeet\/kylakirjeet-2019\/kylakirje-4-2-2019\/\">Jatkuu<\/a><\/p>\n","protected":false},"author":4,"featured_media":0,"parent":2766,"menu_order":0,"comment_status":"closed","ping_status":"closed","template":"","meta":{"_acf_changed":false,"footnotes":""},"class_list":["post-2768","page","type-page","status-publish","hentry"],"acf":[],"_links":{"self":[{"href":"https:\/\/www.nokiankylat.fi\/taivalkunta\/wp-json\/wp\/v2\/pages\/2768","targetHints":{"allow":["GET"]}}],"collection":[{"href":"https:\/\/www.nokiankylat.fi\/taivalkunta\/wp-json\/wp\/v2\/pages"}],"about":[{"href":"https:\/\/www.nokiankylat.fi\/taivalkunta\/wp-json\/wp\/v2\/types\/page"}],"author":[{"embeddable":true,"href":"https:\/\/www.nokiankylat.fi\/taivalkunta\/wp-json\/wp\/v2\/users\/4"}],"replies":[{"embeddable":true,"href":"https:\/\/www.nokiankylat.fi\/taivalkunta\/wp-json\/wp\/v2\/comments?post=2768"}],"version-history":[{"count":1,"href":"https:\/\/www.nokiankylat.fi\/taivalkunta\/wp-json\/wp\/v2\/pages\/2768\/revisions"}],"predecessor-version":[{"id":2769,"href":"https:\/\/www.nokiankylat.fi\/taivalkunta\/wp-json\/wp\/v2\/pages\/2768\/revisions\/2769"}],"up":[{"embeddable":true,"href":"https:\/\/www.nokiankylat.fi\/taivalkunta\/wp-json\/wp\/v2\/pages\/2766"}],"wp:attachment":[{"href":"https:\/\/www.nokiankylat.fi\/taivalkunta\/wp-json\/wp\/v2\/media?parent=2768"}],"curies":[{"name":"wp","href":"https:\/\/api.w.org\/{rel}","templated":true}]}}