{"id":2846,"date":"2019-05-04T07:47:29","date_gmt":"2019-05-04T04:47:29","guid":{"rendered":"https:\/\/www.nokiankylat.fi\/taivalkunta\/?page_id=2846"},"modified":"2019-05-16T08:00:52","modified_gmt":"2019-05-16T05:00:52","slug":"nu-3-5-2019","status":"publish","type":"page","link":"https:\/\/www.nokiankylat.fi\/taivalkunta\/kuvat\/lehtileikkeita\/lehtileikkeita-2019\/nu-3-5-2019\/","title":{"rendered":"NU 3-5-2019"},"content":{"rendered":"<div class=\"sc-AqAhp gyQPWh\">\n<div id=\"header-f52ef1cb-19c0-4eb0-a1d0-a49e2a8693f7\" class=\"sc-fHlXLc iNsSDj\">\n<div class=\"sc-erNlkL hJRVFd\">\n<div class=\"sc-bnXvFD RzzZ\">\n<div class=\"sc-gFaPwZ esNBVx\">\n<p><span class=\"sc-dTdPqK huFQwM\">kolumni on julkaistu Nokian Uutisissa.<\/span><\/p>\n<h1 class=\"sc-eLExRp bHTYqN\">Yhdess\u00e4 tyytyv\u00e4isi\u00e4:<\/h1>\n<h4 class=\"sc-eLExRp bHTYqN\">\u201dLapsena saadut my\u00f6nteiset kokemukset kantavat meit\u00e4, mutta huonommistakin l\u00e4ht\u00f6kohdista voi saada hyv\u00e4n el\u00e4m\u00e4n itselleen\u201d<\/h4>\n<\/div>\n<div class=\"sc-fhYwyz dSBYxG\">\n<div id=\"article_image_1\" class=\"sc-laTMn bEAthd\">\n<div class=\"sc-dBaXSw feSEFW\"><img decoding=\"async\" src=\"https:\/\/d1ddzfo1d7bgrb.cloudfront.net\/nokianuutiset\/869ad334-ba03-50be-9550-00e5f81b6147-320x180.jpg\" alt=\"\" \/><\/div>\n<\/div>\n<\/div>\n<\/div>\n<div class=\"sc-FQuPU dBKubJ\"><span class=\"sc-fYiAbW hebPbC\">3.5.2019 <\/span>Olli Sorva<\/div>\n<\/div>\n<\/div>\n<\/div>\n<div class=\"sc-AqAhp MDDev\">\n<div id=\"pipe-f52ef1cb-19c0-4eb0-a1d0-a49e2a8693f7-pwall-false\" class=\"sticky-f52ef1cb-19c0-4eb0-a1d0-a49e2a8693f7 sc-iKpIOp Ebhet\">\n<div id=\"anchor-f52ef1cb-19c0-4eb0-a1d0-a49e2a8693f7\" class=\"article-content sc-cmthru kYEAzB\">\n<div class=\"sc-hMFtBS cVyXJT\">\n<div class=\"sc-gqPbQI iVFGJO\"><span class=\"sc-bMVAic deFUcZ\">Kirjoittaja on positiivisella asenteella varustettu yritt\u00e4j\u00e4.\u00a0<\/span><\/div>\n<p class=\"sc-eilVRo eXJQhX\">\n<\/div>\n<div class=\"sc-qrIAp dcBayC\">\n<p class=\"sc-TFwJa fObpSb\"><span class=\"sc-esOvli jstLnp\">Voisiko useampi meist\u00e4 olla tyytyv\u00e4inen itseens\u00e4 ja siihen mit\u00e4 on? Toisinaan tuntuu, ett\u00e4 mit\u00e4 enemm\u00e4n omistaa, sit\u00e4 enemm\u00e4n haluaa.<\/span><\/p>\n<p class=\"sc-TFwJa fObpSb\"><span class=\"sc-esOvli jstLnp\">Tehdess\u00e4ni kirjaa Taivalkunnan tarinoista t\u00f6rm\u00e4\u00e4n siihen, ett\u00e4 edelliset sukupolvet olivat sinut itsens\u00e4 kanssa ja arvostivat kanssael\u00e4ji\u00e4\u00e4n.<\/span><\/p>\n<p class=\"sc-TFwJa fObpSb\"><span class=\"sc-esOvli jstLnp\">El\u00e4m\u00e4n alkutaipaleella moni asia on uutta ja halutaan oppia lis\u00e4\u00e4, mutta silti ollaan tyytyv\u00e4isi\u00e4 l\u00e4hes jokaiseen hetkeen. Viime kolumnissani kirjoitin lapsen ja ik\u00e4ihmisen vuorovaikutuksesta ja siit\u00e4, mit\u00e4 he antavat toisilleen. Taas sain yhden muistutuksen siit\u00e4.\u00a0<\/span><\/p>\n<h4 class=\"sc-bMvGRv gBjuOl\">\u201dKyl\u00e4ll\u00e4mme ei tarvitse olla biologinen mummu saadakseen sen arvonimen\u201d<\/h4>\n<p class=\"sc-TFwJa fObpSb\"><span class=\"sc-esOvli jstLnp\">Meid\u00e4n lyhyen kotitiemme varrella asuu parikymment\u00e4 lasta. Viime viikolla nelivuotias poika tuli soittamaan ovikelloa maalivahtivarusteet yll\u00e4\u00e4n \u2013 suuret polvisuojukset, kyp\u00e4r\u00e4, ja niin edelleen.<\/span><\/p>\n<p class=\"sc-TFwJa fObpSb\"><span class=\"sc-esOvli jstLnp\">H\u00e4n kysyi suunnilleen saman ik\u00e4isen kaverinsa kanssa, ett\u00e4 tulisiko mummu pelaamaan. Lapsirakkaana vaimoni luonnollisesti j\u00e4tti kotity\u00f6ns\u00e4 kesken ja meni ulos \u201ds\u00e4hlypeliin\u201d kolmanneksi mukaan. T\u00e4m\u00e4 pieni poika ei ole meid\u00e4n lapsenlapsemme, vaan naapurin poikia. Kyl\u00e4ll\u00e4mme ei tarvitse olla biologinen mummu saadakseen sen arvonimen, ja se on hyv\u00e4.<\/span><\/p>\n<p class=\"sc-TFwJa fObpSb\"><span class=\"sc-esOvli jstLnp\">Sain yhdelt\u00e4 kyl\u00e4l\u00e4iselt\u00e4 kotitalossaan ty\u00f6ss\u00e4 olleen <\/span><span class=\"sc-jVODtj cZsywt\">Pentti Heikkil\u00e4n<\/span><span class=\"sc-esOvli jstLnp\"> p\u00e4iv\u00e4kirjan lainaksi, jotta voin siit\u00e4 ottaa teksti\u00e4 tulevaan kirjaani.<\/span><\/p>\n<p class=\"sc-TFwJa fObpSb\"><span class=\"sc-esOvli jstLnp\">Pentti (s. 17.12.1923) oli Alastalon lastenkodin kasvatti. H\u00e4nest\u00e4 tuli hyvin pidetty nuorimies. Puhutaan vuosista 1938-1941, jolloin h\u00e4n kirjoitteli vihkoonsa asuessaan Taivalkunnassa. Pentti oli hyvin el\u00e4m\u00e4nmy\u00f6nteinen ja kirjoitti kauniin koskettavasti ty\u00f6st\u00e4\u00e4n, teht\u00e4vist\u00e4\u00e4n sek\u00e4 is\u00e4nn\u00e4st\u00e4 ja em\u00e4nn\u00e4st\u00e4. Harmillisesti sota p\u00e4\u00e4tti nuoren miehen el\u00e4m\u00e4n ennenaikaisesti rintamalla 1944, mutta p\u00e4iv\u00e4kirja antaa meille viel\u00e4kin paljon ajateltavaa.<\/span><\/p>\n<p class=\"sc-TFwJa fObpSb\"><span class=\"sc-esOvli jstLnp\">Lapsena saadut my\u00f6nteiset kokemukset ja opit usein kantavat meit\u00e4 el\u00e4m\u00e4ss\u00e4mme, mutta huonommistakin l\u00e4ht\u00f6kohdista voi saada hyv\u00e4n ja tyytyv\u00e4isen el\u00e4m\u00e4n itselleen. My\u00f6s Pentin tapauksessa ty\u00f6 ja sen arvostus sek\u00e4 hyv\u00e4ksytyksi tuleminen kasvattivat miehen, joka henki ja jakoi ymp\u00e4rilleen iloa.<\/span><\/p>\n<p class=\"sc-TFwJa fObpSb\"><span class=\"sc-esOvli jstLnp\">Muutama vuosi sitten Taivalkunnassa tehtiin kyl\u00e4kysely, josta ilmenee, ett\u00e4 kyl\u00e4ll\u00e4mme asuu hyvin tyytyv\u00e4ist\u00e4 v\u00e4ke\u00e4. Ehk\u00e4 sama tilanne on muuallakin ja yksitt\u00e4istapausten perusteella saa helposti v\u00e4\u00e4r\u00e4nlaisen kuvan.<\/span><\/p>\n<\/div>\n<\/div>\n<\/div>\n<\/div>\n","protected":false},"excerpt":{"rendered":"<p>kolumni on julkaistu Nokian Uutisissa. Yhdess\u00e4 tyytyv\u00e4isi\u00e4: \u201dLapsena saadut my\u00f6nteiset kokemukset kantavat meit\u00e4, mutta huonommistakin l\u00e4ht\u00f6kohdista voi saada hyv\u00e4n el\u00e4m\u00e4n itselleen\u201d 3.5.2019 Olli Sorva Kirjoittaja on positiivisella asenteella varustettu yritt\u00e4j\u00e4.\u00a0 Voisiko useampi meist\u00e4 olla tyytyv\u00e4inen itseens\u00e4 ja siihen mit\u00e4 on? Toisinaan tuntuu, ett\u00e4 mit\u00e4 enemm\u00e4n omistaa, sit\u00e4 enemm\u00e4n haluaa. Tehdess\u00e4ni kirjaa Taivalkunnan tarinoista t\u00f6rm\u00e4\u00e4n siihen, &hellip; <a href=\"https:\/\/www.nokiankylat.fi\/taivalkunta\/kuvat\/lehtileikkeita\/lehtileikkeita-2019\/nu-3-5-2019\/\">Jatkuu<\/a><\/p>\n","protected":false},"author":4,"featured_media":0,"parent":2841,"menu_order":0,"comment_status":"closed","ping_status":"closed","template":"","meta":{"_acf_changed":false,"footnotes":""},"class_list":["post-2846","page","type-page","status-publish","hentry"],"acf":[],"_links":{"self":[{"href":"https:\/\/www.nokiankylat.fi\/taivalkunta\/wp-json\/wp\/v2\/pages\/2846","targetHints":{"allow":["GET"]}}],"collection":[{"href":"https:\/\/www.nokiankylat.fi\/taivalkunta\/wp-json\/wp\/v2\/pages"}],"about":[{"href":"https:\/\/www.nokiankylat.fi\/taivalkunta\/wp-json\/wp\/v2\/types\/page"}],"author":[{"embeddable":true,"href":"https:\/\/www.nokiankylat.fi\/taivalkunta\/wp-json\/wp\/v2\/users\/4"}],"replies":[{"embeddable":true,"href":"https:\/\/www.nokiankylat.fi\/taivalkunta\/wp-json\/wp\/v2\/comments?post=2846"}],"version-history":[{"count":5,"href":"https:\/\/www.nokiankylat.fi\/taivalkunta\/wp-json\/wp\/v2\/pages\/2846\/revisions"}],"predecessor-version":[{"id":2852,"href":"https:\/\/www.nokiankylat.fi\/taivalkunta\/wp-json\/wp\/v2\/pages\/2846\/revisions\/2852"}],"up":[{"embeddable":true,"href":"https:\/\/www.nokiankylat.fi\/taivalkunta\/wp-json\/wp\/v2\/pages\/2841"}],"wp:attachment":[{"href":"https:\/\/www.nokiankylat.fi\/taivalkunta\/wp-json\/wp\/v2\/media?parent=2846"}],"curies":[{"name":"wp","href":"https:\/\/api.w.org\/{rel}","templated":true}]}}