{"id":2912,"date":"2019-06-20T09:13:47","date_gmt":"2019-06-20T06:13:47","guid":{"rendered":"https:\/\/www.nokiankylat.fi\/taivalkunta\/?page_id=2912"},"modified":"2019-06-20T09:19:29","modified_gmt":"2019-06-20T06:19:29","slug":"nu-19-6-2019","status":"publish","type":"page","link":"https:\/\/www.nokiankylat.fi\/taivalkunta\/kuvat\/lehtileikkeita\/lehtileikkeita-2019\/nu-19-6-2019\/","title":{"rendered":"NU 19-6-2019"},"content":{"rendered":"<p>Kolumni on julkaistu Nokian Uutisissa<\/p>\n<h1>Parasta yhteiseloa:<\/h1>\n<h4>&#8221;Niiss\u00e4 tulevat esiin yhteishenki, kaunis luonto ja mukavat ihmiset.&#8221;<\/h4>\n<p><img decoding=\"async\" src=\"https:\/\/d1ddzfo1d7bgrb.cloudfront.net\/nokianuutiset\/869ad334-ba03-50be-9550-00e5f81b6147-320x180.jpg\" alt=\"Olli Sorva\" \/><\/p>\n<p>19.6.2019 Olli Sorva<\/p>\n<p>Kirjoittaja on positiivisella asenteella varustettu yritt\u00e4j\u00e4<\/p>\n<p>&nbsp;<\/p>\n<p>Olen aiemmin kirjoittanut eri-ik\u00e4isten ihmisten vuorovaikutuksesta. Pit\u00e4isi n\u00e4hd\u00e4, mit\u00e4 hyv\u00e4\u00e4 ymp\u00e4rill\u00e4 on ja kunnioittaa sek\u00e4 yhteist\u00e4 ett\u00e4 muiden ihmisten omaisuutta. Julkisuudessa on ollut paljon keskustelua lasten ja nuorison iltatekemisist\u00e4. Kaikki eiv\u00e4t osaa k\u00e4ytt\u00e4yty\u00e4 kunnolla, mutta todenn\u00e4k\u00f6isesti kuitenkin suurin osa. Taivalkunnassa tilanne on t\u00e4ll\u00e4 hetkell\u00e4 hyv\u00e4.<\/p>\n<p>Kyl\u00e4ll\u00e4mme ei ole nuorisotilaa eik\u00e4 kaupungin j\u00e4rjest\u00e4m\u00e4\u00e4 toimintaa. Voisikin luulla, ett\u00e4 nuoriso parveilisi esim. kyl\u00e4n koululla joutilaana nurkkia potkiskellen. Totuus on kuitenkin hyvin toisenlainen. Kouluik\u00e4iset pelaavat pihassa jalkapalloa, alle kouluik\u00e4iset ovat vanhempiensa kanssa leikkitelineiden luona. Aikuinen voi yksikseenkin poiketa pihassa, ottaa halutessaan osaa nuorten jalkapallopeliin tai muuten vaan kysell\u00e4, mit\u00e4 kuuluu. Kyl\u00e4mme lapset eiv\u00e4t katso sit\u00e4 pahalla, vaan kaikki kuuluu normaaliin yhdess\u00e4eloon ja kanssak\u00e4ymiseen. Taivalkunnassa ei ole kaupungin uimarantaa, mutta vesist\u00f6j\u00e4 on ja uimista ja ulkona olemista harrastetaan paljon.<\/p>\n<p>Vuosisadat kyl\u00e4ll\u00e4mme on nuorisoa tuettu ja kannustettu, niin miksei nytkin. Yhten\u00e4 esimerkkin\u00e4, 1863 muutti Taivalkunnan Lukkilaan 6-vuotias Isak-niminen poika. Ennen avioitumistaan h\u00e4n ajautui opintielle. Haapaniemen kartanon neidit pitiv\u00e4t kyl\u00e4n lapsille kiertokoulua. He sanoivat Eva-\u00e4idille, ett\u00e4 \u00e4lykk\u00e4\u00e4n Isakin pit\u00e4isi p\u00e4\u00e4st\u00e4 Tampereen Kansakouluun ja sitten lyseoon H\u00e4meenlinnaan. Ylioppilaskirjoituksiin oli matkustettava Helsinkiin. T\u00e4m\u00e4n j\u00e4lkeen seurasi lakimiesura aina Hovioikeuden presidentiksi asti. Noista ajoista ovat elintaso ja opiskelumahdollisuudet nousseet niin, ett\u00e4 t\u00e4n\u00e4 p\u00e4iv\u00e4n\u00e4 ylioppilaaksi voi kirjottaa vaikka Nokialla.<\/p>\n<p>Kouluik\u00e4iset kunnioittavat kyl\u00e4\u00e4mme ja tapaamme el\u00e4\u00e4. 5.-6.-luokkalaiset kirjoittivat tulevaan kirjaani kokemuksistaan, ajatuksistaan nykyisest\u00e4 el\u00e4m\u00e4nmenosta, kyl\u00e4ilmeest\u00e4, ja siit\u00e4 mik\u00e4 on kyl\u00e4mme vahvuus. Niiss\u00e4 tulevat esiin yhteishenki, kaunis luonto, rauhallisuus ja mukavat ihmiset. Lis\u00e4ksi lehtien kohina ja linnunlaulu sek\u00e4 kiitollisuus, ett\u00e4 saa el\u00e4\u00e4 lapsuutensa Taivalkunnassa. Ehk\u00e4 jo ennest\u00e4\u00e4nkin tiesitte, mit\u00e4 nykylapset arvostavat?<\/p>\n","protected":false},"excerpt":{"rendered":"<p>Kolumni on julkaistu Nokian Uutisissa Parasta yhteiseloa: &#8221;Niiss\u00e4 tulevat esiin yhteishenki, kaunis luonto ja mukavat ihmiset.&#8221; 19.6.2019 Olli Sorva Kirjoittaja on positiivisella asenteella varustettu yritt\u00e4j\u00e4 &nbsp; Olen aiemmin kirjoittanut eri-ik\u00e4isten ihmisten vuorovaikutuksesta. Pit\u00e4isi n\u00e4hd\u00e4, mit\u00e4 hyv\u00e4\u00e4 ymp\u00e4rill\u00e4 on ja kunnioittaa sek\u00e4 yhteist\u00e4 ett\u00e4 muiden ihmisten omaisuutta. Julkisuudessa on ollut paljon keskustelua lasten ja nuorison iltatekemisist\u00e4. &hellip; <a href=\"https:\/\/www.nokiankylat.fi\/taivalkunta\/kuvat\/lehtileikkeita\/lehtileikkeita-2019\/nu-19-6-2019\/\">Jatkuu<\/a><\/p>\n","protected":false},"author":4,"featured_media":0,"parent":2841,"menu_order":0,"comment_status":"closed","ping_status":"closed","template":"","meta":{"_acf_changed":false,"footnotes":""},"class_list":["post-2912","page","type-page","status-publish","hentry"],"acf":[],"_links":{"self":[{"href":"https:\/\/www.nokiankylat.fi\/taivalkunta\/wp-json\/wp\/v2\/pages\/2912","targetHints":{"allow":["GET"]}}],"collection":[{"href":"https:\/\/www.nokiankylat.fi\/taivalkunta\/wp-json\/wp\/v2\/pages"}],"about":[{"href":"https:\/\/www.nokiankylat.fi\/taivalkunta\/wp-json\/wp\/v2\/types\/page"}],"author":[{"embeddable":true,"href":"https:\/\/www.nokiankylat.fi\/taivalkunta\/wp-json\/wp\/v2\/users\/4"}],"replies":[{"embeddable":true,"href":"https:\/\/www.nokiankylat.fi\/taivalkunta\/wp-json\/wp\/v2\/comments?post=2912"}],"version-history":[{"count":7,"href":"https:\/\/www.nokiankylat.fi\/taivalkunta\/wp-json\/wp\/v2\/pages\/2912\/revisions"}],"predecessor-version":[{"id":2919,"href":"https:\/\/www.nokiankylat.fi\/taivalkunta\/wp-json\/wp\/v2\/pages\/2912\/revisions\/2919"}],"up":[{"embeddable":true,"href":"https:\/\/www.nokiankylat.fi\/taivalkunta\/wp-json\/wp\/v2\/pages\/2841"}],"wp:attachment":[{"href":"https:\/\/www.nokiankylat.fi\/taivalkunta\/wp-json\/wp\/v2\/media?parent=2912"}],"curies":[{"name":"wp","href":"https:\/\/api.w.org\/{rel}","templated":true}]}}