{"id":2967,"date":"2019-10-12T11:15:34","date_gmt":"2019-10-12T08:15:34","guid":{"rendered":"https:\/\/www.nokiankylat.fi\/taivalkunta\/?page_id=2967"},"modified":"2019-10-12T11:15:34","modified_gmt":"2019-10-12T08:15:34","slug":"nu-6-10-2019","status":"publish","type":"page","link":"https:\/\/www.nokiankylat.fi\/taivalkunta\/kuvat\/lehtileikkeita\/lehtileikkeita-2019\/nu-6-10-2019\/","title":{"rendered":"NU 6-10-2019"},"content":{"rendered":"<p><a href=\"https:\/\/www.nokiankylat.fi\/taivalkunta\/wp-content\/uploads\/sites\/11\/2019\/10\/KOULUKUVA.jpg\"><img loading=\"lazy\" decoding=\"async\" class=\"alignnone size-medium wp-image-2968\" src=\"https:\/\/www.nokiankylat.fi\/taivalkunta\/wp-content\/uploads\/sites\/11\/2019\/10\/KOULUKUVA-300x193.jpg\" alt=\"\" width=\"300\" height=\"193\" srcset=\"https:\/\/www.nokiankylat.fi\/taivalkunta\/wp-content\/uploads\/sites\/11\/2019\/10\/KOULUKUVA-300x193.jpg 300w, https:\/\/www.nokiankylat.fi\/taivalkunta\/wp-content\/uploads\/sites\/11\/2019\/10\/KOULUKUVA-768x494.jpg 768w, https:\/\/www.nokiankylat.fi\/taivalkunta\/wp-content\/uploads\/sites\/11\/2019\/10\/KOULUKUVA.jpg 800w\" sizes=\"auto, (max-width: 300px) 100vw, 300px\" \/><\/a><\/p>\n<p>Nokian kaupunki ottaa ensi vuoden talousarvion valmistelussa esille sek\u00e4 Taivalkunnan ett\u00e4 Vahalahden koulun lakkauttamisen.<\/p>\n<h2>Mielipide<\/h2>\n<p class=\"sc-eilVRo jiTcZg\"><span class=\"sc-iyvyFf brlNMe\">Viranhaltijat eiv\u00e4t ilmeisesti tied\u00e4, kuinka arvokas on koulu, jonka haluavat lopettaa. Nostan esiin muutamia asioita, jotka ovat j\u00e4\u00e4neet taka-alalle puhuttaessa <\/span><a class=\"sc-hrWEMg kzCoYx\" href=\"https:\/\/www.nokianuutiset.fi\/a\/a4580ff7-5478-4c10-a37c-9544ea6b6c9b\" target=\"_blank\" rel=\"noopener noreferrer\">Taivalkunnan koulun kohtalosta<\/a><span class=\"sc-iyvyFf brlNMe\">.<\/span><\/p>\n<p class=\"sc-eilVRo jiTcZg\"><span class=\"sc-iyvyFf brlNMe\">Koulu alkoi profiloitua yritt\u00e4jyyskasvatuskouluksi kohta 10 vuotta sitten. Yritt\u00e4jyyskasvatus on suuntaus, jota ei juuri miss\u00e4\u00e4n oltu silloin viety kovinkaan pitk\u00e4lle.<\/span><\/p>\n<p class=\"sc-eilVRo jiTcZg\"><span class=\"sc-iyvyFf brlNMe\">Yritt\u00e4jyyskasvatuksen tiimoilta Kantri ry (kyseinen yhdistys jakaa EU Leader -rahaa Pirkanmaalla) on palkinnut koulumme per\u00e4ti kahtena vuotena Pirkanmaan parhaana hankkeena.<\/span><\/p>\n<p class=\"sc-eilVRo jiTcZg\"><span class=\"sc-iyvyFf brlNMe\">Nokian kaupungille koulu on tuonut ja tuo positiivista imagoa Suomessa ja ulkomailla. Koulumme rehtori kutsuttiin Tanskaan K\u00f6\u00f6penhaminaan yhteispohjoismaiseen kongressiin kertomaan koulumme hankkeesta ainoana suomalaisen koulun edustajana. Tunnuslauseemme kongressissa \u201cNokia, still connecting people\u201d her\u00e4tti my\u00f6t\u00e4mielist\u00e4 hilpeytt\u00e4 muissa edustajissa ja kuvasi hyvin saavutuksiamme.<\/span><\/p>\n<p class=\"sc-eilVRo jiTcZg\"><span class=\"sc-iyvyFf brlNMe\">Koulullamme on k\u00e4ynyt muun muassa kaksi japanilaisharjoittelijaa tutustumassa toimintatapaamme. K\u00e4ydess\u00e4\u00e4n he pitiv\u00e4t koululaisillemme my\u00f6s oppitunnin. Toinen japanilaisharjoittelija <\/span><span class=\"sc-jzgbtB duntra\">Saeko Suzuki<\/span><span class=\"sc-iyvyFf brlNMe\"> opetti japanilaisia kirjainmerkkej\u00e4 ja toinen <\/span><span class=\"sc-jzgbtB duntra\">Kai Shimazu<\/span><span class=\"sc-iyvyFf brlNMe\"> opetti paperitaittelua eli origamia.<\/span><\/p>\n<p class=\"sc-eilVRo jiTcZg\"><span class=\"sc-iyvyFf brlNMe\">Taivalkunnan koululaiset ovat olleet omalla osastollaan Messut Nokialla -tapahtumassa ja molempina kertoina messuvieraat \u00e4\u00e4nestiv\u00e4t koulun osaston parhaaksi messuosastoksi.<\/span><\/p>\n<p class=\"sc-eilVRo jiTcZg\"><span class=\"sc-jzgbtB duntra\">Raimo J\u00e4ms\u00e4<\/span><span class=\"sc-iyvyFf brlNMe\"> toimi l\u00e4hes 30 vuoden ajan Nokialla kiert\u00e4v\u00e4n\u00e4 englannin kielen lehtorina ja tuli huomaamaan isojen ja pienien koulujen erot. H\u00e4n kirjoitti 20 vuotta sitten yhdysluokkien eduista, kuinka oppilaat oppivat paremmin itsen\u00e4isesti tekem\u00e4\u00e4n harjoituksia ja lahjakkaammat auttavat heikompia teht\u00e4vien ratkaisemisessa. N\u00e4in he oppivat vastuuntuntoa ja sosiaalisuutta.<\/span><\/p>\n<p class=\"sc-eilVRo jiTcZg\"><span class=\"sc-iyvyFf brlNMe\">Koulumme liikuntasali on kolmena iltana viikossa vuokrattuna yksityisille toimijoille, jotka kuntalaisillemme tuovat terveytt\u00e4 ja mielenhallintaa. Eik\u00e4 niit\u00e4 tilaisuuksia ole tarvinnut kaupungin j\u00e4rjest\u00e4\u00e4.<\/span><\/p>\n<div>\n<div class=\"sc-hTQSVH kkIBYs\">\n<div id=\"container_30\">\n<div id=\"almad-outstream-1\" class=\"stream-ad ad\"><\/div>\n<\/div>\n<\/div>\n<\/div>\n<p class=\"sc-eilVRo jiTcZg\"><span class=\"sc-iyvyFf brlNMe\">Joka ilta on koulun pihakent\u00e4ll\u00e4 oppilaita pelailemassa ja harrastamassa omatoimista liikuntaa. Ne lapset eiv\u00e4t siis viet\u00e4 iltojaan ruudun \u00e4\u00e4ress\u00e4 tai kaupungilla maleksien. Runsaasta toiminnasta huolimatta tai juuri sen takia koulumme piha ei ole joutunut ilkivallan kohteeksi.<\/span><\/p>\n<p class=\"sc-eilVRo jiTcZg\"><span class=\"sc-iyvyFf brlNMe\">Pieniss\u00e4 kouluissa opettajien ty\u00f6 on haastavampaa kuin isoissa kouluissa. Kyl\u00e4ll\u00e4mme on tuki ja yhteisty\u00f6 opettajien, kyl\u00e4l\u00e4isten ja koulun yrityskummien v\u00e4lill\u00e4, joten opetusasiat on saatu hyv\u00e4lle mallille kulttuurisellisestikin arvokkaassa koulurakennuksessamme.<\/span><\/p>\n<p class=\"sc-eilVRo jiTcZg\"><span class=\"sc-iyvyFf brlNMe\">Kysymys, ett\u00e4 n\u00e4yt\u00e4 yksikin kunta, joka voi sanoa pelastaneensa kuntatalouden pienten koulujen lakkautuksella, on j\u00e4\u00e4nyt vastausta vaille! Nokian kaupungin koulutoimen budjettiosuudesta alle sadasosa osoitetaan kyl\u00e4koulullemme toimintaan.<\/span><\/p>\n<p class=\"sc-eilVRo jiTcZg\"><span class=\"sc-iyvyFf brlNMe\">Taivalkunnan koulurakennus on hyv\u00e4ss\u00e4 kunnossa eik\u00e4 sis\u00e4ilmaongelmiakaan esiinny, joten kaikki investointirahat voi meid\u00e4n puolesta suunnata muille kouluille.<\/span><\/p>\n<p>Olli Sorva <span class=\"sc-eXEjpC hMibsz\">Taivalkunnan kyl\u00e4yhdistyksen puheenjohtaja<\/span><\/p>\n","protected":false},"excerpt":{"rendered":"<p>Nokian kaupunki ottaa ensi vuoden talousarvion valmistelussa esille sek\u00e4 Taivalkunnan ett\u00e4 Vahalahden koulun lakkauttamisen. Mielipide Viranhaltijat eiv\u00e4t ilmeisesti tied\u00e4, kuinka arvokas on koulu, jonka haluavat lopettaa. Nostan esiin muutamia asioita, jotka ovat j\u00e4\u00e4neet taka-alalle puhuttaessa Taivalkunnan koulun kohtalosta. Koulu alkoi profiloitua yritt\u00e4jyyskasvatuskouluksi kohta 10 vuotta sitten. Yritt\u00e4jyyskasvatus on suuntaus, jota ei juuri miss\u00e4\u00e4n oltu silloin &hellip; <a href=\"https:\/\/www.nokiankylat.fi\/taivalkunta\/kuvat\/lehtileikkeita\/lehtileikkeita-2019\/nu-6-10-2019\/\">Jatkuu<\/a><\/p>\n","protected":false},"author":4,"featured_media":0,"parent":2841,"menu_order":0,"comment_status":"closed","ping_status":"closed","template":"","meta":{"_acf_changed":false,"footnotes":""},"class_list":["post-2967","page","type-page","status-publish","hentry"],"acf":[],"_links":{"self":[{"href":"https:\/\/www.nokiankylat.fi\/taivalkunta\/wp-json\/wp\/v2\/pages\/2967","targetHints":{"allow":["GET"]}}],"collection":[{"href":"https:\/\/www.nokiankylat.fi\/taivalkunta\/wp-json\/wp\/v2\/pages"}],"about":[{"href":"https:\/\/www.nokiankylat.fi\/taivalkunta\/wp-json\/wp\/v2\/types\/page"}],"author":[{"embeddable":true,"href":"https:\/\/www.nokiankylat.fi\/taivalkunta\/wp-json\/wp\/v2\/users\/4"}],"replies":[{"embeddable":true,"href":"https:\/\/www.nokiankylat.fi\/taivalkunta\/wp-json\/wp\/v2\/comments?post=2967"}],"version-history":[{"count":1,"href":"https:\/\/www.nokiankylat.fi\/taivalkunta\/wp-json\/wp\/v2\/pages\/2967\/revisions"}],"predecessor-version":[{"id":2969,"href":"https:\/\/www.nokiankylat.fi\/taivalkunta\/wp-json\/wp\/v2\/pages\/2967\/revisions\/2969"}],"up":[{"embeddable":true,"href":"https:\/\/www.nokiankylat.fi\/taivalkunta\/wp-json\/wp\/v2\/pages\/2841"}],"wp:attachment":[{"href":"https:\/\/www.nokiankylat.fi\/taivalkunta\/wp-json\/wp\/v2\/media?parent=2967"}],"curies":[{"name":"wp","href":"https:\/\/api.w.org\/{rel}","templated":true}]}}

<p><a href="https://www.nokiankylat.fi/taivalkunta/wp-content/uploads/sites/11/2019/10/KOULUKUVA.jpg"><img loading="lazy" decoding="async" class="alignnone size-medium wp-image-2968" src="https://www.nokiankylat.fi/taivalkunta/wp-content/uploads/sites/11/2019/10/KOULUKUVA-300x193.jpg" alt="" width="300" height="193" srcset="https://www.nokiankylat.fi/taivalkunta/wp-content/uploads/sites/11/2019/10/KOULUKUVA-300x193.jpg 300w, https://www.nokiankylat.fi/taivalkunta/wp-content/uploads/sites/11/2019/10/KOULUKUVA-768x494.jpg 768w, https://www.nokiankylat.fi/taivalkunta/wp-content/uploads/sites/11/2019/10/KOULUKUVA.jpg 800w" sizes="auto, (max-width: 300px) 100vw, 300px" /></a></p>
<p>Nokian kaupunki ottaa ensi vuoden talousarvion valmistelussa esille sekä Taivalkunnan että Vahalahden koulun lakkauttamisen.</p>
<h2>Mielipide</h2>
<p class="sc-eilVRo jiTcZg"><span class="sc-iyvyFf brlNMe">Viranhaltijat eivät ilmeisesti tiedä, kuinka arvokas on koulu, jonka haluavat lopettaa. Nostan esiin muutamia asioita, jotka ovat jääneet taka-alalle puhuttaessa </span><a class="sc-hrWEMg kzCoYx" href="https://www.nokianuutiset.fi/a/a4580ff7-5478-4c10-a37c-9544ea6b6c9b" target="_blank" rel="noopener noreferrer">Taivalkunnan koulun kohtalosta</a><span class="sc-iyvyFf brlNMe">.</span></p>
<p class="sc-eilVRo jiTcZg"><span class="sc-iyvyFf brlNMe">Koulu alkoi profiloitua yrittäjyyskasvatuskouluksi kohta 10 vuotta sitten. Yrittäjyyskasvatus on suuntaus, jota ei juuri missään oltu silloin viety kovinkaan pitkälle.</span></p>
<p class="sc-eilVRo jiTcZg"><span class="sc-iyvyFf brlNMe">Yrittäjyyskasvatuksen tiimoilta Kantri ry (kyseinen yhdistys jakaa EU Leader -rahaa Pirkanmaalla) on palkinnut koulumme peräti kahtena vuotena Pirkanmaan parhaana hankkeena.</span></p>
<p class="sc-eilVRo jiTcZg"><span class="sc-iyvyFf brlNMe">Nokian kaupungille koulu on tuonut ja tuo positiivista imagoa Suomessa ja ulkomailla. Koulumme rehtori kutsuttiin Tanskaan Kööpenhaminaan yhteispohjoismaiseen kongressiin kertomaan koulumme hankkeesta ainoana suomalaisen koulun edustajana. Tunnuslauseemme kongressissa “Nokia, still connecting people” herätti myötämielistä hilpeyttä muissa edustajissa ja kuvasi hyvin saavutuksiamme.</span></p>
<p class="sc-eilVRo jiTcZg"><span class="sc-iyvyFf brlNMe">Koulullamme on käynyt muun muassa kaksi japanilaisharjoittelijaa tutustumassa toimintatapaamme. Käydessään he pitivät koululaisillemme myös oppitunnin. Toinen japanilaisharjoittelija </span><span class="sc-jzgbtB duntra">Saeko Suzuki</span><span class="sc-iyvyFf brlNMe"> opetti japanilaisia kirjainmerkkejä ja toinen </span><span class="sc-jzgbtB duntra">Kai Shimazu</span><span class="sc-iyvyFf brlNMe"> opetti paperitaittelua eli origamia.</span></p>
<p class="sc-eilVRo jiTcZg"><span class="sc-iyvyFf brlNMe">Taivalkunnan koululaiset ovat olleet omalla osastollaan Messut Nokialla -tapahtumassa ja molempina kertoina messuvieraat äänestivät koulun osaston parhaaksi messuosastoksi.</span></p>
<p class="sc-eilVRo jiTcZg"><span class="sc-jzgbtB duntra">Raimo Jämsä</span><span class="sc-iyvyFf brlNMe"> toimi lähes 30 vuoden ajan Nokialla kiertävänä englannin kielen lehtorina ja tuli huomaamaan isojen ja pienien koulujen erot. Hän kirjoitti 20 vuotta sitten yhdysluokkien eduista, kuinka oppilaat oppivat paremmin itsenäisesti tekemään harjoituksia ja lahjakkaammat auttavat heikompia tehtävien ratkaisemisessa. Näin he oppivat vastuuntuntoa ja sosiaalisuutta.</span></p>
<p class="sc-eilVRo jiTcZg"><span class="sc-iyvyFf brlNMe">Koulumme liikuntasali on kolmena iltana viikossa vuokrattuna yksityisille toimijoille, jotka kuntalaisillemme tuovat terveyttä ja mielenhallintaa. Eikä niitä tilaisuuksia ole tarvinnut kaupungin järjestää.</span></p>
<div>
<div class="sc-hTQSVH kkIBYs">
<div id="container_30">
<div id="almad-outstream-1" class="stream-ad ad"></div>
</div>
</div>
</div>
<p class="sc-eilVRo jiTcZg"><span class="sc-iyvyFf brlNMe">Joka ilta on koulun pihakentällä oppilaita pelailemassa ja harrastamassa omatoimista liikuntaa. Ne lapset eivät siis vietä iltojaan ruudun ääressä tai kaupungilla maleksien. Runsaasta toiminnasta huolimatta tai juuri sen takia koulumme piha ei ole joutunut ilkivallan kohteeksi.</span></p>
<p class="sc-eilVRo jiTcZg"><span class="sc-iyvyFf brlNMe">Pienissä kouluissa opettajien työ on haastavampaa kuin isoissa kouluissa. Kylällämme on tuki ja yhteistyö opettajien, kyläläisten ja koulun yrityskummien välillä, joten opetusasiat on saatu hyvälle mallille kulttuurisellisestikin arvokkaassa koulurakennuksessamme.</span></p>
<p class="sc-eilVRo jiTcZg"><span class="sc-iyvyFf brlNMe">Kysymys, että näytä yksikin kunta, joka voi sanoa pelastaneensa kuntatalouden pienten koulujen lakkautuksella, on jäänyt vastausta vaille! Nokian kaupungin koulutoimen budjettiosuudesta alle sadasosa osoitetaan kyläkoulullemme toimintaan.</span></p>
<p class="sc-eilVRo jiTcZg"><span class="sc-iyvyFf brlNMe">Taivalkunnan koulurakennus on hyvässä kunnossa eikä sisäilmaongelmiakaan esiinny, joten kaikki investointirahat voi meidän puolesta suunnata muille kouluille.</span></p>
<p>Olli Sorva <span class="sc-eXEjpC hMibsz">Taivalkunnan kyläyhdistyksen puheenjohtaja</span></p>

<p>Nokian kaupunki ottaa ensi vuoden talousarvion valmistelussa esille sekä Taivalkunnan että Vahalahden koulun lakkauttamisen. Mielipide Viranhaltijat eivät ilmeisesti tiedä, kuinka arvokas on koulu, jonka haluavat lopettaa. Nostan esiin muutamia asioita, jotka ovat jääneet taka-alalle puhuttaessa Taivalkunnan koulun kohtalosta. Koulu alkoi profiloitua yrittäjyyskasvatuskouluksi kohta 10 vuotta sitten. Yrittäjyyskasvatus on suuntaus, jota ei juuri missään oltu silloin &hellip; <a href="https://www.nokiankylat.fi/taivalkunta/kuvat/lehtileikkeita/lehtileikkeita-2019/nu-6-10-2019/">Jatkuu</a></p>
