{"id":2984,"date":"2019-10-22T16:03:52","date_gmt":"2019-10-22T13:03:52","guid":{"rendered":"https:\/\/www.nokiankylat.fi\/taivalkunta\/?page_id=2984"},"modified":"2019-10-31T16:06:08","modified_gmt":"2019-10-31T14:06:08","slug":"esityslista-31-10-2019","status":"publish","type":"page","link":"https:\/\/www.nokiankylat.fi\/taivalkunta\/yhdistykset\/taivalkunnan-kylat-ry\/kokoukset-ja-kylaillat\/syyskokous-31-10-2019\/esityslista-31-10-2019\/","title":{"rendered":"Esityslista 31-10-2019"},"content":{"rendered":"<p><span>Esityslista <\/span><\/p>\n<p><span>1.\u00a0\u00a0 Kahvitarjoilu ja kokouksen avaaminen <\/span><\/p>\n<p><span>2.\u00a0\u00a0 Kokouksen j\u00e4rjest\u00e4ytyminen <\/span><\/p>\n<p><span>3.\u00a0\u00a0 Laillisuuden ja p\u00e4\u00e4t\u00f6svaltaisuuden toteaminen <\/span><\/p>\n<p><span>4.\u00a0\u00a0 Ty\u00f6j\u00e4rjestyksest\u00e4 p\u00e4\u00e4tt\u00e4minen <\/span><\/p>\n<p><span>5.\u00a0\u00a0 Toimintasuunnitelman ja talousarvion vahvistaminen seuraavalle vuodelle sek\u00e4 j\u00e4senmaksun suuruus <\/span><\/p>\n<p><span>6.\u00a0\u00a0 Puheenjohtajan valinta vuodelle 2020 <\/span><\/p>\n<p><span>7.\u00a0\u00a0 Hallituksen j\u00e4senten valinta <\/span><\/p>\n<p><span>8.\u00a0\u00a0 Toiminnantarkastajan ja varatoiminnantarkastajan valinta<\/span><\/p>\n<p><span> 9.\u00a0\u00a0 Muut esille tulevat asiat <\/span><\/p>\n<p><span>10. Kokouksen p\u00e4\u00e4tt\u00e4minen<\/span><\/p>\n","protected":false},"excerpt":{"rendered":"<p>Esityslista 1.\u00a0\u00a0 Kahvitarjoilu ja kokouksen avaaminen 2.\u00a0\u00a0 Kokouksen j\u00e4rjest\u00e4ytyminen 3.\u00a0\u00a0 Laillisuuden ja p\u00e4\u00e4t\u00f6svaltaisuuden toteaminen 4.\u00a0\u00a0 Ty\u00f6j\u00e4rjestyksest\u00e4 p\u00e4\u00e4tt\u00e4minen 5.\u00a0\u00a0 Toimintasuunnitelman ja talousarvion vahvistaminen seuraavalle vuodelle sek\u00e4 j\u00e4senmaksun suuruus 6.\u00a0\u00a0 Puheenjohtajan valinta vuodelle 2020 7.\u00a0\u00a0 Hallituksen j\u00e4senten valinta 8.\u00a0\u00a0 Toiminnantarkastajan ja varatoiminnantarkastajan valinta 9.\u00a0\u00a0 Muut esille tulevat asiat 10. Kokouksen p\u00e4\u00e4tt\u00e4minen<\/p>\n","protected":false},"author":4,"featured_media":0,"parent":2981,"menu_order":0,"comment_status":"closed","ping_status":"closed","template":"","meta":{"_acf_changed":false,"footnotes":""},"class_list":["post-2984","page","type-page","status-publish","hentry"],"acf":[],"_links":{"self":[{"href":"https:\/\/www.nokiankylat.fi\/taivalkunta\/wp-json\/wp\/v2\/pages\/2984","targetHints":{"allow":["GET"]}}],"collection":[{"href":"https:\/\/www.nokiankylat.fi\/taivalkunta\/wp-json\/wp\/v2\/pages"}],"about":[{"href":"https:\/\/www.nokiankylat.fi\/taivalkunta\/wp-json\/wp\/v2\/types\/page"}],"author":[{"embeddable":true,"href":"https:\/\/www.nokiankylat.fi\/taivalkunta\/wp-json\/wp\/v2\/users\/4"}],"replies":[{"embeddable":true,"href":"https:\/\/www.nokiankylat.fi\/taivalkunta\/wp-json\/wp\/v2\/comments?post=2984"}],"version-history":[{"count":1,"href":"https:\/\/www.nokiankylat.fi\/taivalkunta\/wp-json\/wp\/v2\/pages\/2984\/revisions"}],"predecessor-version":[{"id":2985,"href":"https:\/\/www.nokiankylat.fi\/taivalkunta\/wp-json\/wp\/v2\/pages\/2984\/revisions\/2985"}],"up":[{"embeddable":true,"href":"https:\/\/www.nokiankylat.fi\/taivalkunta\/wp-json\/wp\/v2\/pages\/2981"}],"wp:attachment":[{"href":"https:\/\/www.nokiankylat.fi\/taivalkunta\/wp-json\/wp\/v2\/media?parent=2984"}],"curies":[{"name":"wp","href":"https:\/\/api.w.org\/{rel}","templated":true}]}}