{"id":3025,"date":"2019-12-05T19:05:50","date_gmt":"2019-12-05T17:05:50","guid":{"rendered":"https:\/\/www.nokiankylat.fi\/taivalkunta\/?page_id=3025"},"modified":"2019-12-05T19:05:50","modified_gmt":"2019-12-05T17:05:50","slug":"kylakirje-5-12-2019","status":"publish","type":"page","link":"https:\/\/www.nokiankylat.fi\/taivalkunta\/yhdistykset\/taivalkunnan-kylat-ry\/kylayhdistyksen-arkisto\/kylakirjeet\/kylakirjeet-2019\/kylakirje-5-12-2019\/","title":{"rendered":"Kyl\u00e4kirje 5-12-2019"},"content":{"rendered":"<p><strong>Taivalkunnan kyl\u00e4kirje 5.12.2019<\/strong><\/p>\n<p>Nokian kaupunginvaltuuston kokous on 9.12 kello 10. Laatimamme vetoomus luovutetaan virallisesti v\u00e4h\u00e4n ennen kokousta <strong>valtuustosalissa kello 9.45<\/strong>. Vetoomuksen salissa luovuttavat kyl\u00e4n puolesta allekirjoittaneista min\u00e4 ja Jarno sek\u00e4 koululaisista Onni, Minka ja Venla. Koululaisille on oma vetoomuksensa. <strong>Kyl\u00e4yhdistys toivoo, ett\u00e4 kaikki<\/strong>, joilla on mahdollisuus, <strong>tulisivat tuolloin paikanp\u00e4\u00e4lle<\/strong>. Vetoomus on toki jo toimitettu tiedoksi kaikille valtuutetuille heid\u00e4n s\u00e4hk\u00f6posteihinsa sek\u00e4 paikallislehteen. Kaikkia koulujuttuja en ole viel\u00e4 ehtinyt kyl\u00e4n sivuille p\u00e4ivitt\u00e4m\u00e4\u00e4n, mutta vetoomuksen l\u00f6yd\u00e4t sivustolta uutisista sek\u00e4 t\u00e4\u00e4lt\u00e4 <a href=\"http:\/\/www.nokiankylat.fi\/taivalkunta\/yhdistykset\/taivalkunnan-kylat-ry\/vetoomus-koulun-puolesta-9-12-2019\/\">www.nokiankylat.fi\/taivalkunta\/yhdistykset\/taivalkunnan-kylat-ry\/vetoomus-koulun-puolesta-9-12-2019\/<\/a><\/p>\n<p>Ennen joulua on viel\u00e4 yksi <strong>pilates-tunti 10.12.<\/strong> kello 18-19 koululla. N\u00e4ill\u00e4 n\u00e4kymin tunnit jatkuvat kev\u00e4tpuolella todenn\u00e4k\u00f6isesti maanantaisin alkaen kello 19.<\/p>\n<p><strong>Perinteiset joululaulut<\/strong> lauletaan yhteislauluna sunnuntaina <strong>22.12 kello 18.00<\/strong> kyl\u00e4mme koululla. Esilaulajana on oman kyl\u00e4n Tomi. Olen sopinut <strong>kolmen klovnin <\/strong>kanssa <strong>esityksest\u00e4<\/strong> laulutilaisuutemme yhteyteen. Se esitys sopii oikein mukavasti kaikenik\u00e4isille, kuten joululaulutkin. Tulossa siis kodikas, l\u00e4mminhenkinen ja hauska tapahtuma nykyisille ja entisille kyl\u00e4l\u00e4isille yst\u00e4vineen. Tilaisuus on ilmainen, mutta \u201dhattu kiert\u00e4\u00e4\u201d, jotta n\u00e4ille kyl\u00e4n ulkopuolella asuville (s\u00e4est\u00e4j\u00e4 ja kolme klovnia) saadaan pieni matkakorvaus. Kyl\u00e4yhdistys tarjoaa v\u00e4liajalla ilmaiset gl\u00f6git ja piparit.<\/p>\n<p>Pyynn\u00f6st\u00e4 tiedoksenne, ett\u00e4 kyl\u00e4l\u00e4isille tiedotuksen teht\u00e4v\u00e4njako on t\u00e4ll\u00e4 hetkell\u00e4 siten, ett\u00e4 min\u00e4 p\u00e4ivit\u00e4n kyl\u00e4n nettisivut ja sihteerimme Minna Facebookin. Osa kyl\u00e4kirjeist\u00e4\/kutsuista jaetaan my\u00f6s postilaatikkojakona. Otan mielell\u00e4ni vastaan kaikki kyl\u00e4\u00e4 koskevat asiat, mutta halutessasi voit kertoa kenelle hallituksemme j\u00e4senelle tahansa, niin tieto kyll\u00e4 saavuttaa oikean henkil\u00f6n.<\/p>\n<p>Tammikuussa on uuden kyl\u00e4hallituksen j\u00e4rjest\u00e4ytymiskokous (valitaan varapj., sihteeri ja rahastonhoitaja) ja sen j\u00e4lkeen tiedotetaan henkil\u00f6t niilt\u00e4 osin.<\/p>\n<p>Ollaan yhteydess\u00e4 puolin ja toisin. Taivalkunnan kyl\u00e4t ry pj. Olli Sorva, olli.sorva(at)nokiansahkotalo.fi, <a href=\"http:\/\/www.nokiankylat.fi\/taivalkunta\">www.nokiankylat.fi\/taivalkunta<\/a>, <a href=\"http:\/\/www.facebook.com\/taivalkunta\/\">www.facebook.com\/taivalkunta\/<\/a>.<\/p>\n","protected":false},"excerpt":{"rendered":"<p>Taivalkunnan kyl\u00e4kirje 5.12.2019 Nokian kaupunginvaltuuston kokous on 9.12 kello 10. Laatimamme vetoomus luovutetaan virallisesti v\u00e4h\u00e4n ennen kokousta valtuustosalissa kello 9.45. Vetoomuksen salissa luovuttavat kyl\u00e4n puolesta allekirjoittaneista min\u00e4 ja Jarno sek\u00e4 koululaisista Onni, Minka ja Venla. Koululaisille on oma vetoomuksensa. Kyl\u00e4yhdistys toivoo, ett\u00e4 kaikki, joilla on mahdollisuus, tulisivat tuolloin paikanp\u00e4\u00e4lle. Vetoomus on toki jo toimitettu tiedoksi &hellip; <a href=\"https:\/\/www.nokiankylat.fi\/taivalkunta\/yhdistykset\/taivalkunnan-kylat-ry\/kylayhdistyksen-arkisto\/kylakirjeet\/kylakirjeet-2019\/kylakirje-5-12-2019\/\">Jatkuu<\/a><\/p>\n","protected":false},"author":4,"featured_media":0,"parent":2766,"menu_order":0,"comment_status":"closed","ping_status":"closed","template":"","meta":{"_acf_changed":false,"footnotes":""},"class_list":["post-3025","page","type-page","status-publish","hentry"],"acf":[],"_links":{"self":[{"href":"https:\/\/www.nokiankylat.fi\/taivalkunta\/wp-json\/wp\/v2\/pages\/3025","targetHints":{"allow":["GET"]}}],"collection":[{"href":"https:\/\/www.nokiankylat.fi\/taivalkunta\/wp-json\/wp\/v2\/pages"}],"about":[{"href":"https:\/\/www.nokiankylat.fi\/taivalkunta\/wp-json\/wp\/v2\/types\/page"}],"author":[{"embeddable":true,"href":"https:\/\/www.nokiankylat.fi\/taivalkunta\/wp-json\/wp\/v2\/users\/4"}],"replies":[{"embeddable":true,"href":"https:\/\/www.nokiankylat.fi\/taivalkunta\/wp-json\/wp\/v2\/comments?post=3025"}],"version-history":[{"count":1,"href":"https:\/\/www.nokiankylat.fi\/taivalkunta\/wp-json\/wp\/v2\/pages\/3025\/revisions"}],"predecessor-version":[{"id":3026,"href":"https:\/\/www.nokiankylat.fi\/taivalkunta\/wp-json\/wp\/v2\/pages\/3025\/revisions\/3026"}],"up":[{"embeddable":true,"href":"https:\/\/www.nokiankylat.fi\/taivalkunta\/wp-json\/wp\/v2\/pages\/2766"}],"wp:attachment":[{"href":"https:\/\/www.nokiankylat.fi\/taivalkunta\/wp-json\/wp\/v2\/media?parent=3025"}],"curies":[{"name":"wp","href":"https:\/\/api.w.org\/{rel}","templated":true}]}}