{"id":3039,"date":"2019-11-07T18:37:35","date_gmt":"2019-11-07T16:37:35","guid":{"rendered":"https:\/\/www.nokiankylat.fi\/taivalkunta\/?page_id=3039"},"modified":"2019-12-07T18:51:18","modified_gmt":"2019-12-07T16:51:18","slug":"nu-23-10-2019","status":"publish","type":"page","link":"https:\/\/www.nokiankylat.fi\/taivalkunta\/kuvat\/lehtileikkeita\/lehtileikkeita-2019\/nu-23-10-2019\/","title":{"rendered":"NU 23-10-2019"},"content":{"rendered":"<h1><b>Koulumme on aina yhteisty\u00f6ss\u00e4<\/b><\/h1>\n<p><a href=\"https:\/\/www.nokiankylat.fi\/taivalkunta\/wp-content\/uploads\/sites\/11\/2019\/12\/KOULUKUVA-23-10-2019.png\"><img loading=\"lazy\" decoding=\"async\" class=\"alignnone size-medium wp-image-3040\" src=\"https:\/\/www.nokiankylat.fi\/taivalkunta\/wp-content\/uploads\/sites\/11\/2019\/12\/KOULUKUVA-23-10-2019-300x211.png\" alt=\"\" width=\"300\" height=\"211\" srcset=\"https:\/\/www.nokiankylat.fi\/taivalkunta\/wp-content\/uploads\/sites\/11\/2019\/12\/KOULUKUVA-23-10-2019-300x211.png 300w, https:\/\/www.nokiankylat.fi\/taivalkunta\/wp-content\/uploads\/sites\/11\/2019\/12\/KOULUKUVA-23-10-2019-768x540.png 768w, https:\/\/www.nokiankylat.fi\/taivalkunta\/wp-content\/uploads\/sites\/11\/2019\/12\/KOULUKUVA-23-10-2019.png 854w\" sizes=\"auto, (max-width: 300px) 100vw, 300px\" \/><\/a><\/p>\n<p>&nbsp;<\/p>\n<h2><b>MIELIPIDE<\/b><\/h2>\n<p><b><\/b>En anna tunteille valtaa asioita hoitaessani, mutta arvoasiat otan luonnollisesti vahvasti huomioon. Toimin Taivalkunnan ja Nokian kaupungin parhaaksi ottaen asiat kokonaisvaltaisina. Taivalkunnan koulu on arvokas opinahjona, mutta my\u00f6s edell\u00e4k\u00e4vij\u00e4 ja innostaja monessa asiassa.<\/p>\n<p>Yritt\u00e4jyys ja sen my\u00f6t\u00e4 pettymysten hyv\u00e4ksyminen ja oikeanlainen vastaanottaminen ovat t\u00e4rkeit\u00e4 ja kantavia asioita el\u00e4m\u00e4n polulla ja tasapainoisessa el\u00e4m\u00e4ss\u00e4. Koulumme on yritt\u00e4jyyskasvatuspainotteinen ja tuottaa vahvan itsetunnon omaavia ja toiset huomioonottavia nuoria ja aikuisia. Eri-ik\u00e4iset ihmiset ovat luonnollisessa vuorovaikutuksessa, jossa koululla on keskeinen asema.<\/p>\n<p>Yritykseni on yksi koulun yritt\u00e4j\u00e4kummeista ja olen vuosittain vieraillut koululla kertomassa yritt\u00e4jyydest\u00e4 ja s\u00e4hk\u00f6n vaaroista sek\u00e4 mahdollisuuksista edist\u00e4\u00e4 kehityst\u00e4 ja luonnonsuojelua. Koulun ja kyl\u00e4n vuorovaikutus on tiivist\u00e4 ja kyl\u00e4yhteisty\u00f6n\u00e4 olen k\u00e4ynyt oppitunneilla puhumassa paikallishistoriasta ja -asioista. Tied\u00e4n l\u00e4helt\u00e4 seuranneena mist\u00e4 puhun, kun puhutaan lasten hyvinvoinnista. Tervetuloa kyl\u00e4llemme katsomaan.<\/p>\n<p>Lasten asioita ei pit\u00e4isi k\u00e4sitett\u00e4 hintak\u00e4rki edell\u00e4, mutta siin\u00e4kin tarkastelussa Taivalkunnan koulu p\u00e4rj\u00e4\u00e4 hyvin, kun katsotaan kyl\u00e4n tekem\u00e4\u00e4 vastinetta sivistystoimelle. Muutaman vuoden t\u00e4ht\u00e4imell\u00e4 Taivalkunnan omat lapsim\u00e4\u00e4r\u00e4t n\u00e4ytt\u00e4v\u00e4t pysyv\u00e4t samalla tasolla kuin nyt ovat, joskin v\u00e4liss\u00e4 on pieni notkahdus. Her\u00e4\u00e4kin kysymys, ett\u00e4 onko p\u00e4\u00e4tt\u00e4jill\u00e4 jokin syy kiirehti\u00e4 koulun kohtaloa p\u00e4\u00e4tett\u00e4ess\u00e4. Ehk\u00e4 pelk\u00e4\u00e4v\u00e4t, ett\u00e4 kyl\u00e4ll\u00e4 on lapsia muutaman vuoden p\u00e4\u00e4st\u00e4 enemm\u00e4n kuin he haluaisivat. Viranhaltijat tuskin tarkoituksella harrastavat koulukiusaamista.<\/p>\n<p>Taivalkunnassa on tehty kyl\u00e4suunnitelma. Suunnitelman pohjaksi on tehty my\u00f6s lapsille kohdistettu kyl\u00e4kysely koulun ja kyl\u00e4yhdistyksen yhteisty\u00f6n\u00e4. T\u00e4m\u00e4kin esimerkillinen idea ja valmis kyselykaavake on luovutettu kaupungin k\u00e4ytt\u00f6\u00f6n muita asuinyhteis\u00f6j\u00e4 ja kouluja ajatellen.<\/p>\n<p>Taivalkunnan koulu on tehnyt yhteisty\u00f6t\u00e4 kyl\u00e4yhdistyksen kanssa kyl\u00e4n turvallisuussuunnitelmaa laadittaessa. On k\u00e4yty l\u00e4pi asioita mihin ja miten tilanteisiin kannattaa varautua. T\u00e4st\u00e4 saatua kokoemusta on tarjottu kaupungille keskustellen kuinka kyl\u00e4n ja viranhaltijain v\u00e4list\u00e4 yhteisty\u00f6t\u00e4 voisi etuk\u00e4teen kehitt\u00e4\u00e4 ja sopia mahdollisten yll\u00e4tt\u00e4vien ja laajojen tilanteiden varalle.<\/p>\n<p>Taivalkunnan koulu haluaa jatkossakin olla tukena ja kehitt\u00e4m\u00e4ss\u00e4 kyl\u00e4n ja koko kaupungin hyvinvointia.<\/p>\n<p>Olli Sorva<\/p>\n<p>Taivalkunnan kyl\u00e4yhdistyksen puheenjohtaja<\/p>\n","protected":false},"excerpt":{"rendered":"<p>Koulumme on aina yhteisty\u00f6ss\u00e4 &nbsp; MIELIPIDE En anna tunteille valtaa asioita hoitaessani, mutta arvoasiat otan luonnollisesti vahvasti huomioon. Toimin Taivalkunnan ja Nokian kaupungin parhaaksi ottaen asiat kokonaisvaltaisina. Taivalkunnan koulu on arvokas opinahjona, mutta my\u00f6s edell\u00e4k\u00e4vij\u00e4 ja innostaja monessa asiassa. Yritt\u00e4jyys ja sen my\u00f6t\u00e4 pettymysten hyv\u00e4ksyminen ja oikeanlainen vastaanottaminen ovat t\u00e4rkeit\u00e4 ja kantavia asioita el\u00e4m\u00e4n polulla &hellip; <a href=\"https:\/\/www.nokiankylat.fi\/taivalkunta\/kuvat\/lehtileikkeita\/lehtileikkeita-2019\/nu-23-10-2019\/\">Jatkuu<\/a><\/p>\n","protected":false},"author":4,"featured_media":0,"parent":2841,"menu_order":0,"comment_status":"closed","ping_status":"closed","template":"","meta":{"_acf_changed":false,"footnotes":""},"class_list":["post-3039","page","type-page","status-publish","hentry"],"acf":[],"_links":{"self":[{"href":"https:\/\/www.nokiankylat.fi\/taivalkunta\/wp-json\/wp\/v2\/pages\/3039","targetHints":{"allow":["GET"]}}],"collection":[{"href":"https:\/\/www.nokiankylat.fi\/taivalkunta\/wp-json\/wp\/v2\/pages"}],"about":[{"href":"https:\/\/www.nokiankylat.fi\/taivalkunta\/wp-json\/wp\/v2\/types\/page"}],"author":[{"embeddable":true,"href":"https:\/\/www.nokiankylat.fi\/taivalkunta\/wp-json\/wp\/v2\/users\/4"}],"replies":[{"embeddable":true,"href":"https:\/\/www.nokiankylat.fi\/taivalkunta\/wp-json\/wp\/v2\/comments?post=3039"}],"version-history":[{"count":1,"href":"https:\/\/www.nokiankylat.fi\/taivalkunta\/wp-json\/wp\/v2\/pages\/3039\/revisions"}],"predecessor-version":[{"id":3042,"href":"https:\/\/www.nokiankylat.fi\/taivalkunta\/wp-json\/wp\/v2\/pages\/3039\/revisions\/3042"}],"up":[{"embeddable":true,"href":"https:\/\/www.nokiankylat.fi\/taivalkunta\/wp-json\/wp\/v2\/pages\/2841"}],"wp:attachment":[{"href":"https:\/\/www.nokiankylat.fi\/taivalkunta\/wp-json\/wp\/v2\/media?parent=3039"}],"curies":[{"name":"wp","href":"https:\/\/api.w.org\/{rel}","templated":true}]}}