{"id":3413,"date":"2020-02-23T10:08:29","date_gmt":"2020-02-23T08:08:29","guid":{"rendered":"https:\/\/www.nokiankylat.fi\/taivalkunta\/?page_id=3413"},"modified":"2024-01-14T15:59:04","modified_gmt":"2024-01-14T13:59:04","slug":"toimintakertomus-2019","status":"publish","type":"page","link":"https:\/\/www.nokiankylat.fi\/taivalkunta\/yhdistykset\/taivalkunnan-kylat-ry\/kylayhdistyksen-arkisto\/toimintakertomus-2019\/","title":{"rendered":"Toimintakertomus 2019"},"content":{"rendered":"<p><strong>Taivalkunnan kyl\u00e4t ry vuosikertomus 2019<\/strong><\/p>\n<p>&nbsp;<\/p>\n<p>Yhdistyksen toiminta-alueena on koko Taivalkunta koostuen seuraavista kylist\u00e4: Taipale, Kohmala, Kennola, Vastam\u00e4ki, Memmola, Kassila, Haapaniemi, Kontaa, Lukkila ja K\u00e4rjenmaa.<\/p>\n<p>Yhdistyksen tarkoituksena on toimia Taivalkunnan asukkaiden ja yhteis\u00f6jen yhteisty\u00f6elimen\u00e4 pyrkimyksiss\u00e4 parantaa edell\u00e4 mainituilla alueilla vakituisesti tai vapaa-aikanaan asuvien ihmisten hyvinvointia.<\/p>\n<p>Yhdistys kannustaa toiminta-alueensa asukkaita yhteistoimintaan kotiseutunsa kehitt\u00e4miseksi sek\u00e4 kehitt\u00e4\u00e4 yhteisty\u00f6t\u00e4 toiminta-alueensa p\u00e4\u00e4tt\u00e4jien ja viranhaltijoiden kanssa kylien kehitt\u00e4misess\u00e4 ja kylien asukkaiden hyvinvoinnin parantamisessa. Tarkoituksena on lis\u00e4ksi verkostoitua muiden vastaavien tahojen ja maaseudun kehitt\u00e4misorganisaatioiden kanssa.<\/p>\n<p>Vuosi 2019 eteni vakaasti ja perinteisesti, mutta syksyll\u00e4 koulun lopetusuhka iski j\u00e4lleen.<\/p>\n<p>&nbsp;<\/p>\n<p><strong>Hallinto<\/strong><\/p>\n<p>Taivalkunnan kyl\u00e4t ry:n hallitukseen vuonna ovat 2019 kuuluneet puheenjohtaja Olli Sorva, varapuheenjohtaja Tomi Teuho-Markkola, sihteeri Minna M\u00e4kinen, taloudenhoitaja Anja Mattila sek\u00e4 j\u00e4senet Elina Helenius, Teemu Lehtim\u00e4ki ja Terhi Leskinen.<\/p>\n<p>Toiminnantarkastajana tilikaudella 2019 toimi Veijo Hynninen ja h\u00e4nen varahenkil\u00f6n\u00e4\u00e4n Leena Myllyntausta.<\/p>\n<p>Taivalkunnan kyl\u00e4t ry:n kev\u00e4tkokous pidettiin 24.4.2019 ja syyskokous 31.10.2019.<\/p>\n<p><strong>\u00a0<\/strong><\/p>\n<p><strong>Hallituksen kokoukset<\/strong><\/p>\n<p>Taivalkunnan kyl\u00e4t ry:n hallitus piti vuonna 2019 kuusi omaa kokousta. Kokousten yhteishenki oli hyv\u00e4. Aikaa k\u00e4ytettiin my\u00f6s tulevan toiminnan miettimiseen ja kehitysn\u00e4kymiin. Yhteisty\u00f6 kaupungin kanssa osoittautui j\u00e4lleen haasteelliseksi, kun kylien kehitysasioihin ei tahtonut l\u00f6yty\u00e4 vastakaikua kaupungilta.<\/p>\n<p>&nbsp;<\/p>\n<p><strong>Taivalkuntaa tunnetuksi<\/strong><\/p>\n<p>Kyl\u00e4yhdistyksen puheenjohtaja Olli Sorva kuuluu Kantri ry:n johtokuntaan ja h\u00e4nen ehdotuksestaan Nokian elinkeinop\u00e4\u00e4llikk\u00f6 kutsui Kantri ry:n johtokunnan pit\u00e4m\u00e4\u00e4n kokoustaan Nokialla. Pitopaikkana oli kyl\u00e4mme koulu. Yritt\u00e4jyyskoulu on ollut Kantrin Leader-hanke. joten kutsu tutustumaan kouluun ja kokoustamaan siell\u00e4 oli luonteva. Kokous oli 11.2.2019. Ollin lis\u00e4ksi Kantrin johtokunnassa on j\u00e4seni\u00e4 Vesilahdelta, Lemp\u00e4\u00e4l\u00e4st\u00e4, Kangasalta ja Orivedelt\u00e4. Kokouksiin osallistuu my\u00f6s Kantrin henkil\u00f6kunta. Kyl\u00e4yhdistys hoiti tilaisuuden tarjoilun, kahvit ja suolaiset tarjottavat, mutta niiden maksajana oli Nokian kaupunki. Kokouksen alussa Olli Sorva piti esittelyn kyl\u00e4st\u00e4mme.<\/p>\n<p>Edellisvuosien tapaan Taivalkuntaa tehtiin tunnetuksi my\u00f6s tiedotustoimintamme kautta kyl\u00e4n sivustolla ja julkisin kyl\u00e4kirjein. Kyl\u00e4postimme tilaajam\u00e4\u00e4r\u00e4\u00e4 saatiin kasvatettua ja mukana s\u00e4hk\u00f6postiosoitteistossa on my\u00f6s yhteisty\u00f6kumppaneiden ja median edustajia.<\/p>\n<p>&nbsp;<\/p>\n<p><strong>Talvitapahtuma<\/strong><\/p>\n<p>Talvitapahtumaa vietettiin Jutkulan m\u00e4ess\u00e4 3.3. kello 13.00 alkaen. Ohjelmassa oli pulkkam\u00e4ki, kahvia, mehua ja mukavaa yhdess\u00e4oloa. Kyl\u00e4n asioita kerrottiin ja muisteltiin makkaranuotion \u00e4\u00e4rell\u00e4. Talvitapahtuma houkutteli 80 kyl\u00e4l\u00e4ist\u00e4 yhdess\u00e4oloon.<\/p>\n<p>&nbsp;<\/p>\n<p><strong>Kev\u00e4tkarkelot<\/strong><\/p>\n<p>22.5.2019 koululla oli perinteiset kev\u00e4tkarkelot. Ne j\u00e4rjestettiin Taivalkunnassa toimivien eri yhdistysten yhteisvoimin ja vastuullisena toimijana oli Taivalkunnan Kyl\u00e4t ry. Ohjelmassa oli hevosenkenk\u00e4kisa, heppa-ajelua, lapset vastaan aikuiset -jalkaottelu sek\u00e4 mukavaa yhdess\u00e4oloa. Myynniss\u00e4 oli muurinpohjalettuja, makkaraa ja kahvia. V\u00e4ke\u00e4 oli paikalla yli 100 henke\u00e4.<\/p>\n<p>&nbsp;<\/p>\n<p><strong>Syksyn kyl\u00e4ilta<\/strong><\/p>\n<p>Kyl\u00e4iltaa vietettiin 9.10. teemalla koulumme puolesta. Nokian sivistyslautakunnan k\u00e4sittelylistalla oli esitys Taivalkunnan koulun lakkauttamisesta ja sen perustana olivat kaupungin laskelmat oppilasm\u00e4\u00e4rist\u00e4 ja s\u00e4\u00e4st\u00f6ist\u00e4. N\u00e4ihin asioihin teimme kyl\u00e4lt\u00e4 vastineen, koska kaupungin tieto kyl\u00e4n asioista oli mielest\u00e4mme osin virheellist\u00e4. Vastine toimitettiin kyl\u00e4yhdistyksen ja Taivalkunnan vanhempien nimiss\u00e4 lautakunnan j\u00e4senille.<\/p>\n<p>&nbsp;<\/p>\n<p><strong>Vetoomus valtuustolle<\/strong><\/p>\n<p>Ehdotus koulun sulkemisesta kev\u00e4\u00e4ll\u00e4 2020 eteni valtuuston 9.12.2019 kokoukseen, vaikka Nokian sivistyslaitakunta oli p\u00e4\u00e4tt\u00e4nyt, ett\u00e4 koulujen lopettamisesta tehty selvitys ei anna aihetta muuttaa valtuuston vuonna 2016 tekem\u00e4\u00e4 periaatep\u00e4\u00e4t\u00f6st\u00e4, jonka mukaan Nokian kaikille kouluille annetaan ty\u00f6skentelyrauha eik\u00e4 kouluverkkoon puututa ennen vuotta 2022. Kyl\u00e4yhdistys teki valtuustolle vetoomuksen, jonka allekirjoittivat my\u00f6s Taivalkunnan vanhemmat ja Taivalkunnan koulu. Vetoomus luovutettiin valtuustosalissa ennen kokouksen alkua Nokian kaupunginvaltuuston puheenjohtajistolle kyl\u00e4yhdistyksemme ja vanhempien puheenjohtajien toimesta.<\/p>\n<p>&nbsp;<\/p>\n<p><strong>Joululauluilta<\/strong><\/p>\n<p>Taivalkunnan koululla oli yhteislauluilta 22.12.2019. Paikalla oli v\u00e4ke\u00e4 ihan mukavasti ja meininki oli jouluinen. Mukana illassa oli mm. klovnien Trio Federicon esitys. V\u00e4liajalla kyl\u00e4yhdistys tarjosi gl\u00f6git ja piparit. Ihmisill\u00e4 oli mahdollisuus antaa vapaaehtoinen \u201dmaksu tarjoilusta\u201d esiintyjien matkakuluiksi. L\u00e4mmin kiitos kaikille osallistujille ja lahjan antajille.<\/p>\n<p>&nbsp;<\/p>\n<p>&nbsp;<\/p>\n<p>&nbsp;<\/p>\n<p><strong>Nuorten asiat<\/strong><\/p>\n<p>Kyl\u00e4yhdistys otti my\u00f6s vuonna 2019 lapset ja nuoret mukaan toimintaansa. Koulun kanssa tehtiin yhteisty\u00f6t\u00e4 ja oltiin muutoinkin vuorovaikutuksessa eri-ik\u00e4isten kyl\u00e4l\u00e4isten kesken (kev\u00e4tkarkelot, talvitapahtumat, jne.). Toiminnalla haluttiin tukea kaikkien asukkaiden kyl\u00e4viihtyvyytt\u00e4.<\/p>\n<p>&nbsp;<\/p>\n<p><strong>Tiedotustoiminta<\/strong><\/p>\n<p>Vuonna 2019 tiedotus oli s\u00e4\u00e4nn\u00f6llist\u00e4. Kyl\u00e4kirjeit\u00e4 toimitettiin 9 kappaletta s\u00e4hk\u00f6postitse ja osa niist\u00e4 postilaatikkojakonakin. Kirjeet l\u00f6ytyv\u00e4t my\u00f6s Taivalkunnan kyl\u00e4n kotisivuilta. Kyl\u00e4n yhteiset asiat saivat palstatilaa paikallislehdess\u00e4. Kyl\u00e4n kotisivulla on mm. tapahtumakalenteri ja Taivalkuntatietoa. Kyl\u00e4n Facebook -sivut ovat tiedotusk\u00e4yt\u00f6ss\u00e4. Tarkempaa tietoa yhdistyksen vuoden 2019 toiminnastamme l\u00f6ytyy kyl\u00e4n sivustolta.<\/p>\n<p>Yhdistyksen puheenjohtaja teki omakustanteisesti kirjan \u201dTaivalkunta kyl\u00e4l\u00e4isten kertomana\u201d. Tekij\u00e4 on itse kysynyt asianomaisilta julkaisuluvan kirjaansa my\u00f6s niille tiedoille, jotka l\u00f6ytyv\u00e4t kyl\u00e4yhdistyksen arkistosta. Kyl\u00e4yhdistys oli kiitollinen kyl\u00e4n hyv\u00e4ksi tehdyst\u00e4 kulttuuriteosta ja markkinoi teosta omien tiedotuskanaviensa kautta. Kirjaa voi ostaa suoraan kustantajalta Olli Sorvalta ja tutustua teokseen voi mm. Nokian kirjastossa.<\/p>\n<p>&nbsp;<\/p>\n<p><strong>Muistamiset ja stipendit <\/strong><\/p>\n<p>Kev\u00e4\u00e4ll\u00e4 2019 Taivalkunnan kyl\u00e4t ry:n stipendit meniv\u00e4t kouluille jakoon seuraavasti: Taivalkunnan alakoulu 2 x 30 eur stipendit kiva kaveri -periaatteella saivat Piitu Sepp\u00e4nen ja Roni Teuho-Markkola. 50 eur stipendit parhaalle l\u00e4htev\u00e4lle Taivalkuntalaiselle Em\u00e4kosken yl\u00e4koulu Anni Kalliolle ja Nokianvirran yl\u00e4koulu Eetu Ikoselle.<\/p>\n<p><strong>Terveytt\u00e4 liikunnalla ja itsest\u00e4\u00e4n huolenpitoa <\/strong><\/p>\n<p>Syyskaudella saatiin parin vuoden tauon j\u00e4lkeen koululle viikoittainen Pilates-tunti. Tunnin jatkuvat my\u00f6s alkuvuodesta. Salin vuokran maksaa kyl\u00e4yhdistys ja kaikki kyl\u00e4l\u00e4iset toivotetaan tervetulleiksi.<\/p>\n<p>Kev\u00e4t- ja talvitapahtumassa kannustettiin reippaaseen ulkona oloon ja terveelliseen liikkumiseen.<\/p>\n<p>&nbsp;<\/p>\n<p><strong>Tulevaisuuden n\u00e4kym\u00e4t<\/strong><\/p>\n<p>N\u00e4kym\u00e4t l\u00e4hitulevaisuudelle ovat valoisat. L\u00e4hivuosina saadaan kevyenliikenteen v\u00e4yl\u00e4 ja vesi\/viem\u00e4riyhteys Koskenm\u00e4keen. Yritt\u00e4jyyskoulukin on hyv\u00e4ll\u00e4 mallilla. Koulun toiminnan jatkuminen ja kyl\u00e4n tonttipolitiikka vaativat vuonna 2020 kyl\u00e4hallitukselta aloitteellisuutta kaupungin kanssa teht\u00e4v\u00e4ss\u00e4 yhteisty\u00f6ss\u00e4, mutta todenn\u00e4k\u00f6isesti muuten saadaan el\u00e4\u00e4 tavanomaista kyl\u00e4lle kuuluvaa el\u00e4m\u00e4\u00e4.<\/p>\n<p>&nbsp;<\/p>\n<p>Vuonna 2019 kyl\u00e4yhdistyksen hallitus koostui toiminnallisista ja yhteisty\u00f6kykyisist\u00e4 henkil\u00f6ist\u00e4 ja lis\u00e4ksi kyl\u00e4l\u00e4iset olivat kiitett\u00e4v\u00e4sti mukana rakentamassa yhteishenke\u00e4. T\u00e4m\u00e4 takaa jatkossakin kyl\u00e4llemme hyv\u00e4t tulevaisuudenn\u00e4kym\u00e4t. Kyl\u00e4yhdistyksen puheenjohtajana ja toimintakertomuksen laatijana Olli Sorva haluaa kiitt\u00e4\u00e4 kaikkia kyl\u00e4l\u00e4isi\u00e4 siit\u00e4, ett\u00e4 olemme menossa hyv\u00e4\u00e4n suuntaan.<\/p>\n<p>Taivalkunnan Kyl\u00e4t ry hallitus 31.12.2019<\/p>\n","protected":false},"excerpt":{"rendered":"<p>Taivalkunnan kyl\u00e4t ry vuosikertomus 2019 &nbsp; Yhdistyksen toiminta-alueena on koko Taivalkunta koostuen seuraavista kylist\u00e4: Taipale, Kohmala, Kennola, Vastam\u00e4ki, Memmola, Kassila, Haapaniemi, Kontaa, Lukkila ja K\u00e4rjenmaa. Yhdistyksen tarkoituksena on toimia Taivalkunnan asukkaiden ja yhteis\u00f6jen yhteisty\u00f6elimen\u00e4 pyrkimyksiss\u00e4 parantaa edell\u00e4 mainituilla alueilla vakituisesti tai vapaa-aikanaan asuvien ihmisten hyvinvointia. Yhdistys kannustaa toiminta-alueensa asukkaita yhteistoimintaan kotiseutunsa kehitt\u00e4miseksi sek\u00e4 kehitt\u00e4\u00e4 yhteisty\u00f6t\u00e4 &hellip; <a href=\"https:\/\/www.nokiankylat.fi\/taivalkunta\/yhdistykset\/taivalkunnan-kylat-ry\/kylayhdistyksen-arkisto\/toimintakertomus-2019\/\">Jatkuu<\/a><\/p>\n","protected":false},"author":4,"featured_media":0,"parent":186,"menu_order":0,"comment_status":"closed","ping_status":"closed","template":"","meta":{"_acf_changed":false,"footnotes":""},"class_list":["post-3413","page","type-page","status-publish","hentry"],"acf":[],"_links":{"self":[{"href":"https:\/\/www.nokiankylat.fi\/taivalkunta\/wp-json\/wp\/v2\/pages\/3413","targetHints":{"allow":["GET"]}}],"collection":[{"href":"https:\/\/www.nokiankylat.fi\/taivalkunta\/wp-json\/wp\/v2\/pages"}],"about":[{"href":"https:\/\/www.nokiankylat.fi\/taivalkunta\/wp-json\/wp\/v2\/types\/page"}],"author":[{"embeddable":true,"href":"https:\/\/www.nokiankylat.fi\/taivalkunta\/wp-json\/wp\/v2\/users\/4"}],"replies":[{"embeddable":true,"href":"https:\/\/www.nokiankylat.fi\/taivalkunta\/wp-json\/wp\/v2\/comments?post=3413"}],"version-history":[{"count":4,"href":"https:\/\/www.nokiankylat.fi\/taivalkunta\/wp-json\/wp\/v2\/pages\/3413\/revisions"}],"predecessor-version":[{"id":3581,"href":"https:\/\/www.nokiankylat.fi\/taivalkunta\/wp-json\/wp\/v2\/pages\/3413\/revisions\/3581"}],"up":[{"embeddable":true,"href":"https:\/\/www.nokiankylat.fi\/taivalkunta\/wp-json\/wp\/v2\/pages\/186"}],"wp:attachment":[{"href":"https:\/\/www.nokiankylat.fi\/taivalkunta\/wp-json\/wp\/v2\/media?parent=3413"}],"curies":[{"name":"wp","href":"https:\/\/api.w.org\/{rel}","templated":true}]}}