{"id":3438,"date":"2020-02-24T17:51:57","date_gmt":"2020-02-24T15:51:57","guid":{"rendered":"https:\/\/www.nokiankylat.fi\/taivalkunta\/?page_id=3438"},"modified":"2020-02-24T17:51:57","modified_gmt":"2020-02-24T15:51:57","slug":"kylakirje-24-2-2020","status":"publish","type":"page","link":"https:\/\/www.nokiankylat.fi\/taivalkunta\/yhdistykset\/taivalkunnan-kylat-ry\/kylayhdistyksen-arkisto\/kylakirjeet\/kylakirjeet-2020\/kylakirje-24-2-2020\/","title":{"rendered":"Kyl\u00e4kirje 24-2-2020"},"content":{"rendered":"<p><strong>Taivalkunnan kyl\u00e4kirje 24.2.2020<\/strong><\/p>\n<p>Valtaosa kyl\u00e4mme asukkaista haluaa, ett\u00e4 kyl\u00e4maisema -kaunis luonto ja avarat pellot- s\u00e4ilyy. Kyl\u00e4n pellot on m\u00e4\u00e4ritelty kulttuurisesti arvokkaaksi alueeksi, mik\u00e4 p\u00e4\u00e4s\u00e4\u00e4nt\u00f6isesti est\u00e4\u00e4 pelloille rakentamisen. Kyl\u00e4ll\u00e4 on lis\u00e4ksi rantaosayleskaava, joka s\u00e4\u00e4telee rakentamista koulun l\u00e4hiymp\u00e4rist\u00f6ss\u00e4 ja est\u00e4\u00e4 uudet rakennustontit, joten Taivalkunnan arvokas maisema s\u00e4ilyy.<\/p>\n<p>Kyl\u00e4l\u00e4iset toivovat my\u00f6s kyl\u00e4n asukasluvun s\u00e4ilyv\u00e4n tai kasvavan maltillisesti. Perhekoot ovat pienentyneet ja asumisv\u00e4ljyys kasvanut usean vuosikymmenen ajan. On tarpeellista saada lis\u00e4rakentamista hallitusti, jos aiotaan pit\u00e4\u00e4 kyl\u00e4n asukasluku ja ik\u00e4rakenne suotuisina.<\/p>\n<p>Kyl\u00e4lle on viime vuosina rakennettu uusia taloja ihan mukavasti. Rakennuslupia on vuosittain my\u00f6nnetty kymmenkunta (uudisrakennuksiin, laajennuksiin jne.). Anotuista luvista on hyl\u00e4tty noin kymmenesosa, mik\u00e4 on hyl\u00e4ttyjen lupien keskiarvo koko kaupunkiakin ajatellen.<\/p>\n<p>Kyl\u00e4yhdistys kartoittaa, l\u00f6ytyisik\u00f6 my\u00f6s l\u00e4hemp\u00e4\u00e4 kyl\u00e4keskusta mahdollisia rakennuspaikkoja. Viimeviikkoisessa palaverissa kaupungintalolla (kaupungilta olivat paikalla kaupunginjohtaja Eero V\u00e4\u00e4t\u00e4inen, kaupunkikehitysjohtaja Mikko Nieminen ja maank\u00e4ytt\u00f6johtaja Kari Stenlund) sovittiin, ett\u00e4 ennen kes\u00e4\u00e4 j\u00e4rjestet\u00e4\u00e4n Taivalkunnassa tilaisuus l\u00e4hinn\u00e4 keskustelupajana. Sit\u00e4 ennen kaupungin maank\u00e4ytt\u00f6johtaja lupasi perehty\u00e4 kyl\u00e4n asiaan ja kartoittaa, mitk\u00e4 tavat olisivat mahdollisia ja j\u00e4rkevi\u00e4 edet\u00e4 kyl\u00e4n maank\u00e4yt\u00f6n kannalta. Tilaisuuden aikataulu tarkentuu my\u00f6hemmin ja kaikki kyl\u00e4l\u00e4iset saavat kutsun siihen.<\/p>\n<p>Kyl\u00e4n kehitt\u00e4mis- ja maank\u00e4ytt\u00f6asioissa olen t\u00e4n\u00e4kin vuonna saanut muutaman yhteydenoton. Kiitos kommenteista ja palautteesta. Kyl\u00e4yhdistys ja -yhteis\u00f6 haluavat pit\u00e4\u00e4 huolen kaikista, vauvasta vanhukseen. Arvostamme kyl\u00e4n perinnett\u00e4 ja uudet kyl\u00e4l\u00e4iset, t\u00e4\u00e4ll\u00e4 syntyv\u00e4t ja t\u00e4nne muuttavat halutaan integroida tiiviiseen kyl\u00e4yhteis\u00f6\u00f6mme mukaan.<\/p>\n<p>Kyl\u00e4yhdistyksen 40-vuotisjuhla vietet\u00e4\u00e4n arvokkaasti to 13.8 kello 17.00 koululla. Silloin on menneiden muistelon ja kakkukahvien aika. Laittakaapa tietoa tulemaan, mit\u00e4 muuta sis\u00e4lt\u00f6\u00e4 haluatte juhlaamme! Tilaisuus on kaikille, sek\u00e4 nuorille ett\u00e4 varttuneille.<\/p>\n<p>L\u00e4hip\u00e4ivin\u00e4 ilmestyy uusi kyl\u00e4kirje, jossa kevyenliikenteenv\u00e4yl\u00e4- ja markkinointiasiaa.<\/p>\n<p>Ollaan yhteydess\u00e4 puolin ja toisin. Taivalkunnan kyl\u00e4t ry pj. Olli Sorva, olli.sorva(at)nokiansahkotalo.fi, <a href=\"http:\/\/www.nokiankylat.fi\/taivalkunta\">www.nokiankylat.fi\/taivalkunta<\/a>, <a href=\"http:\/\/www.facebook.com\/taivalkunta\/\">www.facebook.com\/taivalkunta\/<\/a>.<\/p>\n","protected":false},"excerpt":{"rendered":"<p>Taivalkunnan kyl\u00e4kirje 24.2.2020 Valtaosa kyl\u00e4mme asukkaista haluaa, ett\u00e4 kyl\u00e4maisema -kaunis luonto ja avarat pellot- s\u00e4ilyy. Kyl\u00e4n pellot on m\u00e4\u00e4ritelty kulttuurisesti arvokkaaksi alueeksi, mik\u00e4 p\u00e4\u00e4s\u00e4\u00e4nt\u00f6isesti est\u00e4\u00e4 pelloille rakentamisen. Kyl\u00e4ll\u00e4 on lis\u00e4ksi rantaosayleskaava, joka s\u00e4\u00e4telee rakentamista koulun l\u00e4hiymp\u00e4rist\u00f6ss\u00e4 ja est\u00e4\u00e4 uudet rakennustontit, joten Taivalkunnan arvokas maisema s\u00e4ilyy. Kyl\u00e4l\u00e4iset toivovat my\u00f6s kyl\u00e4n asukasluvun s\u00e4ilyv\u00e4n tai kasvavan maltillisesti. Perhekoot &hellip; <a href=\"https:\/\/www.nokiankylat.fi\/taivalkunta\/yhdistykset\/taivalkunnan-kylat-ry\/kylayhdistyksen-arkisto\/kylakirjeet\/kylakirjeet-2020\/kylakirje-24-2-2020\/\">Jatkuu<\/a><\/p>\n","protected":false},"author":4,"featured_media":0,"parent":3284,"menu_order":0,"comment_status":"closed","ping_status":"closed","template":"","meta":{"_acf_changed":false,"footnotes":""},"class_list":["post-3438","page","type-page","status-publish","hentry"],"acf":[],"_links":{"self":[{"href":"https:\/\/www.nokiankylat.fi\/taivalkunta\/wp-json\/wp\/v2\/pages\/3438","targetHints":{"allow":["GET"]}}],"collection":[{"href":"https:\/\/www.nokiankylat.fi\/taivalkunta\/wp-json\/wp\/v2\/pages"}],"about":[{"href":"https:\/\/www.nokiankylat.fi\/taivalkunta\/wp-json\/wp\/v2\/types\/page"}],"author":[{"embeddable":true,"href":"https:\/\/www.nokiankylat.fi\/taivalkunta\/wp-json\/wp\/v2\/users\/4"}],"replies":[{"embeddable":true,"href":"https:\/\/www.nokiankylat.fi\/taivalkunta\/wp-json\/wp\/v2\/comments?post=3438"}],"version-history":[{"count":1,"href":"https:\/\/www.nokiankylat.fi\/taivalkunta\/wp-json\/wp\/v2\/pages\/3438\/revisions"}],"predecessor-version":[{"id":3439,"href":"https:\/\/www.nokiankylat.fi\/taivalkunta\/wp-json\/wp\/v2\/pages\/3438\/revisions\/3439"}],"up":[{"embeddable":true,"href":"https:\/\/www.nokiankylat.fi\/taivalkunta\/wp-json\/wp\/v2\/pages\/3284"}],"wp:attachment":[{"href":"https:\/\/www.nokiankylat.fi\/taivalkunta\/wp-json\/wp\/v2\/media?parent=3438"}],"curies":[{"name":"wp","href":"https:\/\/api.w.org\/{rel}","templated":true}]}}