{"id":3513,"date":"2020-04-11T13:15:41","date_gmt":"2020-04-11T10:15:41","guid":{"rendered":"https:\/\/www.nokiankylat.fi\/taivalkunta\/?page_id=3513"},"modified":"2020-04-11T13:27:40","modified_gmt":"2020-04-11T10:27:40","slug":"kylakirje-11-4-2020","status":"publish","type":"page","link":"https:\/\/www.nokiankylat.fi\/taivalkunta\/yhdistykset\/taivalkunnan-kylat-ry\/kylayhdistyksen-arkisto\/kylakirjeet\/kylakirjeet-2020\/kylakirje-11-4-2020\/","title":{"rendered":"Kyl\u00e4kirje 11-4-2020"},"content":{"rendered":"<p><strong>Taivalkunnan kyl\u00e4kirje 11.4.2020<\/strong><\/p>\n<p><strong>Kevyen liikenteen v\u00e4yl\u00e4n rakentamisen aloittaminen on viiv\u00e4stynyt. <\/strong>ELY-keskuksen Nokian kaupungin Infrajohtajalta, Mika R\u00e4s\u00e4selt\u00e4, saaman selvityksen perusteella rakentaminen ei ole alkamassa vuonna 2020 eik\u00e4 R\u00e4s\u00e4sen arvion mukaan todenn\u00e4k\u00f6isesti my\u00f6sk\u00e4\u00e4n vuonna 2021. Nokian kaupunki osallistuu tiesuunnitelman hyv\u00e4ksymisp\u00e4\u00e4t\u00f6ksen (LIVI\/3097\/04.01.01\/2017) mukaan hankkeen rakentamiskustannuksiin 938 000 eurolla, lopuista (n. 1 000 000 euroa) vastaan valtio (V\u00e4yl\u00e4virasto \/ ELY-keskus).<\/p>\n<p><strong>Maantietoimitusta jatketaan kaksivaiheisena, <\/strong>vaikka kevyen liikenteen v\u00e4yl\u00e4n rakentaminen ei ole alkanutkaan.<\/p>\n<p><strong>1.vaiheessa vuonna 2020 <\/strong>tiesuunnitelman mukaiset ja 31.1.2018 tienpit\u00e4j\u00e4lle haltuun otetut alueet siirret\u00e4\u00e4n maantiealueen rekisteriyksikk\u00f6\u00f6n, suoritetaan tarvittavat rajank\u00e4ynnit sek\u00e4 m\u00e4\u00e4r\u00e4t\u00e4\u00e4n maantietoimituksen 1. vaiheen loppukokouksessa (aikatauluarvio syksy 2020) lunastuksen kohteesta kohteen- \/ luovutuksenkorvaukset.<\/p>\n<p><strong>Kev\u00e4\u00e4ll\u00e4 20.4.2020 alkaen<\/strong> Maanmittauslaitoksen kartoittajat ja mittamiehet merkitsev\u00e4t tiesuunnitelman mukaiset (ja tammikuussa 2018 maastoon puupaaluin merkityt) maantiealueen uudet rajat maastoon oranssin v\u00e4risill\u00e4 muovipaaluilla ja putkipyykeill\u00e4, paitsi viljely\u00e4 haittaavissa paikoissa, tieliittymiss\u00e4, rakennuspaikkojen pihamailla sek\u00e4 muissa vastaavissa paikoissa. Rakentavat kadonneiden ja uudelle maantiealueelle j\u00e4\u00e4neiden rajapyykkien tilalle uudet punaisen v\u00e4riset ja metalliset putkipyykit maantiealueen uuteen reunaan tilojen v\u00e4liselle rajalinjalle. Joissakin tapauksissa ei putkipyykki\u00e4 kyseiseen paikkaan voida rakentaa tai rakentaminen ei ole tarkoituksenmukaista (esim. tieliittym\u00e4 tai viljelty pelto). T\u00e4ll\u00f6in tilojen v\u00e4lisen rajalinjan ja maantiealueen leikkaus m\u00e4\u00e4ritell\u00e4\u00e4n rajapisteen\u00e4 (koordinaattipiste). Paalujen ja pyykkien rakentamisen j\u00e4lkeen mittaavat lunastetun maantiealueen ulkorajan, tarvittavat vanhat kiinteist\u00f6rajat sek\u00e4 muita tarvittavia kohteita toimituskartan laatimista varten.<\/p>\n<p>T\u00e4ss\u00e4 suora linkki kyseiseen tietoimitukseen <a href=\"http:\/\/www.maanmittauslaitos.fi\/TN2017-570542\">www.maanmittauslaitos.fi\/TN2017-570542<\/a><\/p>\n<p>Maamme hallituksen toimet koettelevat my\u00f6s kuntataloutta ja heijastuvat siis arkeemme valitettavasti kevyenliikenteen v\u00e4yl\u00e4n aloittamisen viiv\u00e4stymisen\u00e4.<\/p>\n<p>Parin viikon sis\u00e4ll\u00e4 ilmestyy seuraava kyl\u00e4kirje, jossa mm. yhdistyksen vuosijuhla-asiaa.<\/p>\n<p>Ollaan yhteydess\u00e4 puolin ja toisin. Taivalkunnan kyl\u00e4t ry pj. Olli Sorva, olli.sorva(at)nokiansahkotalo.fi, <a href=\"http:\/\/www.nokiankylat.fi\/taivalkunta\">www.nokiankylat.fi\/taivalkunta<\/a>, <a href=\"http:\/\/www.facebook.com\/taivalkunta\/\">www.facebook.com\/taivalkunta\/<\/a>.<\/p>\n","protected":false},"excerpt":{"rendered":"<p>Taivalkunnan kyl\u00e4kirje 11.4.2020 Kevyen liikenteen v\u00e4yl\u00e4n rakentamisen aloittaminen on viiv\u00e4stynyt. ELY-keskuksen Nokian kaupungin Infrajohtajalta, Mika R\u00e4s\u00e4selt\u00e4, saaman selvityksen perusteella rakentaminen ei ole alkamassa vuonna 2020 eik\u00e4 R\u00e4s\u00e4sen arvion mukaan todenn\u00e4k\u00f6isesti my\u00f6sk\u00e4\u00e4n vuonna 2021. Nokian kaupunki osallistuu tiesuunnitelman hyv\u00e4ksymisp\u00e4\u00e4t\u00f6ksen (LIVI\/3097\/04.01.01\/2017) mukaan hankkeen rakentamiskustannuksiin 938 000 eurolla, lopuista (n. 1 000 000 euroa) vastaan valtio (V\u00e4yl\u00e4virasto \/ &hellip; <a href=\"https:\/\/www.nokiankylat.fi\/taivalkunta\/yhdistykset\/taivalkunnan-kylat-ry\/kylayhdistyksen-arkisto\/kylakirjeet\/kylakirjeet-2020\/kylakirje-11-4-2020\/\">Jatkuu<\/a><\/p>\n","protected":false},"author":4,"featured_media":0,"parent":3284,"menu_order":0,"comment_status":"closed","ping_status":"closed","template":"","meta":{"_acf_changed":false,"footnotes":""},"class_list":["post-3513","page","type-page","status-publish","hentry"],"acf":[],"_links":{"self":[{"href":"https:\/\/www.nokiankylat.fi\/taivalkunta\/wp-json\/wp\/v2\/pages\/3513","targetHints":{"allow":["GET"]}}],"collection":[{"href":"https:\/\/www.nokiankylat.fi\/taivalkunta\/wp-json\/wp\/v2\/pages"}],"about":[{"href":"https:\/\/www.nokiankylat.fi\/taivalkunta\/wp-json\/wp\/v2\/types\/page"}],"author":[{"embeddable":true,"href":"https:\/\/www.nokiankylat.fi\/taivalkunta\/wp-json\/wp\/v2\/users\/4"}],"replies":[{"embeddable":true,"href":"https:\/\/www.nokiankylat.fi\/taivalkunta\/wp-json\/wp\/v2\/comments?post=3513"}],"version-history":[{"count":1,"href":"https:\/\/www.nokiankylat.fi\/taivalkunta\/wp-json\/wp\/v2\/pages\/3513\/revisions"}],"predecessor-version":[{"id":3514,"href":"https:\/\/www.nokiankylat.fi\/taivalkunta\/wp-json\/wp\/v2\/pages\/3513\/revisions\/3514"}],"up":[{"embeddable":true,"href":"https:\/\/www.nokiankylat.fi\/taivalkunta\/wp-json\/wp\/v2\/pages\/3284"}],"wp:attachment":[{"href":"https:\/\/www.nokiankylat.fi\/taivalkunta\/wp-json\/wp\/v2\/media?parent=3513"}],"curies":[{"name":"wp","href":"https:\/\/api.w.org\/{rel}","templated":true}]}}