{"id":3551,"date":"2020-05-02T12:36:52","date_gmt":"2020-05-02T09:36:52","guid":{"rendered":"https:\/\/www.nokiankylat.fi\/taivalkunta\/?page_id=3551"},"modified":"2020-05-02T12:38:37","modified_gmt":"2020-05-02T09:38:37","slug":"kylakirje-2-5-2020","status":"publish","type":"page","link":"https:\/\/www.nokiankylat.fi\/taivalkunta\/yhdistykset\/taivalkunnan-kylat-ry\/kylayhdistyksen-arkisto\/kylakirjeet\/kylakirjeet-2020\/kylakirje-2-5-2020\/","title":{"rendered":"Kyl\u00e4kirje 2-5-2020"},"content":{"rendered":"<p><strong>Taivalkunnan kyl\u00e4kirje 2.5.2020<\/strong><\/p>\n<p><strong>Pilates-tunteja <\/strong>ei ole muutamaan viikkoon ollut koululla. Tunteja on voinut ottaa et\u00e4n\u00e4, niin kuin osa meist\u00e4 on tehnytkin. Jopa min\u00e4 olen pari tuntia ottanut. Onnistuuhan se niinkin, mutta kyll\u00e4 sit\u00e4 ryhm\u00e4n innostavaa, hyv\u00e4ksyv\u00e4\u00e4 ja iloista ilmett\u00e4 luonnollisesti j\u00e4i kaipaamaan, vaikka tarmokkaan ohjaajan ruudulla n\u00e4kikin. Kiitos ryhm\u00e4l\u00e4isille.<\/p>\n<p>Jos tilanne ja s\u00e4\u00e4 sallivat, niin piakkoin tunteja voisi pit\u00e4\u00e4 ulkona koulun pihassa. Tietysti s\u00e4\u00e4varauksella ja sill\u00e4 ehdolla, ett\u00e4 kokoontuminen pieniss\u00e4 ryhmiss\u00e4 sallitaan. Tunnit jatkuvat joko et\u00e4n\u00e4 tai Taivalkunnassa noin kes\u00e4kuun puoleenv\u00e4liin saakka.<\/p>\n<p>N\u00e4ytt\u00e4\u00e4 silt\u00e4, ett\u00e4 kes\u00e4loman j\u00e4lkeen voisimme jatkaa tunteja normaalisti saman tutun ohjaajan johdolla. Toivottavasti innostusta kyl\u00e4ll\u00e4 riitt\u00e4\u00e4, ja ryhm\u00e4 muodostuu. Palataan alkusyksyn aikatauluun tarkemmin l\u00e4hemp\u00e4n\u00e4. Kerro n\u00e4kemyksesi kev\u00e4\u00e4n ja syksyn Pilates-asiasta minulle tai tuntien vet\u00e4j\u00e4lle Suvi Suur-Inkeroiselle suvi@suvintuulet.fi.<\/p>\n<p><strong>Kyl\u00e4yhdistys t\u00e4ytti 40 vuotta. <\/strong>Vuosijuhlaa on tarkoitus viett\u00e4\u00e4 arvokkaasti to 13.8 kello 17.00 koululla. Silloin on menneiden muistelon ja kakkukahvien aika. Kokoan pienen kuvaesityksen ja v\u00e4h\u00e4n tarinaa vuosien varrelta. Ty\u00f6v\u00e4enopiston piirist\u00e4 alkuunsa saanut kyl\u00e4toiminta on vauhdittanut montaa asiaa. Itse en ole yhdistyksen perustajaj\u00e4seni\u00e4 ja asunutkin kyl\u00e4ll\u00e4 vasta reilut 39 vuotta. Menin kuitenkin toimintaan mukaan melkein heti ja monen kanssa olen kyl\u00e4toimintaa tehnyt. Siten tied\u00e4n paljolti yhdistyksen historiaa.<\/p>\n<p>Olisi todella hienoa ja arvokasta, jos kaivaisitte muististanne joitain tarinoita liittyen kyl\u00e4yhdistykseen tai sen toimintaan joko tilaisuuksien j\u00e4rjest\u00e4j\u00e4n ja osanottajan roolissa tai yhdistyksemme tapahtumista ja aikaansaannoksista. Ensisijaisesti koostan pient\u00e4 historiaesityst\u00e4 40-vuotisjuhlaamme, mutta mielell\u00e4ni tekisin v\u00e4h\u00e4n laajemmankin taltioinnin, my\u00f6s tulevia sukupolvia ajatellen.<\/p>\n<p>Aineistoa ja tarinoita voi toimittaa suoraan minulle. Teen mielell\u00e4ni my\u00f6s puhelinhaastatteluja ja tulen k\u00e4ym\u00e4\u00e4nkin, kun epidemiatilanne my\u00f6ten antaa. <strong>Ottakaa yhteytt\u00e4, <\/strong>ja tehd\u00e4\u00e4n yhdess\u00e4 taas kyl\u00e4lle yksi kulttuuriteko lis\u00e4\u00e4!<\/p>\n<p>Muistakaa, ett\u00e4 ulkoilmassa olo vahvistaa vastustuskyky\u00e4. Meid\u00e4n kyl\u00e4ll\u00e4 liikkuessaan on my\u00f6s helppo pit\u00e4\u00e4 turvaet\u00e4isyyksist\u00e4 kiinni. Olkaamme luottavaisin ja turvallisin mielin. Otetaan yhteytt\u00e4 puolin ja toisin sek\u00e4 kysyk\u00e4\u00e4 rohkeasti apua, jos tunnette sen tarvetta.<\/p>\n<p>Taivalkunnan kyl\u00e4t ry pj. Olli Sorva<\/p>\n<p>olli.sorva(at)nokiansahkotalo.fi, <a href=\"http:\/\/www.nokiankylat.fi\/taivalkunta\">www.nokiankylat.fi\/taivalkunta<\/a>, <a href=\"http:\/\/www.facebook.com\/taivalkunta\/\">www.facebook.com\/taivalkunta\/<\/a>.<\/p>\n","protected":false},"excerpt":{"rendered":"<p>Taivalkunnan kyl\u00e4kirje 2.5.2020 Pilates-tunteja ei ole muutamaan viikkoon ollut koululla. Tunteja on voinut ottaa et\u00e4n\u00e4, niin kuin osa meist\u00e4 on tehnytkin. Jopa min\u00e4 olen pari tuntia ottanut. Onnistuuhan se niinkin, mutta kyll\u00e4 sit\u00e4 ryhm\u00e4n innostavaa, hyv\u00e4ksyv\u00e4\u00e4 ja iloista ilmett\u00e4 luonnollisesti j\u00e4i kaipaamaan, vaikka tarmokkaan ohjaajan ruudulla n\u00e4kikin. Kiitos ryhm\u00e4l\u00e4isille. Jos tilanne ja s\u00e4\u00e4 sallivat, niin &hellip; <a href=\"https:\/\/www.nokiankylat.fi\/taivalkunta\/yhdistykset\/taivalkunnan-kylat-ry\/kylayhdistyksen-arkisto\/kylakirjeet\/kylakirjeet-2020\/kylakirje-2-5-2020\/\">Jatkuu<\/a><\/p>\n","protected":false},"author":4,"featured_media":0,"parent":3284,"menu_order":0,"comment_status":"closed","ping_status":"closed","template":"","meta":{"_acf_changed":false,"footnotes":""},"class_list":["post-3551","page","type-page","status-publish","hentry"],"acf":[],"_links":{"self":[{"href":"https:\/\/www.nokiankylat.fi\/taivalkunta\/wp-json\/wp\/v2\/pages\/3551","targetHints":{"allow":["GET"]}}],"collection":[{"href":"https:\/\/www.nokiankylat.fi\/taivalkunta\/wp-json\/wp\/v2\/pages"}],"about":[{"href":"https:\/\/www.nokiankylat.fi\/taivalkunta\/wp-json\/wp\/v2\/types\/page"}],"author":[{"embeddable":true,"href":"https:\/\/www.nokiankylat.fi\/taivalkunta\/wp-json\/wp\/v2\/users\/4"}],"replies":[{"embeddable":true,"href":"https:\/\/www.nokiankylat.fi\/taivalkunta\/wp-json\/wp\/v2\/comments?post=3551"}],"version-history":[{"count":2,"href":"https:\/\/www.nokiankylat.fi\/taivalkunta\/wp-json\/wp\/v2\/pages\/3551\/revisions"}],"predecessor-version":[{"id":3553,"href":"https:\/\/www.nokiankylat.fi\/taivalkunta\/wp-json\/wp\/v2\/pages\/3551\/revisions\/3553"}],"up":[{"embeddable":true,"href":"https:\/\/www.nokiankylat.fi\/taivalkunta\/wp-json\/wp\/v2\/pages\/3284"}],"wp:attachment":[{"href":"https:\/\/www.nokiankylat.fi\/taivalkunta\/wp-json\/wp\/v2\/media?parent=3551"}],"curies":[{"name":"wp","href":"https:\/\/api.w.org\/{rel}","templated":true}]}}