{"id":3800,"date":"2020-12-06T18:57:42","date_gmt":"2020-12-06T16:57:42","guid":{"rendered":"https:\/\/www.nokiankylat.fi\/taivalkunta\/?page_id=3800"},"modified":"2020-12-06T19:13:09","modified_gmt":"2020-12-06T17:13:09","slug":"kylakirje-6-12-2020","status":"publish","type":"page","link":"https:\/\/www.nokiankylat.fi\/taivalkunta\/yhdistykset\/taivalkunnan-kylat-ry\/kylayhdistyksen-arkisto\/kylakirjeet\/kylakirjeet-2020\/kylakirje-6-12-2020\/","title":{"rendered":"Kyl\u00e4kirje 6-12-2020"},"content":{"rendered":"<p><strong>Taivalkunnan kyl\u00e4kirje 6.12.2020<\/strong><\/p>\n<p>&nbsp;<\/p>\n<p><strong>Syyskokous<\/strong> pidettiin 25.11.2020. Nykyinen Taivalkunnan kyl\u00e4t ry:n hallitus jatkaa ensi vuoden vain pienell\u00e4 muutoksella. Min\u00e4 j\u00e4t\u00e4n puheenjohtajan ja hallituksen paikan ja nykyisen hallituksen sis\u00e4lt\u00e4 Erkka M\u00e4enp\u00e4\u00e4 jatkaa ensi vuoden puheenjohtajana. Kokouksen p\u00f6yt\u00e4kirja l\u00f6ytyy kyl\u00e4n sivuilta <a href=\"http:\/\/www.nokiankylat.fi\/taivalkunta\/yhdistykset\/taivalkunnan-kylat-ry\/kokoukset-ja-kylaillat\/syyskokous\/poytakirja-25-11-2020\/\">www.nokiankylat.fi\/taivalkunta\/yhdistykset\/taivalkunnan-kylat-ry\/kokoukset-ja-kylaillat\/syyskokous\/poytakirja-25-11-2020\/<\/a><\/p>\n<p><strong>Pilates<\/strong> j\u00e4\u00e4 talvitauolle. T\u00e4m\u00e4n viikon tuntia ei pidet\u00e4. Salivaraus on tehty kev\u00e4tkaudelle ja tunnit jatkuvat totuttuun tapaan tiistaisin kello 18:10-19:00. On viel\u00e4 avoin, mik\u00e4 viikko voimme aloittaa. Tiedon laitan kyl\u00e4n sivuille tapahtumakalenteriin, kun aloitusaika varmentuu.<\/p>\n<p><strong>Joululaulutilaisuutta<\/strong> kyl\u00e4yhdistys ei t\u00e4n\u00e4 vuonna j\u00e4rjest\u00e4. Monena vuonna on joululaulut laulettu yhteislauluina ja ensi vuoden toimintasuunnitelmassakin ne ovat.<\/p>\n<p><strong>Asumme<\/strong> kauniissa, hyvinvoivassa ja aktiivisessa kyl\u00e4ss\u00e4. Ulkoilma virkist\u00e4\u00e4 mielt\u00e4 ja lis\u00e4\u00e4 vastustuskyky\u00e4 tauteja ja viruksia vastaan. Siksi siis kaikki kynnelle kykenev\u00e4t muistakaa my\u00f6s ulkoilla. Siihen meid\u00e4n kyl\u00e4ll\u00e4 on hyv\u00e4t mahdollisuudet my\u00f6s suositellut v\u00e4limatkat ihmisten v\u00e4lill\u00e4 pit\u00e4en.<\/p>\n<p>Toivotan sek\u00e4 kyl\u00e4yhdistyksen ett\u00e4 omasta puolestani kaikille rauhallista ja mukavaa joulunalusaikaa.<\/p>\n<p>Ollaan yhteydess\u00e4 puolin ja toisin. Ilmeisesti t\u00e4n\u00e4 vuonna viel\u00e4 yksi kyl\u00e4kirjekin ilmestyy.<\/p>\n<p>&nbsp;<\/p>\n<p>Taivalkunnan kyl\u00e4t ry pj. Olli Sorva, <a href=\"mailto:olli.sorva@nokiansahkotalo.fi\">olli.sorva(at)nokiansahkotalo.fi<\/a>, <a href=\"http:\/\/www.nokiankylat.fi\/taivalkunta\">www.nokiankylat.fi\/taivalkunta<\/a>, <a href=\"http:\/\/www.facebook.com\/taivalkunta\/\">www.facebook.com\/taivalkunta\/<\/a>.<\/p>\n","protected":false},"excerpt":{"rendered":"<p>Taivalkunnan kyl\u00e4kirje 6.12.2020 &nbsp; Syyskokous pidettiin 25.11.2020. Nykyinen Taivalkunnan kyl\u00e4t ry:n hallitus jatkaa ensi vuoden vain pienell\u00e4 muutoksella. Min\u00e4 j\u00e4t\u00e4n puheenjohtajan ja hallituksen paikan ja nykyisen hallituksen sis\u00e4lt\u00e4 Erkka M\u00e4enp\u00e4\u00e4 jatkaa ensi vuoden puheenjohtajana. Kokouksen p\u00f6yt\u00e4kirja l\u00f6ytyy kyl\u00e4n sivuilta www.nokiankylat.fi\/taivalkunta\/yhdistykset\/taivalkunnan-kylat-ry\/kokoukset-ja-kylaillat\/syyskokous\/poytakirja-25-11-2020\/ Pilates j\u00e4\u00e4 talvitauolle. T\u00e4m\u00e4n viikon tuntia ei pidet\u00e4. Salivaraus on tehty kev\u00e4tkaudelle ja tunnit jatkuvat &hellip; <a href=\"https:\/\/www.nokiankylat.fi\/taivalkunta\/yhdistykset\/taivalkunnan-kylat-ry\/kylayhdistyksen-arkisto\/kylakirjeet\/kylakirjeet-2020\/kylakirje-6-12-2020\/\">Jatkuu<\/a><\/p>\n","protected":false},"author":4,"featured_media":0,"parent":3284,"menu_order":0,"comment_status":"closed","ping_status":"closed","template":"","meta":{"_acf_changed":false,"footnotes":""},"class_list":["post-3800","page","type-page","status-publish","hentry"],"acf":[],"_links":{"self":[{"href":"https:\/\/www.nokiankylat.fi\/taivalkunta\/wp-json\/wp\/v2\/pages\/3800","targetHints":{"allow":["GET"]}}],"collection":[{"href":"https:\/\/www.nokiankylat.fi\/taivalkunta\/wp-json\/wp\/v2\/pages"}],"about":[{"href":"https:\/\/www.nokiankylat.fi\/taivalkunta\/wp-json\/wp\/v2\/types\/page"}],"author":[{"embeddable":true,"href":"https:\/\/www.nokiankylat.fi\/taivalkunta\/wp-json\/wp\/v2\/users\/4"}],"replies":[{"embeddable":true,"href":"https:\/\/www.nokiankylat.fi\/taivalkunta\/wp-json\/wp\/v2\/comments?post=3800"}],"version-history":[{"count":3,"href":"https:\/\/www.nokiankylat.fi\/taivalkunta\/wp-json\/wp\/v2\/pages\/3800\/revisions"}],"predecessor-version":[{"id":3804,"href":"https:\/\/www.nokiankylat.fi\/taivalkunta\/wp-json\/wp\/v2\/pages\/3800\/revisions\/3804"}],"up":[{"embeddable":true,"href":"https:\/\/www.nokiankylat.fi\/taivalkunta\/wp-json\/wp\/v2\/pages\/3284"}],"wp:attachment":[{"href":"https:\/\/www.nokiankylat.fi\/taivalkunta\/wp-json\/wp\/v2\/media?parent=3800"}],"curies":[{"name":"wp","href":"https:\/\/api.w.org\/{rel}","templated":true}]}}