{"id":3904,"date":"2021-06-02T09:00:20","date_gmt":"2021-06-02T06:00:20","guid":{"rendered":"https:\/\/www.nokiankylat.fi\/taivalkunta\/?page_id=3904"},"modified":"2021-06-02T09:06:31","modified_gmt":"2021-06-02T06:06:31","slug":"kokouskutsu-2021-kevatkokous","status":"publish","type":"page","link":"https:\/\/www.nokiankylat.fi\/taivalkunta\/yhdistykset\/taivalkunnan-kylat-ry\/kokoukset-ja-kylaillat\/kevatkokous-10-6-2021\/kokouskutsu-2021-kevatkokous\/","title":{"rendered":"Kokouskutsu 2021 kev\u00e4tkokous"},"content":{"rendered":"<p>Kokous pidet\u00e4\u00e4n koululla 10.6 kello 19:00. Klikkaa kutsua, niin se avautuu kuvana tai avaa PDF t\u00e4st\u00e4 <a href=\"https:\/\/www.nokiankylat.fi\/taivalkunta\/wp-content\/uploads\/sites\/11\/2021\/06\/KUTSU-KEVATKOKOUKSEEN-2021.pdf\">KUTSU KEV\u00c4TKOKOUKSEEN 2021<\/a><\/p>\n<p><a href=\"https:\/\/www.nokiankylat.fi\/taivalkunta\/wp-content\/uploads\/sites\/11\/2021\/06\/2021-06-02.png\"><img loading=\"lazy\" decoding=\"async\" class=\"alignnone size-medium wp-image-3888\" src=\"https:\/\/www.nokiankylat.fi\/taivalkunta\/wp-content\/uploads\/sites\/11\/2021\/06\/2021-06-02-209x300.png\" alt=\"\" width=\"209\" height=\"300\" srcset=\"https:\/\/www.nokiankylat.fi\/taivalkunta\/wp-content\/uploads\/sites\/11\/2021\/06\/2021-06-02-209x300.png 209w, https:\/\/www.nokiankylat.fi\/taivalkunta\/wp-content\/uploads\/sites\/11\/2021\/06\/2021-06-02.png 595w\" sizes=\"auto, (max-width: 209px) 100vw, 209px\" \/><\/a><\/p>\n","protected":false},"excerpt":{"rendered":"<p>Kokous pidet\u00e4\u00e4n koululla 10.6 kello 19:00. Klikkaa kutsua, niin se avautuu kuvana tai avaa PDF t\u00e4st\u00e4 KUTSU KEV\u00c4TKOKOUKSEEN 2021<\/p>\n","protected":false},"author":4,"featured_media":0,"parent":3897,"menu_order":0,"comment_status":"closed","ping_status":"closed","template":"","meta":{"_acf_changed":false,"footnotes":""},"class_list":["post-3904","page","type-page","status-publish","hentry"],"acf":[],"_links":{"self":[{"href":"https:\/\/www.nokiankylat.fi\/taivalkunta\/wp-json\/wp\/v2\/pages\/3904","targetHints":{"allow":["GET"]}}],"collection":[{"href":"https:\/\/www.nokiankylat.fi\/taivalkunta\/wp-json\/wp\/v2\/pages"}],"about":[{"href":"https:\/\/www.nokiankylat.fi\/taivalkunta\/wp-json\/wp\/v2\/types\/page"}],"author":[{"embeddable":true,"href":"https:\/\/www.nokiankylat.fi\/taivalkunta\/wp-json\/wp\/v2\/users\/4"}],"replies":[{"embeddable":true,"href":"https:\/\/www.nokiankylat.fi\/taivalkunta\/wp-json\/wp\/v2\/comments?post=3904"}],"version-history":[{"count":2,"href":"https:\/\/www.nokiankylat.fi\/taivalkunta\/wp-json\/wp\/v2\/pages\/3904\/revisions"}],"predecessor-version":[{"id":3907,"href":"https:\/\/www.nokiankylat.fi\/taivalkunta\/wp-json\/wp\/v2\/pages\/3904\/revisions\/3907"}],"up":[{"embeddable":true,"href":"https:\/\/www.nokiankylat.fi\/taivalkunta\/wp-json\/wp\/v2\/pages\/3897"}],"wp:attachment":[{"href":"https:\/\/www.nokiankylat.fi\/taivalkunta\/wp-json\/wp\/v2\/media?parent=3904"}],"curies":[{"name":"wp","href":"https:\/\/api.w.org\/{rel}","templated":true}]}}