{"id":4094,"date":"2021-12-31T13:45:26","date_gmt":"2021-12-31T11:45:26","guid":{"rendered":"https:\/\/www.nokiankylat.fi\/taivalkunta\/?page_id=4094"},"modified":"2022-02-02T19:33:21","modified_gmt":"2022-02-02T17:33:21","slug":"kylakirje-31-12-2021","status":"publish","type":"page","link":"https:\/\/www.nokiankylat.fi\/taivalkunta\/yhdistykset\/taivalkunnan-kylat-ry\/kylayhdistyksen-arkisto\/kylakirjeet\/kylakirjeet-2021\/kylakirje-31-12-2021\/","title":{"rendered":"Kyl\u00e4kirje 31-12-2021"},"content":{"rendered":"<p>Tervehdys<\/p>\n<p>Vuosi on vaihtumassa, joten pieni katsaus tulevaankin on paikallaan.<\/p>\n<p>Suunnitteilla on Taivalkunnan Askartelukerho ja Temppukerho kev\u00e4\u00e4ll\u00e4 2022 kyl\u00e4n \u00e4itien ja isien toteuttamana. Puuhastelua siis pikkulapsille yhdess\u00e4 vanhempien kanssa. Mahdollisesti keskiviikkoisin klo. 17:45-18:45 Taivalkunnan koululla alkaen helmikuussa. Kun asia varmistuu, niin laitan t\u00e4st\u00e4 tarkempaa tietoa ja aikataulutusta kyl\u00e4n sivuille ja tapahtumakalenteriin.<\/p>\n<p>Kyl\u00e4yhdistyksen vuoden 2022 toimintasuunnitelma on nyt kyl\u00e4n sivuilla. K\u00e4yk\u00e4\u00e4p\u00e4 katsomassa. Useita tilaisuuksia ja tapahtumia on luvassa pandemiatilanteen ja s\u00e4\u00e4n salliessa.<\/p>\n<p>Alustavasti Taivalkunta&amp;Koulu- palaveriryhm\u00e4ss\u00e4 on suunniteltu my\u00f6s seuraavia: Naistenlenkki, hiihtolenkki, yhteistreenit. N\u00e4ille on jo vet\u00e4j\u00e4\u00e4kin kyl\u00e4lt\u00e4 kartoitettu valmiiksi. \u00a0Toimintaa matalalla kynnyksell\u00e4 ja ajatuksella, ett\u00e4 tulee ketk\u00e4 tulee ja milloin ehtiv\u00e4t. Toivottavasti asia etenee, ja saamme palata siihen tarkemmin alkavan vuoden aikana.<\/p>\n<p>Laitoin kyl\u00e4n sivuille t\u00e4ss\u00e4 kuussa kaksi uutisartikkelia Taivalkunnasta. Jouluinen artikkeli on my\u00f6s Nokian Uutisten verkkolehdess\u00e4 (27.12. El\u00e4m\u00e4nmeno-osiossa). Tarkoituksena on jatkossakin tuottaa artikkeleita ja jatkaa yhteisty\u00f6t\u00e4 paikallislehden kanssa. Jos teill\u00e4 on jotain Taivalkunta-asiaa, niin laitan sen mielell\u00e4ni kyl\u00e4mme sivustolle n\u00e4kyviin. Soveltuvaa materiaalia voi toimittaa minulle t\u00e4h\u00e4n s\u00e4hk\u00f6postiin paluupostina tai my\u00f6hemmin oman aikataulunne mukaan.<\/p>\n<p>Kyl\u00e4koulumme t\u00e4ytt\u00e4\u00e4 100 vuotta. Syntym\u00e4p\u00e4iv\u00e4\u00e4 on tarkoitus juhlistaa alkusyksyst\u00e4. Koulun henkil\u00f6kunta on jo alkanut miettim\u00e4\u00e4n juhlaa. Kiitos aktiiviselle kouluv\u00e4elle ty\u00f6st\u00e4 koulumme ja kyl\u00e4mme hyv\u00e4ksi.<\/p>\n<p>Taivalkunta on varsin mukava paikka asua ja sen me kyl\u00e4l\u00e4iset tied\u00e4mme. Haluamme kyl\u00e4mme loistavan my\u00f6s ulosp\u00e4in ja tietoisuuden siit\u00e4 levi\u00e4v\u00e4n laajalle. On hienoa, jos asuinpaikkamme kiinnostaa ulkopuolisia. Toivotamme heid\u00e4t tervetulleiksi k\u00e4ym\u00e4\u00e4n kyl\u00e4ll\u00e4mme ja mikseip\u00e4 my\u00f6s asumaankin t\u00e4nne.<\/p>\n<p>L\u00e4mm\u00f6ll\u00e4 kyl\u00e4\u00e4 ja kaikkia kyl\u00e4postin lukijoita kohtaan. Olli Sorva<\/p>\n","protected":false},"excerpt":{"rendered":"<p>Tervehdys Vuosi on vaihtumassa, joten pieni katsaus tulevaankin on paikallaan. Suunnitteilla on Taivalkunnan Askartelukerho ja Temppukerho kev\u00e4\u00e4ll\u00e4 2022 kyl\u00e4n \u00e4itien ja isien toteuttamana. Puuhastelua siis pikkulapsille yhdess\u00e4 vanhempien kanssa. Mahdollisesti keskiviikkoisin klo. 17:45-18:45 Taivalkunnan koululla alkaen helmikuussa. Kun asia varmistuu, niin laitan t\u00e4st\u00e4 tarkempaa tietoa ja aikataulutusta kyl\u00e4n sivuille ja tapahtumakalenteriin. Kyl\u00e4yhdistyksen vuoden 2022 toimintasuunnitelma &hellip; <a href=\"https:\/\/www.nokiankylat.fi\/taivalkunta\/yhdistykset\/taivalkunnan-kylat-ry\/kylayhdistyksen-arkisto\/kylakirjeet\/kylakirjeet-2021\/kylakirje-31-12-2021\/\">Jatkuu<\/a><\/p>\n","protected":false},"author":4,"featured_media":0,"parent":4012,"menu_order":0,"comment_status":"closed","ping_status":"closed","template":"","meta":{"_acf_changed":false,"footnotes":""},"class_list":["post-4094","page","type-page","status-publish","hentry"],"acf":[],"_links":{"self":[{"href":"https:\/\/www.nokiankylat.fi\/taivalkunta\/wp-json\/wp\/v2\/pages\/4094","targetHints":{"allow":["GET"]}}],"collection":[{"href":"https:\/\/www.nokiankylat.fi\/taivalkunta\/wp-json\/wp\/v2\/pages"}],"about":[{"href":"https:\/\/www.nokiankylat.fi\/taivalkunta\/wp-json\/wp\/v2\/types\/page"}],"author":[{"embeddable":true,"href":"https:\/\/www.nokiankylat.fi\/taivalkunta\/wp-json\/wp\/v2\/users\/4"}],"replies":[{"embeddable":true,"href":"https:\/\/www.nokiankylat.fi\/taivalkunta\/wp-json\/wp\/v2\/comments?post=4094"}],"version-history":[{"count":1,"href":"https:\/\/www.nokiankylat.fi\/taivalkunta\/wp-json\/wp\/v2\/pages\/4094\/revisions"}],"predecessor-version":[{"id":4095,"href":"https:\/\/www.nokiankylat.fi\/taivalkunta\/wp-json\/wp\/v2\/pages\/4094\/revisions\/4095"}],"up":[{"embeddable":true,"href":"https:\/\/www.nokiankylat.fi\/taivalkunta\/wp-json\/wp\/v2\/pages\/4012"}],"wp:attachment":[{"href":"https:\/\/www.nokiankylat.fi\/taivalkunta\/wp-json\/wp\/v2\/media?parent=4094"}],"curies":[{"name":"wp","href":"https:\/\/api.w.org\/{rel}","templated":true}]}}