{"id":4175,"date":"2022-04-06T18:06:57","date_gmt":"2022-04-06T15:06:57","guid":{"rendered":"https:\/\/www.nokiankylat.fi\/taivalkunta\/?page_id=4175"},"modified":"2022-04-06T18:23:47","modified_gmt":"2022-04-06T15:23:47","slug":"kylakirje-7-4-2022","status":"publish","type":"page","link":"https:\/\/www.nokiankylat.fi\/taivalkunta\/yhdistykset\/taivalkunnan-kylat-ry\/kylayhdistyksen-arkisto\/kylakirjeet\/kylakirjeet-2022\/kylakirje-7-4-2022\/","title":{"rendered":"Kyl\u00e4kirje 6-4-2022"},"content":{"rendered":"<h2>Tervehdys<\/h2>\n<p><strong>Taivalkunnan kyl\u00e4t ry<\/strong>:n kev\u00e4tkokous pidet\u00e4\u00e4n 7.4. kello 18:30 kyl\u00e4n koululla. Kyl\u00e4yhdistyksen hallitus toivottaa tervetulleiksi kokoukseen ja keskustelemaan kyl\u00e4n asioista.<\/p>\n<p><strong>Taivalkunta yhdess\u00e4 toimien<\/strong> on kolmas kyl\u00e4kirjani. Olen l\u00e4hes vuoden ajan koonnut harrastuksenani Taivalkunnan kyl\u00e4kirjaa ja nyt se on valmis ja tullut painosta. Siin\u00e4 on 272 sivua A4 koossa. Se on minun omakustanteinen teokseni ja kertoo kyl\u00e4n l\u00e4hihistorian tapahtumista ja henkil\u00f6ist\u00e4. Paljon on kyl\u00e4ll\u00e4 tapahtunut ja useasti olemme paikallislehdess\u00e4kin olleet. Kirjaan olen laittanut monta lehtileikett\u00e4 taittaen kirjan muotoon, mutta paljon muutakin tarinaa ja omia kommenttejani teos sis\u00e4lt\u00e4\u00e4. Kirjaa on myynniss\u00e4 minulla ja Nokian S\u00e4hk\u00f6talossa hintaan 40,- euroa\/kpl. Pieni katsaus kirjan sis\u00e4lt\u00f6\u00f6n l\u00f6ytyy kyl\u00e4n sivuilta <a href=\"https:\/\/www.nokiankylat.fi\/taivalkunta\/yhdistykset\/taivalkunnan-kylat-ry\/taivalkunta-yhdessa-toimien\/\">Taivalkunta yhdess\u00e4 toimien \u2013 Taivalkunta (nokiankylat.fi)<\/a>. Tarkoitus on ottaa kirja mukaan huomiseen kokoukseen, joten siihen p\u00e4\u00e4set siell\u00e4kin tutustumaan. Jos haluat varata kirjan\/kirjoja, niin ota yhteytt\u00e4 minuun. Kyl\u00e4l\u00e4isille voin tuoda kirjan kotiinkin samaan hintaan, jos niin haluatte.<\/p>\n<p><strong>Pirkanmaalla toimiva Kantri ry<\/strong> valmistelee uutta paikallista kehitt\u00e4misstrategiaansa vuosille 2023-2027. Strategian valmistelussa yhteisty\u00f6 paikallistoimijoiden \/ asukkaiden kanssa on ensiarvoisen t\u00e4rke\u00e4\u00e4. Asian tiimoilta kaikille avoimet teemaryhm\u00e4t (4 ryhm\u00e4\u00e4) kokoontuvat huhtikuussa Teams-alustalla. Ennakkoilmoittautumista ei tarvita ja liittymislinkit l\u00f6yd\u00e4t t\u00e4\u00e4lt\u00e4 <a href=\"https:\/\/www.kantriry.fi\/home\/tervetuloa-teemaryhmiin-keskustelemaan-kantrin-strategiasta\/\">Tervetuloa teemaryhmiin keskustelemaan Kantrin strategiasta &#8211; Kantri Leader (kantriry.fi)<\/a>. K\u00e4y linkist\u00e4 katsomassa, mit\u00e4 on tarjolla.<\/p>\n<p>Hoidan Taivalkunnan kyl\u00e4n verkkosivustop\u00e4ivitykset. Niit\u00e4 koskevat tiedot voit l\u00e4hett\u00e4\u00e4 minulle. L\u00e4mm\u00f6ll\u00e4 kyl\u00e4\u00e4 ja kaikkia kyl\u00e4postin lukijoita kohtaan.<\/p>\n<p>Olkaamme aktiivisia. Yhteisty\u00f6terveisin Olli Sorva<\/p>\n","protected":false},"excerpt":{"rendered":"<p>Tervehdys Taivalkunnan kyl\u00e4t ry:n kev\u00e4tkokous pidet\u00e4\u00e4n 7.4. kello 18:30 kyl\u00e4n koululla. Kyl\u00e4yhdistyksen hallitus toivottaa tervetulleiksi kokoukseen ja keskustelemaan kyl\u00e4n asioista. Taivalkunta yhdess\u00e4 toimien on kolmas kyl\u00e4kirjani. Olen l\u00e4hes vuoden ajan koonnut harrastuksenani Taivalkunnan kyl\u00e4kirjaa ja nyt se on valmis ja tullut painosta. Siin\u00e4 on 272 sivua A4 koossa. Se on minun omakustanteinen teokseni ja kertoo &hellip; <a href=\"https:\/\/www.nokiankylat.fi\/taivalkunta\/yhdistykset\/taivalkunnan-kylat-ry\/kylayhdistyksen-arkisto\/kylakirjeet\/kylakirjeet-2022\/kylakirje-7-4-2022\/\">Jatkuu<\/a><\/p>\n","protected":false},"author":4,"featured_media":0,"parent":4127,"menu_order":0,"comment_status":"closed","ping_status":"closed","template":"","meta":{"_acf_changed":false,"footnotes":""},"class_list":["post-4175","page","type-page","status-publish","hentry"],"acf":[],"_links":{"self":[{"href":"https:\/\/www.nokiankylat.fi\/taivalkunta\/wp-json\/wp\/v2\/pages\/4175","targetHints":{"allow":["GET"]}}],"collection":[{"href":"https:\/\/www.nokiankylat.fi\/taivalkunta\/wp-json\/wp\/v2\/pages"}],"about":[{"href":"https:\/\/www.nokiankylat.fi\/taivalkunta\/wp-json\/wp\/v2\/types\/page"}],"author":[{"embeddable":true,"href":"https:\/\/www.nokiankylat.fi\/taivalkunta\/wp-json\/wp\/v2\/users\/4"}],"replies":[{"embeddable":true,"href":"https:\/\/www.nokiankylat.fi\/taivalkunta\/wp-json\/wp\/v2\/comments?post=4175"}],"version-history":[{"count":3,"href":"https:\/\/www.nokiankylat.fi\/taivalkunta\/wp-json\/wp\/v2\/pages\/4175\/revisions"}],"predecessor-version":[{"id":4179,"href":"https:\/\/www.nokiankylat.fi\/taivalkunta\/wp-json\/wp\/v2\/pages\/4175\/revisions\/4179"}],"up":[{"embeddable":true,"href":"https:\/\/www.nokiankylat.fi\/taivalkunta\/wp-json\/wp\/v2\/pages\/4127"}],"wp:attachment":[{"href":"https:\/\/www.nokiankylat.fi\/taivalkunta\/wp-json\/wp\/v2\/media?parent=4175"}],"curies":[{"name":"wp","href":"https:\/\/api.w.org\/{rel}","templated":true}]}}