{"id":4595,"date":"2024-01-25T19:36:41","date_gmt":"2024-01-25T17:36:41","guid":{"rendered":"https:\/\/www.nokiankylat.fi\/taivalkunta\/?page_id=4595"},"modified":"2024-01-25T19:39:07","modified_gmt":"2024-01-25T17:39:07","slug":"kylakirje-25-1-2024","status":"publish","type":"page","link":"https:\/\/www.nokiankylat.fi\/taivalkunta\/yhdistykset\/taivalkunnan-kylat-ry\/kylayhdistyksen-arkisto\/kylakirjeet\/kylakirjeet-2024\/kylakirje-25-1-2024\/","title":{"rendered":"Kyl\u00e4kirje 25-1-2024"},"content":{"rendered":"<p><strong>Keskustelutilaisuus kouluhankkeesta<\/strong><\/p>\n<p>Sarkolan ja Taivalkunnan kyl\u00e4toimijat ovat yhdess\u00e4 kartoittaneet mahdollisuutta kylien yhteisen yksityiskoulun perustamiselle. Molemmista kylist\u00e4 koostuva ty\u00f6ryhm\u00e4 on tehnyt selvityksen mit\u00e4 edellytet\u00e4\u00e4n, mit\u00e4 tarvitaan ja paljonko mahdollinen kouluhanke vaatii ty\u00f6panosta ja\/tai rahoitusta.<\/p>\n<p>Ty\u00f6ryhm\u00e4 on saanut ty\u00f6ns\u00e4 siihen vaiheeseen, ett\u00e4 on ajankohtaista ja tarkoituksenmukaista kutsua kylien v\u00e4ki keskustelemaan aiheesta, jotta saadaan kartoitettua onko edellytyksi\u00e4 (tarpeeksi sitoutuneita) l\u00e4hte\u00e4 viem\u00e4\u00e4n asiaa eteenp\u00e4in.<\/p>\n<p>T\u00e4m\u00e4 tilaisuus on kaikille avoin ja tarkoitus on saada parempi k\u00e4sitys siit\u00e4, onko kylill\u00e4 halukkuutta l\u00e4hte\u00e4 perustamaan omaa koulua.<\/p>\n<p><a href=\"https:\/\/www.nokiankylat.fi\/taivalkunta\/wp-content\/uploads\/sites\/11\/2024\/01\/KUTSU-KESKUSTELEMAAN-KOULUN-PERUSTAMISESTA-scaled.jpg\"><img loading=\"lazy\" decoding=\"async\" class=\"size-medium wp-image-4597\" src=\"https:\/\/www.nokiankylat.fi\/taivalkunta\/wp-content\/uploads\/sites\/11\/2024\/01\/KUTSU-KESKUSTELEMAAN-KOULUN-PERUSTAMISESTA-218x300.jpg\" alt=\"\" width=\"218\" height=\"300\" srcset=\"https:\/\/www.nokiankylat.fi\/taivalkunta\/wp-content\/uploads\/sites\/11\/2024\/01\/KUTSU-KESKUSTELEMAAN-KOULUN-PERUSTAMISESTA-218x300.jpg 218w, https:\/\/www.nokiankylat.fi\/taivalkunta\/wp-content\/uploads\/sites\/11\/2024\/01\/KUTSU-KESKUSTELEMAAN-KOULUN-PERUSTAMISESTA-743x1024.jpg 743w, https:\/\/www.nokiankylat.fi\/taivalkunta\/wp-content\/uploads\/sites\/11\/2024\/01\/KUTSU-KESKUSTELEMAAN-KOULUN-PERUSTAMISESTA-768x1058.jpg 768w, https:\/\/www.nokiankylat.fi\/taivalkunta\/wp-content\/uploads\/sites\/11\/2024\/01\/KUTSU-KESKUSTELEMAAN-KOULUN-PERUSTAMISESTA-1115x1536.jpg 1115w, https:\/\/www.nokiankylat.fi\/taivalkunta\/wp-content\/uploads\/sites\/11\/2024\/01\/KUTSU-KESKUSTELEMAAN-KOULUN-PERUSTAMISESTA-1487x2048.jpg 1487w, https:\/\/www.nokiankylat.fi\/taivalkunta\/wp-content\/uploads\/sites\/11\/2024\/01\/KUTSU-KESKUSTELEMAAN-KOULUN-PERUSTAMISESTA-scaled.jpg 1859w\" sizes=\"auto, (max-width: 218px) 100vw, 218px\" \/><\/a><\/p>\n","protected":false},"excerpt":{"rendered":"<p>Keskustelutilaisuus kouluhankkeesta Sarkolan ja Taivalkunnan kyl\u00e4toimijat ovat yhdess\u00e4 kartoittaneet mahdollisuutta kylien yhteisen yksityiskoulun perustamiselle. Molemmista kylist\u00e4 koostuva ty\u00f6ryhm\u00e4 on tehnyt selvityksen mit\u00e4 edellytet\u00e4\u00e4n, mit\u00e4 tarvitaan ja paljonko mahdollinen kouluhanke vaatii ty\u00f6panosta ja\/tai rahoitusta. Ty\u00f6ryhm\u00e4 on saanut ty\u00f6ns\u00e4 siihen vaiheeseen, ett\u00e4 on ajankohtaista ja tarkoituksenmukaista kutsua kylien v\u00e4ki keskustelemaan aiheesta, jotta saadaan kartoitettua onko edellytyksi\u00e4 (tarpeeksi &hellip; <a href=\"https:\/\/www.nokiankylat.fi\/taivalkunta\/yhdistykset\/taivalkunnan-kylat-ry\/kylayhdistyksen-arkisto\/kylakirjeet\/kylakirjeet-2024\/kylakirje-25-1-2024\/\">Jatkuu<\/a><\/p>\n","protected":false},"author":4,"featured_media":0,"parent":4570,"menu_order":0,"comment_status":"closed","ping_status":"closed","template":"","meta":{"_acf_changed":false,"footnotes":""},"class_list":["post-4595","page","type-page","status-publish","hentry"],"acf":[],"_links":{"self":[{"href":"https:\/\/www.nokiankylat.fi\/taivalkunta\/wp-json\/wp\/v2\/pages\/4595","targetHints":{"allow":["GET"]}}],"collection":[{"href":"https:\/\/www.nokiankylat.fi\/taivalkunta\/wp-json\/wp\/v2\/pages"}],"about":[{"href":"https:\/\/www.nokiankylat.fi\/taivalkunta\/wp-json\/wp\/v2\/types\/page"}],"author":[{"embeddable":true,"href":"https:\/\/www.nokiankylat.fi\/taivalkunta\/wp-json\/wp\/v2\/users\/4"}],"replies":[{"embeddable":true,"href":"https:\/\/www.nokiankylat.fi\/taivalkunta\/wp-json\/wp\/v2\/comments?post=4595"}],"version-history":[{"count":3,"href":"https:\/\/www.nokiankylat.fi\/taivalkunta\/wp-json\/wp\/v2\/pages\/4595\/revisions"}],"predecessor-version":[{"id":4600,"href":"https:\/\/www.nokiankylat.fi\/taivalkunta\/wp-json\/wp\/v2\/pages\/4595\/revisions\/4600"}],"up":[{"embeddable":true,"href":"https:\/\/www.nokiankylat.fi\/taivalkunta\/wp-json\/wp\/v2\/pages\/4570"}],"wp:attachment":[{"href":"https:\/\/www.nokiankylat.fi\/taivalkunta\/wp-json\/wp\/v2\/media?parent=4595"}],"curies":[{"name":"wp","href":"https:\/\/api.w.org\/{rel}","templated":true}]}}

Kyläkirje 25-1-2024

<p><strong>Keskustelutilaisuus kouluhankkeesta</strong></p>
<p>Sarkolan ja Taivalkunnan kylätoimijat ovat yhdessä kartoittaneet mahdollisuutta kylien yhteisen yksityiskoulun perustamiselle. Molemmista kylistä koostuva työryhmä on tehnyt selvityksen mitä edellytetään, mitä tarvitaan ja paljonko mahdollinen kouluhanke vaatii työpanosta ja/tai rahoitusta.</p>
<p>Työryhmä on saanut työnsä siihen vaiheeseen, että on ajankohtaista ja tarkoituksenmukaista kutsua kylien väki keskustelemaan aiheesta, jotta saadaan kartoitettua onko edellytyksiä (tarpeeksi sitoutuneita) lähteä viemään asiaa eteenpäin.</p>
<p>Tämä tilaisuus on kaikille avoin ja tarkoitus on saada parempi käsitys siitä, onko kylillä halukkuutta lähteä perustamaan omaa koulua.</p>
<p><a href="https://www.nokiankylat.fi/taivalkunta/wp-content/uploads/sites/11/2024/01/KUTSU-KESKUSTELEMAAN-KOULUN-PERUSTAMISESTA-scaled.jpg"><img loading="lazy" decoding="async" class="size-medium wp-image-4597" src="https://www.nokiankylat.fi/taivalkunta/wp-content/uploads/sites/11/2024/01/KUTSU-KESKUSTELEMAAN-KOULUN-PERUSTAMISESTA-218x300.jpg" alt="" width="218" height="300" srcset="https://www.nokiankylat.fi/taivalkunta/wp-content/uploads/sites/11/2024/01/KUTSU-KESKUSTELEMAAN-KOULUN-PERUSTAMISESTA-218x300.jpg 218w, https://www.nokiankylat.fi/taivalkunta/wp-content/uploads/sites/11/2024/01/KUTSU-KESKUSTELEMAAN-KOULUN-PERUSTAMISESTA-743x1024.jpg 743w, https://www.nokiankylat.fi/taivalkunta/wp-content/uploads/sites/11/2024/01/KUTSU-KESKUSTELEMAAN-KOULUN-PERUSTAMISESTA-768x1058.jpg 768w, https://www.nokiankylat.fi/taivalkunta/wp-content/uploads/sites/11/2024/01/KUTSU-KESKUSTELEMAAN-KOULUN-PERUSTAMISESTA-1115x1536.jpg 1115w, https://www.nokiankylat.fi/taivalkunta/wp-content/uploads/sites/11/2024/01/KUTSU-KESKUSTELEMAAN-KOULUN-PERUSTAMISESTA-1487x2048.jpg 1487w, https://www.nokiankylat.fi/taivalkunta/wp-content/uploads/sites/11/2024/01/KUTSU-KESKUSTELEMAAN-KOULUN-PERUSTAMISESTA-scaled.jpg 1859w" sizes="auto, (max-width: 218px) 100vw, 218px" /></a></p>

<p>Keskustelutilaisuus kouluhankkeesta Sarkolan ja Taivalkunnan kylätoimijat ovat yhdessä kartoittaneet mahdollisuutta kylien yhteisen yksityiskoulun perustamiselle. Molemmista kylistä koostuva työryhmä on tehnyt selvityksen mitä edellytetään, mitä tarvitaan ja paljonko mahdollinen kouluhanke vaatii työpanosta ja/tai rahoitusta. Työryhmä on saanut työnsä siihen vaiheeseen, että on ajankohtaista ja tarkoituksenmukaista kutsua kylien väki keskustelemaan aiheesta, jotta saadaan kartoitettua onko edellytyksiä (tarpeeksi &hellip; <a href="https://www.nokiankylat.fi/taivalkunta/yhdistykset/taivalkunnan-kylat-ry/kylayhdistyksen-arkisto/kylakirjeet/kylakirjeet-2024/kylakirje-25-1-2024/">Jatkuu</a></p>
