{"id":4685,"date":"2024-05-17T12:57:38","date_gmt":"2024-05-17T09:57:38","guid":{"rendered":"https:\/\/www.nokiankylat.fi\/taivalkunta\/?page_id=4685"},"modified":"2025-03-12T17:56:56","modified_gmt":"2025-03-12T15:56:56","slug":"kylakirje-17-5-2024","status":"publish","type":"page","link":"https:\/\/www.nokiankylat.fi\/taivalkunta\/yhdistykset\/taivalkunnan-kylat-ry\/kylayhdistyksen-arkisto\/kylakirjeet\/kylakirjeet-2024\/kylakirje-17-5-2024\/","title":{"rendered":"Kyl\u00e4kirje 17-5-2024"},"content":{"rendered":"<p>On koittanut kyl\u00e4n perinteisten kev\u00e4tkarkeloiden aika. Torstaina 23.5. kello 18.00 Taivalkunnan koululla on tiedossa mukavaa ohjelmaa ja maistuvaa tarjottavaa.<\/p>\n<p><a href=\"https:\/\/www.nokiankylat.fi\/taivalkunta\/wp-content\/uploads\/sites\/11\/2024\/05\/KEVATKARKELOT-23-5-2024-scaled.jpg\"><img loading=\"lazy\" decoding=\"async\" class=\"size-medium wp-image-4684\" src=\"https:\/\/www.nokiankylat.fi\/taivalkunta\/wp-content\/uploads\/sites\/11\/2024\/05\/KEVATKARKELOT-23-5-2024-218x300.jpg\" alt=\"\" width=\"218\" height=\"300\" srcset=\"https:\/\/www.nokiankylat.fi\/taivalkunta\/wp-content\/uploads\/sites\/11\/2024\/05\/KEVATKARKELOT-23-5-2024-218x300.jpg 218w, https:\/\/www.nokiankylat.fi\/taivalkunta\/wp-content\/uploads\/sites\/11\/2024\/05\/KEVATKARKELOT-23-5-2024-743x1024.jpg 743w, https:\/\/www.nokiankylat.fi\/taivalkunta\/wp-content\/uploads\/sites\/11\/2024\/05\/KEVATKARKELOT-23-5-2024-768x1058.jpg 768w, https:\/\/www.nokiankylat.fi\/taivalkunta\/wp-content\/uploads\/sites\/11\/2024\/05\/KEVATKARKELOT-23-5-2024-1115x1536.jpg 1115w, https:\/\/www.nokiankylat.fi\/taivalkunta\/wp-content\/uploads\/sites\/11\/2024\/05\/KEVATKARKELOT-23-5-2024-1487x2048.jpg 1487w, https:\/\/www.nokiankylat.fi\/taivalkunta\/wp-content\/uploads\/sites\/11\/2024\/05\/KEVATKARKELOT-23-5-2024-scaled.jpg 1859w\" sizes=\"auto, (max-width: 218px) 100vw, 218px\" \/><\/a><\/p>\n","protected":false},"excerpt":{"rendered":"<p>On koittanut kyl\u00e4n perinteisten kev\u00e4tkarkeloiden aika. Torstaina 23.5. kello 18.00 Taivalkunnan koululla on tiedossa mukavaa ohjelmaa ja maistuvaa tarjottavaa.<\/p>\n","protected":false},"author":4,"featured_media":0,"parent":4570,"menu_order":0,"comment_status":"closed","ping_status":"closed","template":"","meta":{"_acf_changed":false,"footnotes":""},"class_list":["post-4685","page","type-page","status-publish","hentry"],"acf":[],"_links":{"self":[{"href":"https:\/\/www.nokiankylat.fi\/taivalkunta\/wp-json\/wp\/v2\/pages\/4685","targetHints":{"allow":["GET"]}}],"collection":[{"href":"https:\/\/www.nokiankylat.fi\/taivalkunta\/wp-json\/wp\/v2\/pages"}],"about":[{"href":"https:\/\/www.nokiankylat.fi\/taivalkunta\/wp-json\/wp\/v2\/types\/page"}],"author":[{"embeddable":true,"href":"https:\/\/www.nokiankylat.fi\/taivalkunta\/wp-json\/wp\/v2\/users\/4"}],"replies":[{"embeddable":true,"href":"https:\/\/www.nokiankylat.fi\/taivalkunta\/wp-json\/wp\/v2\/comments?post=4685"}],"version-history":[{"count":1,"href":"https:\/\/www.nokiankylat.fi\/taivalkunta\/wp-json\/wp\/v2\/pages\/4685\/revisions"}],"predecessor-version":[{"id":4687,"href":"https:\/\/www.nokiankylat.fi\/taivalkunta\/wp-json\/wp\/v2\/pages\/4685\/revisions\/4687"}],"up":[{"embeddable":true,"href":"https:\/\/www.nokiankylat.fi\/taivalkunta\/wp-json\/wp\/v2\/pages\/4570"}],"wp:attachment":[{"href":"https:\/\/www.nokiankylat.fi\/taivalkunta\/wp-json\/wp\/v2\/media?parent=4685"}],"curies":[{"name":"wp","href":"https:\/\/api.w.org\/{rel}","templated":true}]}}