{"id":4944,"date":"2024-12-05T18:12:45","date_gmt":"2024-12-05T16:12:45","guid":{"rendered":"https:\/\/www.nokiankylat.fi\/taivalkunta\/?page_id=4944"},"modified":"2025-01-06T18:17:02","modified_gmt":"2025-01-06T16:17:02","slug":"poytakirja-20-11-2024","status":"publish","type":"page","link":"https:\/\/www.nokiankylat.fi\/taivalkunta\/yhdistykset\/taivalkunnan-kylat-ry\/kokoukset-ja-kylaillat\/syyskokous-20-11-2024\/poytakirja-20-11-2024\/","title":{"rendered":"P\u00f6yt\u00e4kirja 20-11-2024"},"content":{"rendered":"<p>Taivalkunnan Kyl\u00e4t ry \u00a0\u00a0\u00a0\u00a0\u00a0\u00a0\u00a0\u00a0\u00a0\u00a0\u00a0\u00a0\u00a0\u00a0\u00a0\u00a0\u00a0\u00a0\u00a0\u00a0\u00a0\u00a0\u00a0\u00a0\u00a0\u00a0\u00a0\u00a0\u00a0\u00a0\u00a0\u00a0\u00a0\u00a0\u00a0\u00a0\u00a0\u00a0\u00a0\u00a0\u00a0\u00a0\u00a0\u00a0\u00a0\u00a0\u00a0\u00a0\u00a0\u00a0\u00a0\u00a0\u00a0\u00a0\u00a0\u00a0\u00a0\u00a0\u00a0\u00a0\u00a0\u00a0\u00a0\u00a0\u00a0\u00a0\u00a0\u00a0\u00a0\u00a0\u00a0\u00a0\u00a0\u00a0\u00a0\u00a0\u00a0\u00a0\u00a0\u00a0\u00a0\u00a0\u00a0\u00a0\u00a0\u00a0\u00a0\u00a0\u00a0 P\u00d6YT\u00c4KIRJA 2\/2024<\/p>\n<p>S\u00c4\u00c4NT\u00d6M\u00c4\u00c4R\u00c4INEN SYYSKOKOUS<\/p>\n<p>Aika: ke 20.11.2024 klo 18.00<\/p>\n<p>Paikka: Nokia River Golfin klubirakennus, Alastalontie 33, Nokia<\/p>\n<p>Paikalla: Minna M\u00e4kinen, Anja Mattila, Risto Mattila, Teemu Lehtim\u00e4ki, Elina Helenius, Esa Alanne, Petra P\u00f6l\u00f6nen, Emilia Vuorinen, Anne-Mari Hautanen, Marjo Salmij\u00e4rvi, Olli Sorva ja Sisko Sorva.<\/p>\n<p>&nbsp;<\/p>\n<ol>\n<li>Kokouksen avaaminen<\/li>\n<\/ol>\n<p>Taivalkunnan kyl\u00e4yhdistyksen sihteeri Minna M\u00e4kinen avasi kokouksen klo 18.36.<\/p>\n<p>&nbsp;<\/p>\n<ol start=\"2\">\n<li>Kokouksen j\u00e4rjest\u00e4ytyminen<\/li>\n<\/ol>\n<p>Valittiin kokouksen puheenjohtajaksi Olli Sorva ja sihteeriksi Minna M\u00e4kinen.<\/p>\n<p>P\u00f6yt\u00e4kirjan tarkastajiksi valittiin Risto Mattila ja Esa Alanne. Risto ja Esa toimivat tarvittaessa my\u00f6s \u00e4\u00e4ntenlaskijoina.<\/p>\n<p>&nbsp;<\/p>\n<ol start=\"3\">\n<li>Laillisuuden ja p\u00e4\u00e4t\u00f6svaltaisuuden toteaminen<\/li>\n<\/ol>\n<p>Todettiin kokous lailliseksi ja p\u00e4\u00e4t\u00f6svaltaiseksi.<\/p>\n<p>&nbsp;<\/p>\n<ol start=\"4\">\n<li>Ty\u00f6j\u00e4rjestyksest\u00e4 p\u00e4\u00e4tt\u00e4minen<\/li>\n<\/ol>\n<p>Hyv\u00e4ksyttiin esityslista kokouksen ty\u00f6j\u00e4rjestykseksi.<\/p>\n<p>&nbsp;<\/p>\n<ol start=\"5\">\n<li>Toimintasuunnitelman ja talousarvion vahvistaminen seuraavalle vuodelle sek\u00e4 j\u00e4senmaksun suuruus<\/li>\n<\/ol>\n<p>Esiteltiin tulo- ja menoarvio vuodelle 2025 sek\u00e4 toimintasuunnitelma kaudelle 2025. Hyv\u00e4ksyttiin tulo- ja menoarvio.<\/p>\n<p>Hyv\u00e4ksyttiin esitetty toimintasuunnitelma 2025 muilta osin, mutta lis\u00e4t\u00e4\u00e4n siihen maininta vanhan Taivalkunnan kyl\u00e4koulun toiminnan lis\u00e4\u00e4misest\u00e4 kyl\u00e4l\u00e4isten tapahtumissa. P\u00e4\u00e4tettiin ker\u00e4t\u00e4 j\u00e4senmaksua kaudella 2025 5eur\/j\u00e4sen.<\/p>\n<p>&nbsp;<\/p>\n<ol start=\"6\">\n<li>Hallituksen puheenjohtajan valinta vuodelle 2025<\/li>\n<\/ol>\n<p>Valittiin hallituksen puheenjohtajaksi yksimielisesti Erkko M\u00e4enp\u00e4\u00e4.<\/p>\n<p>&nbsp;<\/p>\n<ol start=\"7\">\n<li>Hallituksen j\u00e4senten valinta, toimikausi on kaksi vuotta<\/li>\n<\/ol>\n<p>Erovuoroisista hallituksen j\u00e4senist\u00e4 hallituksesta pois j\u00e4\u00e4v\u00e4t Minna M\u00e4kinen ja Elina Helenius. Tomi Teuho-Markkola, Emilia Vuorinen, Teemu Lehtim\u00e4ki, Petra P\u00f6l\u00f6nen, Marjo Salmij\u00e4rvi ja Anja Mattila jatkavat hallituksessa 2025 vanhoina j\u00e4senin\u00e4. Anne Hautanen valittiin hallitukseen uudeksi j\u00e4seneksi.<br \/>\nAnnettiin hallitukselle lupa kysy\u00e4 Katja P\u00e4\u00e4kk\u00f6st\u00e4 mukaan kyl\u00e4yhdistyksen hallitukseen.<\/p>\n<p>&nbsp;<\/p>\n<ol start=\"8\">\n<li>Toiminnantarkastajan ja varatoiminnantarkastajan valinta<\/li>\n<\/ol>\n<p>Yhdistyksen toiminnantarkastajaksi valittiin Veijo Hynninen ja h\u00e4nelle varatoiminnantarkastajaksi Meiju Mertanen.<\/p>\n<p>&nbsp;<\/p>\n<ol start=\"9\">\n<li>Muut esille tulevat asiat<\/li>\n<\/ol>\n<p>Keskusteltiin mahdollisesta kyl\u00e4lle tulevasta py\u00f6r\u00e4tiest\u00e4 sek\u00e4 viem\u00e4r\u00f6innist\u00e4.<\/p>\n<p>&nbsp;<\/p>\n<ol start=\"10\">\n<li>Kokouksen p\u00e4\u00e4tt\u00e4minen<\/li>\n<\/ol>\n<p>Olli Sorva kiitti aktiivista kokousv\u00e4ke\u00e4 ja p\u00e4\u00e4tti kokouksen klo 19.07.<\/p>\n<p>&nbsp;<\/p>\n<p>&nbsp;<\/p>\n<p>Olli Sorva \u00a0\u00a0\u00a0\u00a0\u00a0\u00a0\u00a0\u00a0\u00a0\u00a0\u00a0\u00a0\u00a0\u00a0\u00a0\u00a0\u00a0\u00a0\u00a0\u00a0\u00a0\u00a0\u00a0\u00a0\u00a0\u00a0\u00a0\u00a0\u00a0\u00a0\u00a0\u00a0\u00a0\u00a0\u00a0\u00a0\u00a0\u00a0\u00a0\u00a0\u00a0\u00a0\u00a0\u00a0\u00a0\u00a0\u00a0\u00a0\u00a0\u00a0\u00a0\u00a0\u00a0\u00a0\u00a0\u00a0\u00a0\u00a0\u00a0\u00a0\u00a0\u00a0\u00a0\u00a0\u00a0\u00a0\u00a0\u00a0\u00a0\u00a0\u00a0\u00a0\u00a0\u00a0\u00a0\u00a0\u00a0\u00a0\u00a0\u00a0\u00a0\u00a0\u00a0\u00a0\u00a0\u00a0\u00a0\u00a0\u00a0\u00a0\u00a0\u00a0\u00a0\u00a0\u00a0\u00a0\u00a0\u00a0\u00a0\u00a0\u00a0\u00a0\u00a0\u00a0\u00a0\u00a0\u00a0\u00a0\u00a0\u00a0\u00a0\u00a0\u00a0 Minna M\u00e4kinen<\/p>\n<p>puheenjohtaja \u00a0\u00a0\u00a0\u00a0\u00a0\u00a0\u00a0\u00a0\u00a0\u00a0\u00a0\u00a0\u00a0\u00a0\u00a0\u00a0\u00a0\u00a0\u00a0\u00a0\u00a0\u00a0\u00a0\u00a0\u00a0\u00a0\u00a0\u00a0\u00a0\u00a0\u00a0\u00a0\u00a0\u00a0\u00a0\u00a0\u00a0\u00a0\u00a0\u00a0\u00a0\u00a0\u00a0\u00a0\u00a0\u00a0\u00a0\u00a0\u00a0\u00a0\u00a0\u00a0\u00a0\u00a0\u00a0\u00a0\u00a0\u00a0\u00a0\u00a0\u00a0\u00a0\u00a0\u00a0\u00a0\u00a0\u00a0\u00a0\u00a0\u00a0\u00a0\u00a0\u00a0\u00a0\u00a0\u00a0\u00a0\u00a0\u00a0\u00a0\u00a0\u00a0\u00a0\u00a0\u00a0\u00a0\u00a0\u00a0\u00a0\u00a0\u00a0\u00a0\u00a0\u00a0\u00a0\u00a0\u00a0\u00a0\u00a0\u00a0\u00a0\u00a0\u00a0 sihteeri<\/p>\n<p>&nbsp;<\/p>\n<p>Risto Mattila \u00a0\u00a0\u00a0\u00a0\u00a0\u00a0\u00a0\u00a0\u00a0\u00a0\u00a0\u00a0\u00a0\u00a0\u00a0\u00a0\u00a0\u00a0\u00a0\u00a0\u00a0\u00a0\u00a0\u00a0\u00a0\u00a0\u00a0\u00a0\u00a0\u00a0\u00a0\u00a0\u00a0\u00a0\u00a0\u00a0\u00a0\u00a0\u00a0\u00a0\u00a0\u00a0\u00a0\u00a0\u00a0\u00a0\u00a0\u00a0\u00a0\u00a0\u00a0\u00a0\u00a0\u00a0\u00a0\u00a0\u00a0\u00a0\u00a0\u00a0\u00a0\u00a0\u00a0\u00a0\u00a0\u00a0\u00a0\u00a0\u00a0\u00a0\u00a0\u00a0\u00a0\u00a0\u00a0\u00a0\u00a0\u00a0\u00a0\u00a0\u00a0\u00a0\u00a0\u00a0\u00a0\u00a0\u00a0\u00a0\u00a0\u00a0\u00a0\u00a0\u00a0\u00a0\u00a0\u00a0\u00a0\u00a0\u00a0\u00a0\u00a0\u00a0\u00a0\u00a0\u00a0\u00a0\u00a0 Esa Alanne<\/p>\n<p>p\u00f6yt\u00e4kirjan tarkastaja \u00a0\u00a0\u00a0\u00a0\u00a0\u00a0\u00a0\u00a0\u00a0\u00a0\u00a0\u00a0\u00a0\u00a0\u00a0\u00a0\u00a0\u00a0\u00a0\u00a0\u00a0\u00a0\u00a0\u00a0\u00a0\u00a0\u00a0\u00a0\u00a0\u00a0\u00a0\u00a0\u00a0\u00a0\u00a0\u00a0\u00a0\u00a0\u00a0\u00a0\u00a0\u00a0\u00a0\u00a0\u00a0\u00a0\u00a0\u00a0\u00a0\u00a0\u00a0\u00a0\u00a0\u00a0\u00a0\u00a0\u00a0\u00a0\u00a0\u00a0\u00a0\u00a0\u00a0\u00a0\u00a0\u00a0\u00a0\u00a0\u00a0\u00a0\u00a0\u00a0\u00a0\u00a0\u00a0\u00a0\u00a0\u00a0\u00a0\u00a0\u00a0\u00a0\u00a0\u00a0\u00a0\u00a0\u00a0 p\u00f6yt\u00e4kirjan tarkastaja<\/p>\n","protected":false},"excerpt":{"rendered":"<p>Taivalkunnan Kyl\u00e4t ry \u00a0\u00a0\u00a0\u00a0\u00a0\u00a0\u00a0\u00a0\u00a0\u00a0\u00a0\u00a0\u00a0\u00a0\u00a0\u00a0\u00a0\u00a0\u00a0\u00a0\u00a0\u00a0\u00a0\u00a0\u00a0\u00a0\u00a0\u00a0\u00a0\u00a0\u00a0\u00a0\u00a0\u00a0\u00a0\u00a0\u00a0\u00a0\u00a0\u00a0\u00a0\u00a0\u00a0\u00a0\u00a0\u00a0\u00a0\u00a0\u00a0\u00a0\u00a0\u00a0\u00a0\u00a0\u00a0\u00a0\u00a0\u00a0\u00a0\u00a0\u00a0\u00a0\u00a0\u00a0\u00a0\u00a0\u00a0\u00a0\u00a0\u00a0\u00a0\u00a0\u00a0\u00a0\u00a0\u00a0\u00a0\u00a0\u00a0\u00a0\u00a0\u00a0\u00a0\u00a0\u00a0\u00a0\u00a0\u00a0\u00a0 P\u00d6YT\u00c4KIRJA 2\/2024 S\u00c4\u00c4NT\u00d6M\u00c4\u00c4R\u00c4INEN SYYSKOKOUS Aika: ke 20.11.2024 klo 18.00 Paikka: Nokia River Golfin klubirakennus, Alastalontie 33, Nokia Paikalla: Minna M\u00e4kinen, Anja Mattila, Risto Mattila, Teemu Lehtim\u00e4ki, Elina Helenius, Esa Alanne, Petra P\u00f6l\u00f6nen, Emilia Vuorinen, Anne-Mari Hautanen, Marjo Salmij\u00e4rvi, Olli Sorva ja Sisko Sorva. &nbsp; Kokouksen avaaminen Taivalkunnan kyl\u00e4yhdistyksen sihteeri Minna M\u00e4kinen &hellip; <a href=\"https:\/\/www.nokiankylat.fi\/taivalkunta\/yhdistykset\/taivalkunnan-kylat-ry\/kokoukset-ja-kylaillat\/syyskokous-20-11-2024\/poytakirja-20-11-2024\/\">Jatkuu<\/a><\/p>\n","protected":false},"author":4,"featured_media":0,"parent":4910,"menu_order":0,"comment_status":"closed","ping_status":"closed","template":"","meta":{"_acf_changed":false,"footnotes":""},"class_list":["post-4944","page","type-page","status-publish","hentry"],"acf":[],"_links":{"self":[{"href":"https:\/\/www.nokiankylat.fi\/taivalkunta\/wp-json\/wp\/v2\/pages\/4944","targetHints":{"allow":["GET"]}}],"collection":[{"href":"https:\/\/www.nokiankylat.fi\/taivalkunta\/wp-json\/wp\/v2\/pages"}],"about":[{"href":"https:\/\/www.nokiankylat.fi\/taivalkunta\/wp-json\/wp\/v2\/types\/page"}],"author":[{"embeddable":true,"href":"https:\/\/www.nokiankylat.fi\/taivalkunta\/wp-json\/wp\/v2\/users\/4"}],"replies":[{"embeddable":true,"href":"https:\/\/www.nokiankylat.fi\/taivalkunta\/wp-json\/wp\/v2\/comments?post=4944"}],"version-history":[{"count":2,"href":"https:\/\/www.nokiankylat.fi\/taivalkunta\/wp-json\/wp\/v2\/pages\/4944\/revisions"}],"predecessor-version":[{"id":4946,"href":"https:\/\/www.nokiankylat.fi\/taivalkunta\/wp-json\/wp\/v2\/pages\/4944\/revisions\/4946"}],"up":[{"embeddable":true,"href":"https:\/\/www.nokiankylat.fi\/taivalkunta\/wp-json\/wp\/v2\/pages\/4910"}],"wp:attachment":[{"href":"https:\/\/www.nokiankylat.fi\/taivalkunta\/wp-json\/wp\/v2\/media?parent=4944"}],"curies":[{"name":"wp","href":"https:\/\/api.w.org\/{rel}","templated":true}]}}

Pöytäkirja 20-11-2024

<p>Taivalkunnan Kylät ry                                                                                           PÖYTÄKIRJA 2/2024</p>
<p>SÄÄNTÖMÄÄRÄINEN SYYSKOKOUS</p>
<p>Aika: ke 20.11.2024 klo 18.00</p>
<p>Paikka: Nokia River Golfin klubirakennus, Alastalontie 33, Nokia</p>
<p>Paikalla: Minna Mäkinen, Anja Mattila, Risto Mattila, Teemu Lehtimäki, Elina Helenius, Esa Alanne, Petra Pölönen, Emilia Vuorinen, Anne-Mari Hautanen, Marjo Salmijärvi, Olli Sorva ja Sisko Sorva.</p>
<p>&nbsp;</p>
<ol>
<li>Kokouksen avaaminen</li>
</ol>
<p>Taivalkunnan kyläyhdistyksen sihteeri Minna Mäkinen avasi kokouksen klo 18.36.</p>
<p>&nbsp;</p>
<ol start="2">
<li>Kokouksen järjestäytyminen</li>
</ol>
<p>Valittiin kokouksen puheenjohtajaksi Olli Sorva ja sihteeriksi Minna Mäkinen.</p>
<p>Pöytäkirjan tarkastajiksi valittiin Risto Mattila ja Esa Alanne. Risto ja Esa toimivat tarvittaessa myös ääntenlaskijoina.</p>
<p>&nbsp;</p>
<ol start="3">
<li>Laillisuuden ja päätösvaltaisuuden toteaminen</li>
</ol>
<p>Todettiin kokous lailliseksi ja päätösvaltaiseksi.</p>
<p>&nbsp;</p>
<ol start="4">
<li>Työjärjestyksestä päättäminen</li>
</ol>
<p>Hyväksyttiin esityslista kokouksen työjärjestykseksi.</p>
<p>&nbsp;</p>
<ol start="5">
<li>Toimintasuunnitelman ja talousarvion vahvistaminen seuraavalle vuodelle sekä jäsenmaksun suuruus</li>
</ol>
<p>Esiteltiin tulo- ja menoarvio vuodelle 2025 sekä toimintasuunnitelma kaudelle 2025. Hyväksyttiin tulo- ja menoarvio.</p>
<p>Hyväksyttiin esitetty toimintasuunnitelma 2025 muilta osin, mutta lisätään siihen maininta vanhan Taivalkunnan kyläkoulun toiminnan lisäämisestä kyläläisten tapahtumissa. Päätettiin kerätä jäsenmaksua kaudella 2025 5eur/jäsen.</p>
<p>&nbsp;</p>
<ol start="6">
<li>Hallituksen puheenjohtajan valinta vuodelle 2025</li>
</ol>
<p>Valittiin hallituksen puheenjohtajaksi yksimielisesti Erkko Mäenpää.</p>
<p>&nbsp;</p>
<ol start="7">
<li>Hallituksen jäsenten valinta, toimikausi on kaksi vuotta</li>
</ol>
<p>Erovuoroisista hallituksen jäsenistä hallituksesta pois jäävät Minna Mäkinen ja Elina Helenius. Tomi Teuho-Markkola, Emilia Vuorinen, Teemu Lehtimäki, Petra Pölönen, Marjo Salmijärvi ja Anja Mattila jatkavat hallituksessa 2025 vanhoina jäseninä. Anne Hautanen valittiin hallitukseen uudeksi jäseneksi.<br />
Annettiin hallitukselle lupa kysyä Katja Pääkköstä mukaan kyläyhdistyksen hallitukseen.</p>
<p>&nbsp;</p>
<ol start="8">
<li>Toiminnantarkastajan ja varatoiminnantarkastajan valinta</li>
</ol>
<p>Yhdistyksen toiminnantarkastajaksi valittiin Veijo Hynninen ja hänelle varatoiminnantarkastajaksi Meiju Mertanen.</p>
<p>&nbsp;</p>
<ol start="9">
<li>Muut esille tulevat asiat</li>
</ol>
<p>Keskusteltiin mahdollisesta kylälle tulevasta pyörätiestä sekä viemäröinnistä.</p>
<p>&nbsp;</p>
<ol start="10">
<li>Kokouksen päättäminen</li>
</ol>
<p>Olli Sorva kiitti aktiivista kokousväkeä ja päätti kokouksen klo 19.07.</p>
<p>&nbsp;</p>
<p>&nbsp;</p>
<p>Olli Sorva                                                                                                                   Minna Mäkinen</p>
<p>puheenjohtaja                                                                                                         sihteeri</p>
<p>&nbsp;</p>
<p>Risto Mattila                                                                                                             Esa Alanne</p>
<p>pöytäkirjan tarkastaja                                                                                         pöytäkirjan tarkastaja</p>

<p>Taivalkunnan Kylät ry                                                                                           PÖYTÄKIRJA 2/2024 SÄÄNTÖMÄÄRÄINEN SYYSKOKOUS Aika: ke 20.11.2024 klo 18.00 Paikka: Nokia River Golfin klubirakennus, Alastalontie 33, Nokia Paikalla: Minna Mäkinen, Anja Mattila, Risto Mattila, Teemu Lehtimäki, Elina Helenius, Esa Alanne, Petra Pölönen, Emilia Vuorinen, Anne-Mari Hautanen, Marjo Salmijärvi, Olli Sorva ja Sisko Sorva. &nbsp; Kokouksen avaaminen Taivalkunnan kyläyhdistyksen sihteeri Minna Mäkinen &hellip; <a href="https://www.nokiankylat.fi/taivalkunta/yhdistykset/taivalkunnan-kylat-ry/kokoukset-ja-kylaillat/syyskokous-20-11-2024/poytakirja-20-11-2024/">Jatkuu</a></p>
