{"id":4953,"date":"2025-03-12T17:42:42","date_gmt":"2025-03-12T15:42:42","guid":{"rendered":"https:\/\/www.nokiankylat.fi\/taivalkunta\/?page_id=4953"},"modified":"2025-03-12T18:10:57","modified_gmt":"2025-03-12T16:10:57","slug":"kylakirje-12-3-2025","status":"publish","type":"page","link":"https:\/\/www.nokiankylat.fi\/taivalkunta\/yhdistykset\/taivalkunnan-kylat-ry\/kylakirjeet-2025\/kylakirje-12-3-2025\/","title":{"rendered":"Kyl\u00e4kirje 12-3-2025"},"content":{"rendered":"<p>Kyl\u00e4yhdistyksen kev\u00e4tkokous pidet\u00e4\u00e4n 18.3. kello 18.30 kyl\u00e4n koululla. Kutsu aukeaa PDF-tiedostona t\u00e4\u00e4lt\u00e4 <a href=\"https:\/\/www.nokiankylat.fi\/taivalkunta\/wp-content\/uploads\/sites\/11\/2025\/03\/Kokouskutsu-kevat-2025.pdf\">Kokouskutsu kev\u00e4t 2025<\/a><\/p>\n<p>Kokouksessa k\u00e4sitell\u00e4\u00e4n s\u00e4\u00e4nt\u00f6m\u00e4\u00e4r\u00e4iset asiat sek\u00e4 mahdollisesti muut esille tulevat asiat.<br \/>\nOlet perheinesi l\u00e4mpim\u00e4sti tervetullut kokoukseen.<\/p>\n<p><strong>Taivalkunnan Kyl\u00e4t ry \/ hallitus<\/strong><\/p>\n<p>Tiedoksi, ett\u00e4 Taivalkunnan kyl\u00e4n perinteiset kev\u00e4tkarkelot j\u00e4rjestet\u00e4\u00e4n to 22.5.<\/p>\n","protected":false},"excerpt":{"rendered":"<p>Kyl\u00e4yhdistyksen kev\u00e4tkokous pidet\u00e4\u00e4n 18.3. kello 18.30 kyl\u00e4n koululla. Kutsu aukeaa PDF-tiedostona t\u00e4\u00e4lt\u00e4 Kokouskutsu kev\u00e4t 2025 Kokouksessa k\u00e4sitell\u00e4\u00e4n s\u00e4\u00e4nt\u00f6m\u00e4\u00e4r\u00e4iset asiat sek\u00e4 mahdollisesti muut esille tulevat asiat. Olet perheinesi l\u00e4mpim\u00e4sti tervetullut kokoukseen. Taivalkunnan Kyl\u00e4t ry \/ hallitus Tiedoksi, ett\u00e4 Taivalkunnan kyl\u00e4n perinteiset kev\u00e4tkarkelot j\u00e4rjestet\u00e4\u00e4n to 22.5.<\/p>\n","protected":false},"author":4,"featured_media":0,"parent":4965,"menu_order":0,"comment_status":"closed","ping_status":"closed","template":"","meta":{"_acf_changed":false,"footnotes":""},"class_list":["post-4953","page","type-page","status-publish","hentry"],"acf":[],"_links":{"self":[{"href":"https:\/\/www.nokiankylat.fi\/taivalkunta\/wp-json\/wp\/v2\/pages\/4953","targetHints":{"allow":["GET"]}}],"collection":[{"href":"https:\/\/www.nokiankylat.fi\/taivalkunta\/wp-json\/wp\/v2\/pages"}],"about":[{"href":"https:\/\/www.nokiankylat.fi\/taivalkunta\/wp-json\/wp\/v2\/types\/page"}],"author":[{"embeddable":true,"href":"https:\/\/www.nokiankylat.fi\/taivalkunta\/wp-json\/wp\/v2\/users\/4"}],"replies":[{"embeddable":true,"href":"https:\/\/www.nokiankylat.fi\/taivalkunta\/wp-json\/wp\/v2\/comments?post=4953"}],"version-history":[{"count":1,"href":"https:\/\/www.nokiankylat.fi\/taivalkunta\/wp-json\/wp\/v2\/pages\/4953\/revisions"}],"predecessor-version":[{"id":4956,"href":"https:\/\/www.nokiankylat.fi\/taivalkunta\/wp-json\/wp\/v2\/pages\/4953\/revisions\/4956"}],"up":[{"embeddable":true,"href":"https:\/\/www.nokiankylat.fi\/taivalkunta\/wp-json\/wp\/v2\/pages\/4965"}],"wp:attachment":[{"href":"https:\/\/www.nokiankylat.fi\/taivalkunta\/wp-json\/wp\/v2\/media?parent=4953"}],"curies":[{"name":"wp","href":"https:\/\/api.w.org\/{rel}","templated":true}]}}