{"id":4975,"date":"2025-03-12T18:36:15","date_gmt":"2025-03-12T16:36:15","guid":{"rendered":"https:\/\/www.nokiankylat.fi\/taivalkunta\/?page_id=4975"},"modified":"2026-01-23T08:17:19","modified_gmt":"2026-01-23T06:17:19","slug":"hallitus-2024","status":"publish","type":"page","link":"https:\/\/www.nokiankylat.fi\/taivalkunta\/yhdistykset\/taivalkunnan-kylat-ry\/kylayhdistyksen-arkisto\/hallitus-2024\/","title":{"rendered":"Hallitus 2024"},"content":{"rendered":"<h3>Puheenjohtaja: Erkko M\u00e4enp\u00e4\u00e4<\/h3>\n<h3>Varapuheenjohtaja: Tomi Teuho-Markkola<\/h3>\n<h3>Sihteeri: Minna M\u00e4kinen<\/h3>\n<h3>Rahastonhoitaja: Marjo Salmij\u00e4rvi<\/h3>\n<h3>Muu hallitus: , Elina Helenius, Teemu Lehtim\u00e4ki, Petra P\u00f6l\u00f6nen, Anja Mattila ja Emilia Vuorinen<\/h3>\n","protected":false},"excerpt":{"rendered":"<p>Puheenjohtaja: Erkko M\u00e4enp\u00e4\u00e4 Varapuheenjohtaja: Tomi Teuho-Markkola Sihteeri: Minna M\u00e4kinen Rahastonhoitaja: Marjo Salmij\u00e4rvi Muu hallitus: , Elina Helenius, Teemu Lehtim\u00e4ki, Petra P\u00f6l\u00f6nen, Anja Mattila ja Emilia Vuorinen<\/p>\n","protected":false},"author":4,"featured_media":0,"parent":186,"menu_order":0,"comment_status":"closed","ping_status":"closed","template":"","meta":{"_acf_changed":false,"footnotes":""},"class_list":["post-4975","page","type-page","status-publish","hentry"],"acf":[],"_links":{"self":[{"href":"https:\/\/www.nokiankylat.fi\/taivalkunta\/wp-json\/wp\/v2\/pages\/4975","targetHints":{"allow":["GET"]}}],"collection":[{"href":"https:\/\/www.nokiankylat.fi\/taivalkunta\/wp-json\/wp\/v2\/pages"}],"about":[{"href":"https:\/\/www.nokiankylat.fi\/taivalkunta\/wp-json\/wp\/v2\/types\/page"}],"author":[{"embeddable":true,"href":"https:\/\/www.nokiankylat.fi\/taivalkunta\/wp-json\/wp\/v2\/users\/4"}],"replies":[{"embeddable":true,"href":"https:\/\/www.nokiankylat.fi\/taivalkunta\/wp-json\/wp\/v2\/comments?post=4975"}],"version-history":[{"count":1,"href":"https:\/\/www.nokiankylat.fi\/taivalkunta\/wp-json\/wp\/v2\/pages\/4975\/revisions"}],"predecessor-version":[{"id":4976,"href":"https:\/\/www.nokiankylat.fi\/taivalkunta\/wp-json\/wp\/v2\/pages\/4975\/revisions\/4976"}],"up":[{"embeddable":true,"href":"https:\/\/www.nokiankylat.fi\/taivalkunta\/wp-json\/wp\/v2\/pages\/186"}],"wp:attachment":[{"href":"https:\/\/www.nokiankylat.fi\/taivalkunta\/wp-json\/wp\/v2\/media?parent=4975"}],"curies":[{"name":"wp","href":"https:\/\/api.w.org\/{rel}","templated":true}]}}