{"id":4984,"date":"2025-03-27T18:07:30","date_gmt":"2025-03-27T16:07:30","guid":{"rendered":"https:\/\/www.nokiankylat.fi\/taivalkunta\/?page_id=4984"},"modified":"2026-02-08T15:02:17","modified_gmt":"2026-02-08T13:02:17","slug":"toimintakertomus-2024","status":"publish","type":"page","link":"https:\/\/www.nokiankylat.fi\/taivalkunta\/yhdistykset\/taivalkunnan-kylat-ry\/toimintakertomus-2024\/","title":{"rendered":"Toimintakertomus 2024"},"content":{"rendered":"<p><strong>Taivalkunnan kyl\u00e4t ry vuosikertomus 2024<\/strong><\/p>\n<p>Yhdistyksen toiminta-alueena on koko Taivalkunta koostuen seuraavista kylist\u00e4: Taipale,<br \/>\nKohmala, Kennola, Vastam\u00e4ki, Memmola, Kassila, Haapaniemi, Kontaa, Lukkila ja<br \/>\nK\u00e4rjenmaa.<br \/>\nYhdistyksen tarkoituksena on toimia Taivalkunnan asukkaiden ja yhteis\u00f6jen<br \/>\nyhteisty\u00f6elimen\u00e4 pyrkimyksiss\u00e4 parantaa edell\u00e4 mainituilla alueilla vakituisesti tai vapaaaikanaan<br \/>\nasuvien ihmisten hyvinvointia.<br \/>\nYhdistys kannustaa toiminta-alueensa asukkaita yhteistoimintaan kotiseutunsa<br \/>\nkehitt\u00e4miseksi sek\u00e4 kehitt\u00e4\u00e4 yhteisty\u00f6t\u00e4 toiminta-alueensa p\u00e4\u00e4tt\u00e4jien ja viranhaltijoiden<br \/>\nkanssa kylien kehitt\u00e4misess\u00e4 ja kylien asukkaiden hyvinvoinnin parantamisessa.<br \/>\nTarkoituksena on lis\u00e4ksi verkostoitua muiden vastaavien tahojen ja maaseudun<br \/>\nkehitt\u00e4misorganisaatioiden kanssa.<\/p>\n<p><strong>Hallinto<\/strong><br \/>\nTaivalkunnan kyl\u00e4t ry:n hallitukseen vuonna 2024 kuuluivat puheenjohtaja Erkko<br \/>\nM\u00e4enp\u00e4\u00e4, varapuheenjohtaja Tomi Teuho-Markkola, sihteeri Minna M\u00e4kinen,<br \/>\nrahastonhoitaja Marjo Salmij\u00e4rvi sek\u00e4 j\u00e4senet Anja Mattila, Elina Helenius, Teemu<br \/>\nLehtim\u00e4ki, Petra P\u00f6l\u00f6nen ja Emilia Vuorinen.<br \/>\nToiminnantarkastajana tilikaudella 2024 toimi Veijo Hynninen ja h\u00e4nen varahenkil\u00f6n\u00e4\u00e4n<br \/>\nMeiju Mertanen.<br \/>\nTaivalkunnan kyl\u00e4t ry:n kev\u00e4tkokous pidettiin 21.3.2024 ja syyskokous 20.11.2024.<\/p>\n<p><strong>Hallituksen kokoukset<\/strong><br \/>\nTaivalkunnan kyl\u00e4t ry:n hallitus piti vuonna 2024 6 omaa kokousta. Kokousten yhteishenki<br \/>\noli hyv\u00e4.<\/p>\n<p><strong>Talvitapahtuma, kev\u00e4tkarkelot ja joululaulutilaisuus<\/strong><br \/>\nPerinteinen Taivalkunnan kyl\u00e4n Talvitapahtuma golfkent\u00e4ll\u00e4 Jutkulan m\u00e4ess\u00e4 pidettiin<br \/>\n18.2.2024. Talvitapahtuma ker\u00e4si mukavan m\u00e4\u00e4r\u00e4n kyl\u00e4l\u00e4isi\u00e4 koolle, osallistujia oli n. 50 ja<br \/>\nm\u00e4enlasku sek\u00e4 makkaranpaisto nuotiolla sujuivat aurinkoisessa s\u00e4\u00e4ss\u00e4 sek\u00e4 iloisissa<br \/>\ntunnelmissa. Toukokuussa 2024 kyl\u00e4yhdistys j\u00e4rjesti yhdess\u00e4 koulun<br \/>\nvanhempaintoimikunnan kanssa koululla kev\u00e4tkarkelot kyl\u00e4l\u00e4isille. S\u00e4\u00e4 helli tilaisuutta.<br \/>\nLapset olivat tilaisuuden keski\u00f6ss\u00e4 ja paikalle oli mm. vuokrattu pomppulinna, kyl\u00e4yhdistys<br \/>\noli j\u00e4rjest\u00e4nyt arpajaiset ja tarjolla oli makkaraa, lettuja, popkornia ja hattaraa. Pihaan oli<br \/>\nj\u00e4rjestetty kaikenlaista pient\u00e4 puuhaa ja leikkimielist\u00e4 kisailua. Joulukuussa 2024<br \/>\nj\u00e4rjestettiin yhdistyksen puurojuhla Taivalkunnan koululla. Tilaisuudessa puheenjohtaja<br \/>\nErkko M\u00e4enp\u00e4\u00e4 julisti joulurauhan Taivalkuntaan. Samassa tilaisuudessa laulettiin my\u00f6s<br \/>\nyhdess\u00e4 perinteisesti joululauluja. Erkko M\u00e4enp\u00e4\u00e4 ja Veijo Hynninen laulattivat kyl\u00e4l\u00e4isi\u00e4<br \/>\npianon s\u00e4estyksell\u00e4. Puurojuhla oli mieluisa tapahtuma, johon osallistui hyvin v\u00e4ke\u00e4.<br \/>\nPaikalla oli n. 85 henke\u00e4. Tapahtumassa oli tarjolla riisipuuroa ja gl\u00f6gi\u00e4.<\/p>\n<p><strong>Tiedotustoiminta<\/strong><br \/>\nOlli Sorva toimitti kyl\u00e4kirjeit\u00e4 kyl\u00e4l\u00e4isille s\u00e4hk\u00f6postitse ja osa niist\u00e4 jaettiin my\u00f6s<br \/>\npostilaatikoihinkin. Kyl\u00e4n asioista tiedotettiin my\u00f6s kyl\u00e4n nettisivustolla. Kyl\u00e4n Facebook ja<br \/>\nInstagram olivat my\u00f6s aktiivisessa tiedotusk\u00e4yt\u00f6ss\u00e4. Yhdess\u00e4 Sarkolan kyl\u00e4yhdistyksen<br \/>\nkanssa julkaistiin kyl\u00e4lehti, se julkaistiin toukokuussa.<\/p>\n<p><strong>Muistamiset ja stipendit<\/strong><br \/>\nKev\u00e4\u00e4ll\u00e4 2024 Taivalkunnan kyl\u00e4t ry:n stipendit meniv\u00e4t kouluille jakoon seuraavasti:<br \/>\nTaivalkunnan alakoululle jaettiin kaksi 30 euron stipendi\u00e4. Nokianvirran yl\u00e4koululle ja<br \/>\nEm\u00e4kosken yl\u00e4koulussa jaettiin 50 euron stipendit, joiden jakoperuste oli \u201dparas keskiarvo<br \/>\nkoulusta l\u00e4htev\u00e4ll\u00e4 taivalkuntalaisella\u201d.<\/p>\n<p><strong>Liikunnan iloa ja yhdess\u00e4 tekemist\u00e4<\/strong><br \/>\nVuonna 2024 koulun pihassa alettiin kokoontumaan kahvakuulatreeneihin. Alkuun treenit<br \/>\nolivat kerran viikossa ja loppuvuodesta jo kahdesti viikossa. Treenej\u00e4 on ollut vet\u00e4m\u00e4ss\u00e4<br \/>\nliikunnanohjaaja Matti Lepist\u00f6. Treeneihin on ollut tervetullut omasta kuntotasostaan<br \/>\nhuolimatta matalalla kynnyksell\u00e4.<br \/>\nKyl\u00e4yhdistys j\u00e4rjesti hein\u00e4kuussa tanssimatkan H\u00e4myslavalle, Tottij\u00e4rvelle, Tomi<br \/>\nMarkkolan keikalle.<\/p>\n<p><strong>Kyl\u00e4n lasten ja nuorten tukeminen<\/strong><br \/>\nTaivalkunnan koulun vanhempainyhdistys lahjoitti vanhempainyhdistyksen varat<br \/>\nkyl\u00e4yhdistyksen k\u00e4ytt\u00f6\u00f6n, jotka tullaan kohdistamaan lasten ja nuorten toiminnan<br \/>\ntukemiseen.<\/p>\n<p><strong>Tulevaisuuden n\u00e4kym\u00e4t<\/strong><br \/>\nL\u00e4hitulevaisuuden n\u00e4kym\u00e4t ovat muutoin kyl\u00e4ll\u00e4 hyv\u00e4t, mutta kyl\u00e4koulun<br \/>\nlakkauttamisp\u00e4\u00e4t\u00f6s on asia, mik\u00e4 painaa monien kyl\u00e4ll\u00e4 asuvien mieli\u00e4 edelleen.<br \/>\nKyl\u00e4yhdistys innolla miettii koulurakennukselle uusia k\u00e4ytt\u00f6tapoja. Taivalkunta on hieno<br \/>\npaikka asua ja kyl\u00e4n kehitt\u00e4minen asukkaiden viihtyvyys silm\u00e4ll\u00e4 pit\u00e4en on monelle<br \/>\nkyl\u00e4l\u00e4iselle kunnia asia.<\/p>\n<p>Kyl\u00e4yhdistys tahtoo kiitt\u00e4\u00e4 kaikkia kyl\u00e4l\u00e4isi\u00e4 yhteisty\u00f6st\u00e4 vuonna 2024.<br \/>\nTaivalkunnan kyl\u00e4t ry kiitt\u00e4\u00e4 pitk\u00e4aikaisia hallituksen j\u00e4seni\u00e4 Elina Heleniusta ja Minna<br \/>\nM\u00e4kist\u00e4 uutterasta ty\u00f6st\u00e4 kyl\u00e4n sek\u00e4 kyl\u00e4yhdistyksen hyv\u00e4ksi.<br \/>\nTaivalkunnan kyl\u00e4t ry hallitus 27.3.2025<\/p>\n","protected":false},"excerpt":{"rendered":"<p>Taivalkunnan kyl\u00e4t ry vuosikertomus 2024 Yhdistyksen toiminta-alueena on koko Taivalkunta koostuen seuraavista kylist\u00e4: Taipale, Kohmala, Kennola, Vastam\u00e4ki, Memmola, Kassila, Haapaniemi, Kontaa, Lukkila ja K\u00e4rjenmaa. Yhdistyksen tarkoituksena on toimia Taivalkunnan asukkaiden ja yhteis\u00f6jen yhteisty\u00f6elimen\u00e4 pyrkimyksiss\u00e4 parantaa edell\u00e4 mainituilla alueilla vakituisesti tai vapaaaikanaan asuvien ihmisten hyvinvointia. Yhdistys kannustaa toiminta-alueensa asukkaita yhteistoimintaan kotiseutunsa kehitt\u00e4miseksi sek\u00e4 kehitt\u00e4\u00e4 yhteisty\u00f6t\u00e4 toiminta-alueensa &hellip; <a href=\"https:\/\/www.nokiankylat.fi\/taivalkunta\/yhdistykset\/taivalkunnan-kylat-ry\/toimintakertomus-2024\/\">Jatkuu<\/a><\/p>\n","protected":false},"author":4,"featured_media":0,"parent":43,"menu_order":0,"comment_status":"closed","ping_status":"closed","template":"","meta":{"_acf_changed":false,"footnotes":""},"class_list":["post-4984","page","type-page","status-publish","hentry"],"acf":[],"_links":{"self":[{"href":"https:\/\/www.nokiankylat.fi\/taivalkunta\/wp-json\/wp\/v2\/pages\/4984","targetHints":{"allow":["GET"]}}],"collection":[{"href":"https:\/\/www.nokiankylat.fi\/taivalkunta\/wp-json\/wp\/v2\/pages"}],"about":[{"href":"https:\/\/www.nokiankylat.fi\/taivalkunta\/wp-json\/wp\/v2\/types\/page"}],"author":[{"embeddable":true,"href":"https:\/\/www.nokiankylat.fi\/taivalkunta\/wp-json\/wp\/v2\/users\/4"}],"replies":[{"embeddable":true,"href":"https:\/\/www.nokiankylat.fi\/taivalkunta\/wp-json\/wp\/v2\/comments?post=4984"}],"version-history":[{"count":1,"href":"https:\/\/www.nokiankylat.fi\/taivalkunta\/wp-json\/wp\/v2\/pages\/4984\/revisions"}],"predecessor-version":[{"id":4985,"href":"https:\/\/www.nokiankylat.fi\/taivalkunta\/wp-json\/wp\/v2\/pages\/4984\/revisions\/4985"}],"up":[{"embeddable":true,"href":"https:\/\/www.nokiankylat.fi\/taivalkunta\/wp-json\/wp\/v2\/pages\/43"}],"wp:attachment":[{"href":"https:\/\/www.nokiankylat.fi\/taivalkunta\/wp-json\/wp\/v2\/media?parent=4984"}],"curies":[{"name":"wp","href":"https:\/\/api.w.org\/{rel}","templated":true}]}}