{"id":5006,"date":"2025-07-08T16:29:23","date_gmt":"2025-07-08T13:29:23","guid":{"rendered":"https:\/\/www.nokiankylat.fi\/taivalkunta\/?page_id=5006"},"modified":"2025-07-08T16:29:23","modified_gmt":"2025-07-08T13:29:23","slug":"kylakirje-8-7-2025","status":"publish","type":"page","link":"https:\/\/www.nokiankylat.fi\/taivalkunta\/yhdistykset\/taivalkunnan-kylat-ry\/kylakirjeet-2025\/kylakirje-8-7-2025\/","title":{"rendered":"Kyl\u00e4kirje 8-7-2025"},"content":{"rendered":"<p><strong>Kyl\u00e4kirje 8-7-2025<\/strong><\/p>\n<p><strong>Vesijohto\/viem\u00e4rity\u00f6maa<\/strong><\/p>\n<p>Kuten kyl\u00e4l\u00e4iset ovat huomanneetkin, niin nyt vihdoin vesijohto\/viem\u00e4rity\u00f6maa on saanut vauhtia. Alasenlahden alitus on hyv\u00e4ss\u00e4 vauhdissa ja Pihtikorventien risteyksest\u00e4 keskustaan p\u00e4in putkea menee maan alle. Alkavalla viikolla ilmeisesti toinen ryhm\u00e4 aloittaa putkenlaittoa Ristiver\u00e4jist\u00e4 kohti Taivalkuntaa.<\/p>\n<p>Ojankaivuun yhteydess\u00e4 maan alta kaivautuu esiin kivi\u00e4. <strong>Jos sinulla on tarvetta tuon kokoisille kiville<\/strong>, niin ole yhteydess\u00e4 rakentajaporukkaan ja keskustele kivien tuonnista. Uskon, ett\u00e4 l\u00e4hialueelle saat tarvitessasi kivi\u00e4 perille tuotuna.<\/p>\n<p><strong>Taivalkunnan pirtti<\/strong><\/p>\n<p>Taivalkunnan pirtti on vaihtanut omistajaa ja varauksia voi tehd\u00e4 heilt\u00e4. Yhteystiedot on p\u00e4ivitetty kyl\u00e4mme sivustolle <a href=\"https:\/\/www.nokiankylat.fi\/taivalkunta\/palvelut\/taivalkunnan-pirtti\/\">Taivalkunnan pirtti \u2013 Taivalkunta<\/a>. K\u00e4y kurkkaamassa.<\/p>\n<p><strong>Jos huomaat kyl\u00e4mme sivustolla virheellist\u00e4<\/strong> tai puuttuvaa tietoa, niin ole yhteydess\u00e4 ja korjaan asian.<\/p>\n<p>Yhteisty\u00f6terveisin Olli Sorva<\/p>\n","protected":false},"excerpt":{"rendered":"<p>Kyl\u00e4kirje 8-7-2025 Vesijohto\/viem\u00e4rity\u00f6maa Kuten kyl\u00e4l\u00e4iset ovat huomanneetkin, niin nyt vihdoin vesijohto\/viem\u00e4rity\u00f6maa on saanut vauhtia. Alasenlahden alitus on hyv\u00e4ss\u00e4 vauhdissa ja Pihtikorventien risteyksest\u00e4 keskustaan p\u00e4in putkea menee maan alle. Alkavalla viikolla ilmeisesti toinen ryhm\u00e4 aloittaa putkenlaittoa Ristiver\u00e4jist\u00e4 kohti Taivalkuntaa. Ojankaivuun yhteydess\u00e4 maan alta kaivautuu esiin kivi\u00e4. Jos sinulla on tarvetta tuon kokoisille kiville, niin ole yhteydess\u00e4 &hellip; <a href=\"https:\/\/www.nokiankylat.fi\/taivalkunta\/yhdistykset\/taivalkunnan-kylat-ry\/kylakirjeet-2025\/kylakirje-8-7-2025\/\">Jatkuu<\/a><\/p>\n","protected":false},"author":4,"featured_media":0,"parent":4965,"menu_order":0,"comment_status":"closed","ping_status":"closed","template":"","meta":{"_acf_changed":false,"footnotes":""},"class_list":["post-5006","page","type-page","status-publish","hentry"],"acf":[],"_links":{"self":[{"href":"https:\/\/www.nokiankylat.fi\/taivalkunta\/wp-json\/wp\/v2\/pages\/5006","targetHints":{"allow":["GET"]}}],"collection":[{"href":"https:\/\/www.nokiankylat.fi\/taivalkunta\/wp-json\/wp\/v2\/pages"}],"about":[{"href":"https:\/\/www.nokiankylat.fi\/taivalkunta\/wp-json\/wp\/v2\/types\/page"}],"author":[{"embeddable":true,"href":"https:\/\/www.nokiankylat.fi\/taivalkunta\/wp-json\/wp\/v2\/users\/4"}],"replies":[{"embeddable":true,"href":"https:\/\/www.nokiankylat.fi\/taivalkunta\/wp-json\/wp\/v2\/comments?post=5006"}],"version-history":[{"count":1,"href":"https:\/\/www.nokiankylat.fi\/taivalkunta\/wp-json\/wp\/v2\/pages\/5006\/revisions"}],"predecessor-version":[{"id":5007,"href":"https:\/\/www.nokiankylat.fi\/taivalkunta\/wp-json\/wp\/v2\/pages\/5006\/revisions\/5007"}],"up":[{"embeddable":true,"href":"https:\/\/www.nokiankylat.fi\/taivalkunta\/wp-json\/wp\/v2\/pages\/4965"}],"wp:attachment":[{"href":"https:\/\/www.nokiankylat.fi\/taivalkunta\/wp-json\/wp\/v2\/media?parent=5006"}],"curies":[{"name":"wp","href":"https:\/\/api.w.org\/{rel}","templated":true}]}}