{"id":698,"date":"2016-02-07T20:13:16","date_gmt":"2016-02-07T18:13:16","guid":{"rendered":"http:\/\/nokiankylat.wysiwyg.fi\/taivalkunta\/?page_id=698"},"modified":"2017-02-18T16:03:54","modified_gmt":"2017-02-18T14:03:54","slug":"valokuvat-2016","status":"publish","type":"page","link":"https:\/\/www.nokiankylat.fi\/taivalkunta\/kuvat\/valokuvia\/valokuvat-2016\/","title":{"rendered":"Valokuvat 2016"},"content":{"rendered":"<p>Kyl\u00e4yhdistys on arkistoinut t\u00e4nne vuoden mittaan\u00a0olleista tapahtumista valokuvia. Kyseienen galleria avautuu aina napsauttamalla p\u00e4iv\u00e4m\u00e4\u00e4r\u00e4\u00e4.<\/p>\n","protected":false},"excerpt":{"rendered":"<p>Kyl\u00e4yhdistys on arkistoinut t\u00e4nne vuoden mittaan\u00a0olleista tapahtumista valokuvia. Kyseienen galleria avautuu aina napsauttamalla p\u00e4iv\u00e4m\u00e4\u00e4r\u00e4\u00e4.<\/p>\n","protected":false},"author":4,"featured_media":0,"parent":342,"menu_order":0,"comment_status":"closed","ping_status":"closed","template":"","meta":{"_acf_changed":false,"footnotes":""},"class_list":["post-698","page","type-page","status-publish","hentry"],"acf":[],"_links":{"self":[{"href":"https:\/\/www.nokiankylat.fi\/taivalkunta\/wp-json\/wp\/v2\/pages\/698","targetHints":{"allow":["GET"]}}],"collection":[{"href":"https:\/\/www.nokiankylat.fi\/taivalkunta\/wp-json\/wp\/v2\/pages"}],"about":[{"href":"https:\/\/www.nokiankylat.fi\/taivalkunta\/wp-json\/wp\/v2\/types\/page"}],"author":[{"embeddable":true,"href":"https:\/\/www.nokiankylat.fi\/taivalkunta\/wp-json\/wp\/v2\/users\/4"}],"replies":[{"embeddable":true,"href":"https:\/\/www.nokiankylat.fi\/taivalkunta\/wp-json\/wp\/v2\/comments?post=698"}],"version-history":[{"count":20,"href":"https:\/\/www.nokiankylat.fi\/taivalkunta\/wp-json\/wp\/v2\/pages\/698\/revisions"}],"predecessor-version":[{"id":1952,"href":"https:\/\/www.nokiankylat.fi\/taivalkunta\/wp-json\/wp\/v2\/pages\/698\/revisions\/1952"}],"up":[{"embeddable":true,"href":"https:\/\/www.nokiankylat.fi\/taivalkunta\/wp-json\/wp\/v2\/pages\/342"}],"wp:attachment":[{"href":"https:\/\/www.nokiankylat.fi\/taivalkunta\/wp-json\/wp\/v2\/media?parent=698"}],"curies":[{"name":"wp","href":"https:\/\/api.w.org\/{rel}","templated":true}]}}