{"id":899,"date":"2016-02-28T16:33:35","date_gmt":"2016-02-28T14:33:35","guid":{"rendered":"http:\/\/www.nokiankylat.fi\/taivalkunta\/?page_id=899"},"modified":"2016-04-29T19:06:14","modified_gmt":"2016-04-29T16:06:14","slug":"historiaa","status":"publish","type":"page","link":"https:\/\/www.nokiankylat.fi\/taivalkunta\/kuvat\/historiaa\/","title":{"rendered":"Historiaa"},"content":{"rendered":"<p>Kyl\u00e4ll\u00e4 on ollut asutusta jo kivikaudella. Taivalkunnasta on kautta vuosisatojen l\u00e4htenyt liikkeelle kehityst\u00e4 ja my\u00f6hemm\u00e4ss\u00e4 vaiheessa edistyksellist\u00e4 teollisuutta.<\/p>\n","protected":false},"excerpt":{"rendered":"<p>Kyl\u00e4ll\u00e4 on ollut asutusta jo kivikaudella. Taivalkunnasta on kautta vuosisatojen l\u00e4htenyt liikkeelle kehityst\u00e4 ja my\u00f6hemm\u00e4ss\u00e4 vaiheessa edistyksellist\u00e4 teollisuutta.<\/p>\n","protected":false},"author":4,"featured_media":0,"parent":326,"menu_order":0,"comment_status":"closed","ping_status":"closed","template":"","meta":{"_acf_changed":false,"footnotes":""},"class_list":["post-899","page","type-page","status-publish","hentry"],"acf":[],"_links":{"self":[{"href":"https:\/\/www.nokiankylat.fi\/taivalkunta\/wp-json\/wp\/v2\/pages\/899","targetHints":{"allow":["GET"]}}],"collection":[{"href":"https:\/\/www.nokiankylat.fi\/taivalkunta\/wp-json\/wp\/v2\/pages"}],"about":[{"href":"https:\/\/www.nokiankylat.fi\/taivalkunta\/wp-json\/wp\/v2\/types\/page"}],"author":[{"embeddable":true,"href":"https:\/\/www.nokiankylat.fi\/taivalkunta\/wp-json\/wp\/v2\/users\/4"}],"replies":[{"embeddable":true,"href":"https:\/\/www.nokiankylat.fi\/taivalkunta\/wp-json\/wp\/v2\/comments?post=899"}],"version-history":[{"count":10,"href":"https:\/\/www.nokiankylat.fi\/taivalkunta\/wp-json\/wp\/v2\/pages\/899\/revisions"}],"predecessor-version":[{"id":1253,"href":"https:\/\/www.nokiankylat.fi\/taivalkunta\/wp-json\/wp\/v2\/pages\/899\/revisions\/1253"}],"up":[{"embeddable":true,"href":"https:\/\/www.nokiankylat.fi\/taivalkunta\/wp-json\/wp\/v2\/pages\/326"}],"wp:attachment":[{"href":"https:\/\/www.nokiankylat.fi\/taivalkunta\/wp-json\/wp\/v2\/media?parent=899"}],"curies":[{"name":"wp","href":"https:\/\/api.w.org\/{rel}","templated":true}]}}