{"id":907,"date":"2016-02-28T17:38:53","date_gmt":"2016-02-28T15:38:53","guid":{"rendered":"http:\/\/www.nokiankylat.fi\/taivalkunta\/?page_id=907"},"modified":"2016-02-28T18:37:08","modified_gmt":"2016-02-28T16:37:08","slug":"alastalo-ennen-ja-nyt","status":"publish","type":"page","link":"https:\/\/www.nokiankylat.fi\/taivalkunta\/kuvat\/historiaa\/alastalo-ennen-ja-nyt\/","title":{"rendered":"Alastalo ennen ja nyt"},"content":{"rendered":"<p>Alastalon historiaa Maritta Pahlmanin sanoin l\u00f6ytyy t\u00e4\u00e4lt\u00e4\u00a0<a href=\"https:\/\/www.nokiankylat.fi\/taivalkunta\/wp-content\/uploads\/sites\/11\/2016\/02\/ALASTALO-ENNEN-JA-NYT.pdf\" target=\"_blank\" rel=\"\">ALASTALO ENNEN JA NYT<\/a> (9 sivun PDF avautuu uuteen ikkunaan)<\/p>\n","protected":false},"excerpt":{"rendered":"<p>Alastalon historiaa Maritta Pahlmanin sanoin l\u00f6ytyy t\u00e4\u00e4lt\u00e4\u00a0ALASTALO ENNEN JA NYT (9 sivun PDF avautuu uuteen ikkunaan)<\/p>\n","protected":false},"author":4,"featured_media":0,"parent":899,"menu_order":0,"comment_status":"closed","ping_status":"closed","template":"","meta":{"_acf_changed":false,"footnotes":""},"class_list":["post-907","page","type-page","status-publish","hentry"],"acf":[],"_links":{"self":[{"href":"https:\/\/www.nokiankylat.fi\/taivalkunta\/wp-json\/wp\/v2\/pages\/907","targetHints":{"allow":["GET"]}}],"collection":[{"href":"https:\/\/www.nokiankylat.fi\/taivalkunta\/wp-json\/wp\/v2\/pages"}],"about":[{"href":"https:\/\/www.nokiankylat.fi\/taivalkunta\/wp-json\/wp\/v2\/types\/page"}],"author":[{"embeddable":true,"href":"https:\/\/www.nokiankylat.fi\/taivalkunta\/wp-json\/wp\/v2\/users\/4"}],"replies":[{"embeddable":true,"href":"https:\/\/www.nokiankylat.fi\/taivalkunta\/wp-json\/wp\/v2\/comments?post=907"}],"version-history":[{"count":4,"href":"https:\/\/www.nokiankylat.fi\/taivalkunta\/wp-json\/wp\/v2\/pages\/907\/revisions"}],"predecessor-version":[{"id":930,"href":"https:\/\/www.nokiankylat.fi\/taivalkunta\/wp-json\/wp\/v2\/pages\/907\/revisions\/930"}],"up":[{"embeddable":true,"href":"https:\/\/www.nokiankylat.fi\/taivalkunta\/wp-json\/wp\/v2\/pages\/899"}],"wp:attachment":[{"href":"https:\/\/www.nokiankylat.fi\/taivalkunta\/wp-json\/wp\/v2\/media?parent=907"}],"curies":[{"name":"wp","href":"https:\/\/api.w.org\/{rel}","templated":true}]}}

<p>Alastalon historiaa Maritta Pahlmanin sanoin löytyy täältä <a href="https://www.nokiankylat.fi/taivalkunta/wp-content/uploads/sites/11/2016/02/ALASTALO-ENNEN-JA-NYT.pdf" target="_blank" rel="">ALASTALO ENNEN JA NYT</a> (9 sivun PDF avautuu uuteen ikkunaan)</p>

<p>Alastalon historiaa Maritta Pahlmanin sanoin löytyy täältä ALASTALO ENNEN JA NYT (9 sivun PDF avautuu uuteen ikkunaan)</p>
