{"id":147,"date":"2017-01-04T10:46:51","date_gmt":"2017-01-04T08:46:51","guid":{"rendered":"http:\/\/www.nokiankylat.fi\/tottijarvi\/?page_id=147"},"modified":"2020-10-04T17:36:30","modified_gmt":"2020-10-04T14:36:30","slug":"kylalehti","status":"publish","type":"page","link":"https:\/\/www.nokiankylat.fi\/tottijarvi\/kylalehti\/","title":{"rendered":"Kyl\u00e4lehti"},"content":{"rendered":"<p>Tottij\u00e4rven Kyl\u00e4lehti ja Tottij\u00e4rvi-Seura ry ovat muuttaneet uudelle nettisivulle.<\/p>\n<p>Tervetuloa tutustumaan uusiin sivuihin!<\/p>\n<p><a href=\"https:\/\/www.tottijarvenkylalehti.org\/\">https:\/\/www.tottijarvenkylalehti.org\/<\/a><\/p>\n<p>&nbsp;<\/p>\n<p>&nbsp;<\/p>\n<p>&nbsp;<\/p>\n<p>&nbsp;<\/p>\n","protected":false},"excerpt":{"rendered":"<p>Tottij\u00e4rven Kyl\u00e4lehti ja Tottij\u00e4rvi-Seura ry ovat muuttaneet uudelle nettisivulle. Tervetuloa tutustumaan uusiin sivuihin! https:\/\/www.tottijarvenkylalehti.org\/ &nbsp; &nbsp; &nbsp; &nbsp;<\/p>\n","protected":false},"author":5,"featured_media":0,"parent":0,"menu_order":0,"comment_status":"closed","ping_status":"closed","template":"","meta":{"_acf_changed":false,"footnotes":""},"class_list":["post-147","page","type-page","status-publish","hentry"],"acf":[],"_links":{"self":[{"href":"https:\/\/www.nokiankylat.fi\/tottijarvi\/wp-json\/wp\/v2\/pages\/147","targetHints":{"allow":["GET"]}}],"collection":[{"href":"https:\/\/www.nokiankylat.fi\/tottijarvi\/wp-json\/wp\/v2\/pages"}],"about":[{"href":"https:\/\/www.nokiankylat.fi\/tottijarvi\/wp-json\/wp\/v2\/types\/page"}],"author":[{"embeddable":true,"href":"https:\/\/www.nokiankylat.fi\/tottijarvi\/wp-json\/wp\/v2\/users\/5"}],"replies":[{"embeddable":true,"href":"https:\/\/www.nokiankylat.fi\/tottijarvi\/wp-json\/wp\/v2\/comments?post=147"}],"version-history":[{"count":39,"href":"https:\/\/www.nokiankylat.fi\/tottijarvi\/wp-json\/wp\/v2\/pages\/147\/revisions"}],"predecessor-version":[{"id":277,"href":"https:\/\/www.nokiankylat.fi\/tottijarvi\/wp-json\/wp\/v2\/pages\/147\/revisions\/277"}],"wp:attachment":[{"href":"https:\/\/www.nokiankylat.fi\/tottijarvi\/wp-json\/wp\/v2\/media?parent=147"}],"curies":[{"name":"wp","href":"https:\/\/api.w.org\/{rel}","templated":true}]}}